From mboxrd@z Thu Jan 1 00:00:00 1970 From: osstest service owner Subject: [qemu-upstream-unstable test] 113162: tolerable FAIL - PUSHED Date: Sat, 09 Sep 2017 22:21:02 +0000 Message-ID: Mime-Version: 1.0 Content-Type: multipart/mixed; boundary="===============5393852184185931294==" Return-path: List-Unsubscribe: , List-Post: List-Help: List-Subscribe: , Errors-To: xen-devel-bounces@lists.xen.org Sender: "Xen-devel" To: xen-devel@lists.xensource.com, osstest-admin@xenproject.org List-Id: xen-devel@lists.xenproject.org --===============5393852184185931294== Content-Type: text/plain flight 113162 qemu-upstream-unstable real [real] http://logs.test-lab.xenproject.org/osstest/logs/113162/ Failures :-/ but no regressions. Tests which did not succeed, but are not blocking: test-armhf-armhf-libvirt 14 saverestore-support-check fail like 112419 test-amd64-i386-xl-qemuu-win7-amd64 18 guest-start/win.repeat fail like 112427 test-armhf-armhf-libvirt-xsm 14 saverestore-support-check fail like 112427 test-armhf-armhf-libvirt-raw 13 saverestore-support-check fail like 112427 test-amd64-amd64-xl-qemuu-ws16-amd64 10 windows-install fail never pass test-amd64-amd64-libvirt 13 migrate-support-check fail never pass test-amd64-i386-libvirt-xsm 13 migrate-support-check fail never pass test-amd64-i386-libvirt 13 migrate-support-check fail never pass test-amd64-amd64-libvirt-xsm 13 migrate-support-check fail never pass test-amd64-amd64-libvirt-qemuu-debianhvm-amd64-xsm 11 migrate-support-check fail never pass test-amd64-i386-libvirt-qcow2 12 migrate-support-check fail never pass test-armhf-armhf-xl-arndale 13 migrate-support-check fail never pass test-armhf-armhf-xl-arndale 14 saverestore-support-check fail never pass test-amd64-i386-libvirt-qemuu-debianhvm-amd64-xsm 11 migrate-support-check fail never pass test-amd64-amd64-libvirt-vhd 12 migrate-support-check fail never pass test-amd64-amd64-qemuu-nested-amd 17 debian-hvm-install/l1/l2 fail never pass test-armhf-armhf-xl-rtds 13 migrate-support-check fail never pass test-armhf-armhf-xl-rtds 14 saverestore-support-check fail never pass test-amd64-i386-xl-qemuu-ws16-amd64 13 guest-saverestore fail never pass test-armhf-armhf-xl-cubietruck 13 migrate-support-check fail never pass test-armhf-armhf-xl-cubietruck 14 saverestore-support-check fail never pass test-armhf-armhf-xl 13 migrate-support-check fail never pass test-armhf-armhf-xl 14 saverestore-support-check fail never pass test-armhf-armhf-xl-multivcpu 13 migrate-support-check fail never pass test-armhf-armhf-xl-credit2 13 migrate-support-check fail never pass test-armhf-armhf-xl-multivcpu 14 saverestore-support-check fail never pass test-armhf-armhf-xl-credit2 14 saverestore-support-check fail never pass test-armhf-armhf-libvirt-xsm 13 migrate-support-check fail never pass test-armhf-armhf-libvirt 13 migrate-support-check fail never pass test-armhf-armhf-libvirt-raw 12 migrate-support-check fail never pass test-armhf-armhf-xl-vhd 12 migrate-support-check fail never pass test-armhf-armhf-xl-vhd 13 saverestore-support-check fail never pass test-amd64-i386-xl-qemuu-win10-i386 10 windows-install fail never pass test-amd64-amd64-xl-qemuu-win10-i386 10 windows-install fail never pass test-armhf-armhf-xl-xsm 13 migrate-support-check fail never pass test-armhf-armhf-xl-xsm 14 saverestore-support-check fail never pass version targeted for testing: qemuu c349189772cec43498b0bec8a84146f10b8937af baseline version: qemuu c7c6232bd304568d4da4bef521603aae0035e172 Last test of basis 112427 2017-08-03 17:15:36 Z 37 days Testing same since 113153 2017-09-08 15:15:35 Z 1 days 2 attempts ------------------------------------------------------------ People who touched revisions under test: Aaron Larson Abdallah Bouassida Alberto Garcia Aleksandr Bezzubikov Alex Benneé Alex Bennée Alex Williamson Alexander Graf Alexey G Alexey Gerasimenko Alexey Kardashevskiy Alistair Francis Andrea Bolognani Andreas Grapentin Andreas Schwab Andrew Jones Anoob Soman Anthony Liguori Anthony PERARD Anthony Xu Anton Blanchard Anton Nefedov Ard Biesheuvel Ashish Mittal Ashish Mittal Aurelien Jarno Aviv Ben-David BALATON Zoltan Ben Warren Benjamin Herrenschmidt Bernhard Kaindl Bharata B Rao Boqun Feng (Intel) Brendan Shanks Brian Norris Bruce Rogers Bruno Dominguez Changlong Xie Chao Fan Chris Webb Christian Borntraeger Christian Borntraeger for the s390 part. Christoph Hellwig Claudio Imbrenda Cleber Rosa Corey Minyard Cornelia Huck Cornelia Huck Craig Jellick Cédric Le Goater Daniel Barboza Daniel Henrique Barboza Daniel P. Berrange Daniel Rempel Danil Antonov David Gibson David Gibson [ppc parts] David Hildenbrand Denis Plotnikov Denis V. Lunev Dong Jia Shi Doug Gale Dr. David Alan Gilbert Edgar E. Iglesias Eduardo Habkost Eduardo Otubo Emilio G. Cota Eric Auger Eric Bischoff Eric Blake Eric Farman Eugene (jno) Dvurechenski Fam Zheng Fan Zhang Farhan Ali Fei Li Felipe Franciosi Gabriel L. Somlo Gabriel Somlo Gabriel Somlo Geert Martin Ijewski Gerd Hoffmann Gerd Hoffmann Gonglei Greg Kurz Halil Pasic Hannes Reinecke Hannes Reinecke Haozhong Zhang He Chen Herongguang (Stephen) herongguang Hervé Poussineau Ian Jackson Ian McKellar Ian McKellar via Qemu-devel Igor Druzhinin Igor Mammedov Ishani Chugh James Hogan Jan Beulich Janosch Frank Jaroslaw Pelczar Jason J. Herne Jason Wang Jay Zhou Jeff Cody Jens Freimann Jens Freimann Jiang Biao Jing Liu Jing Zhang Joe Perches Joel Stanley John Arbuckle John Paul Adrian Glaubitz John Snow Jonathon Jongsma Jose Ricardo Ziviani Joseph Myers Juan Quintela Juergen Gross Kamil Rytarowski Kashyap Chamarthy Keith Busch Kevin Wolf Khem Raj Klim Kireev KONRAD Frederic KONRAD Frederic Krzysztof Kozlowski Ladi Prosek Laszlo Ersek Laurent Vivier Laurent Vivier Leo Gaspard Leon Alrae Li Ping Li Zhijian Lidong Chen Lluís Vilanova Longpeng(Mike) Luc MICHEL Malcolm Crossley Manos Pitsidianakis Mao Zhongyi Marc-André Lureau Marc-André Lureau Marcel Apfelbaum Mark Cave-Ayland Markus Armbruster Max Filippov Max Reitz Maxime Coquelin Michael Davidsaver Michael Roth Michael S. Tsirkin Michael Tokarev Michal Privoznik Mihail Abakumov Mike Cui Mikhail Sennikovskii Miloš Stojanović Miodrag Dinic Miroslav Benes Niels de Vos Nikunj A Dadhania otubo P J P Paolo Bonzini Paul Durrant Paul E. McKenney Pavel Dovgalyuk Peng Hao Peng Hao Peter Krempa Peter Lieven Peter Maydell Peter Xu Phil Dennis-Jordan Philipp Kern Philippe Mathieu-Daudé Philippe Voinov Portia Stephens Pranith Kumar Prasad J Pandit QingFeng Hao Richard Henderson Richard Henderson Richard W.M. Jones Riku Voipio Roman Kagan Roman Pen Ross Lagerwall Sai Pavan Boddu Sam Bobroff Sameeh Jubran Sameeh Jubran Samuel Brian Samuel Thibault Saurav Sachidanand Scott Wood Sergio Andres Gomez Del Real Sjors Gielen sochin.jiang sochin.jiang Stafford Horne Stefan Fritsch Stefan Hajnoczi Stefan Weil Stefano Stabellini Stefano Stabellini Stephen Bates Suraj Jitindar Singh Suramya Shah Tai Yunfang Tao Wu Tao Wu Thomas Huth Thomas Lamprecht Tim 'mithro' Ansell Tobias Schramm Tomáš Golembiovský Viktor Mihajlovski Vincent Bernat Vinzenz Feenstra Vladimir Sementsov-Ogievskiy Wang Yechao wanghaibin Wei Huang Wei Liu Wei Qi Wei Wang Wu Xiang Xiao Feng Ren Xiao Guangrong xiaoqiang zhao Xie Changlong Xiong Zhang Xu, Anthony Yang Chen Yang Zhong Yi Min Zhao Yongbok Kim Yu Ning Yunjian Wang Zhang Chen zhanghailiang Zhi Yong Wu Zhiyong Yang Zihan Yang jobs: build-amd64-xsm pass build-armhf-xsm pass build-i386-xsm pass build-amd64 pass build-armhf pass build-i386 pass build-amd64-libvirt pass build-armhf-libvirt pass build-i386-libvirt pass build-amd64-pvops pass build-armhf-pvops pass build-i386-pvops pass test-amd64-amd64-xl pass test-armhf-armhf-xl pass test-amd64-i386-xl pass test-amd64-amd64-libvirt-qemuu-debianhvm-amd64-xsm pass test-amd64-i386-libvirt-qemuu-debianhvm-amd64-xsm pass test-amd64-amd64-xl-qemuu-debianhvm-amd64-xsm pass test-amd64-i386-xl-qemuu-debianhvm-amd64-xsm pass test-amd64-amd64-libvirt-xsm pass test-armhf-armhf-libvirt-xsm pass test-amd64-i386-libvirt-xsm pass test-amd64-amd64-xl-xsm pass test-armhf-armhf-xl-xsm pass test-amd64-i386-xl-xsm pass test-amd64-amd64-qemuu-nested-amd fail test-amd64-amd64-xl-pvh-amd pass test-amd64-i386-qemuu-rhel6hvm-amd pass test-amd64-amd64-xl-qemuu-debianhvm-amd64 pass test-amd64-i386-xl-qemuu-debianhvm-amd64 pass test-amd64-i386-freebsd10-amd64 pass test-amd64-amd64-xl-qemuu-ovmf-amd64 pass test-amd64-i386-xl-qemuu-ovmf-amd64 pass test-amd64-amd64-xl-qemuu-win7-amd64 pass test-amd64-i386-xl-qemuu-win7-amd64 fail test-amd64-amd64-xl-qemuu-ws16-amd64 fail test-amd64-i386-xl-qemuu-ws16-amd64 fail test-armhf-armhf-xl-arndale pass test-amd64-amd64-xl-credit2 pass test-armhf-armhf-xl-credit2 pass test-armhf-armhf-xl-cubietruck pass test-amd64-i386-freebsd10-i386 pass test-amd64-amd64-xl-qemuu-win10-i386 fail test-amd64-i386-xl-qemuu-win10-i386 fail test-amd64-amd64-qemuu-nested-intel pass test-amd64-amd64-xl-pvh-intel pass test-amd64-i386-qemuu-rhel6hvm-intel pass test-amd64-amd64-libvirt pass test-armhf-armhf-libvirt pass test-amd64-i386-libvirt pass test-amd64-amd64-xl-multivcpu pass test-armhf-armhf-xl-multivcpu pass test-amd64-amd64-pair pass test-amd64-i386-pair pass test-amd64-amd64-libvirt-pair pass test-amd64-i386-libvirt-pair pass test-amd64-amd64-amd64-pvgrub pass test-amd64-amd64-i386-pvgrub pass test-amd64-amd64-pygrub pass test-amd64-i386-libvirt-qcow2 pass test-amd64-amd64-xl-qcow2 pass test-armhf-armhf-libvirt-raw pass test-amd64-i386-xl-raw pass test-amd64-amd64-xl-rtds pass test-armhf-armhf-xl-rtds pass test-amd64-amd64-libvirt-vhd pass test-armhf-armhf-xl-vhd pass ------------------------------------------------------------ sg-report-flight on osstest.test-lab.xenproject.org logs: /home/logs/logs images: /home/logs/images Logs, config files, etc. are available at http://logs.test-lab.xenproject.org/osstest/logs Explanation of these reports, and of osstest in general, is at http://xenbits.xen.org/gitweb/?p=osstest.git;a=blob;f=README.email;hb=master http://xenbits.xen.org/gitweb/?p=osstest.git;a=blob;f=README;hb=master Test harness code can be found at http://xenbits.xen.org/gitweb?p=osstest.git;a=summary Pushing revision : + branch=qemu-upstream-unstable + revision=c349189772cec43498b0bec8a84146f10b8937af + . ./cri-lock-repos ++ . ./cri-common +++ . ./cri-getconfig ++++ export PERLLIB=.:. ++++ PERLLIB=.:. +++ umask 002 +++ getrepos ++++ getconfig Repos ++++ perl -e ' use Osstest; readglobalconfig(); print $c{"Repos"} or die $!; ' +++ local repos=/home/osstest/repos +++ '[' -z /home/osstest/repos ']' +++ '[' '!' -d /home/osstest/repos ']' +++ echo /home/osstest/repos ++ repos=/home/osstest/repos ++ repos_lock=/home/osstest/repos/lock ++ '[' x '!=' x/home/osstest/repos/lock ']' ++ OSSTEST_REPOS_LOCK_LOCKED=/home/osstest/repos/lock ++ exec with-lock-ex -w /home/osstest/repos/lock ./ap-push qemu-upstream-unstable c349189772cec43498b0bec8a84146f10b8937af + branch=qemu-upstream-unstable + revision=c349189772cec43498b0bec8a84146f10b8937af + . ./cri-lock-repos ++ . ./cri-common +++ . ./cri-getconfig ++++ export PERLLIB=.:.:. ++++ PERLLIB=.:.:. +++ umask 002 +++ getrepos ++++ getconfig Repos ++++ perl -e ' use Osstest; readglobalconfig(); print $c{"Repos"} or die $!; ' +++ local repos=/home/osstest/repos +++ '[' -z /home/osstest/repos ']' +++ '[' '!' -d /home/osstest/repos ']' +++ echo /home/osstest/repos ++ repos=/home/osstest/repos ++ repos_lock=/home/osstest/repos/lock ++ '[' x/home/osstest/repos/lock '!=' x/home/osstest/repos/lock ']' + . ./cri-common ++ . ./cri-getconfig +++ export PERLLIB=.:.:.:. +++ PERLLIB=.:.:.:. ++ umask 002 + select_xenbranch + case "$branch" in + tree=qemuu + xenbranch=xen-unstable + '[' xqemuu = xlinux ']' + linuxbranch= + '[' x = x ']' + qemuubranch=qemu-upstream-unstable + select_prevxenbranch ++ ./cri-getprevxenbranch xen-unstable + prevxenbranch=xen-4.9-testing + '[' xc349189772cec43498b0bec8a84146f10b8937af = x ']' + : tested/2.6.39.x + . ./ap-common ++ : osstest@xenbits.xen.org +++ getconfig OsstestUpstream +++ perl -e ' use Osstest; readglobalconfig(); print $c{"OsstestUpstream"} or die $!; ' ++ : ++ : git://xenbits.xen.org/xen.git ++ : osstest@xenbits.xen.org:/home/xen/git/xen.git ++ : git://xenbits.xen.org/qemu-xen-traditional.git ++ : git://git.kernel.org ++ : git://git.kernel.org/pub/scm/linux/kernel/git ++ : git ++ : git://xenbits.xen.org/xtf.git ++ : osstest@xenbits.xen.org:/home/xen/git/xtf.git ++ : git://xenbits.xen.org/xtf.git ++ : git://xenbits.xen.org/libvirt.git ++ : osstest@xenbits.xen.org:/home/xen/git/libvirt.git ++ : git://xenbits.xen.org/libvirt.git ++ : git://xenbits.xen.org/osstest/rumprun.git ++ : git ++ : git://xenbits.xen.org/osstest/rumprun.git ++ : osstest@xenbits.xen.org:/home/xen/git/osstest/rumprun.git ++ : git://git.seabios.org/seabios.git ++ : osstest@xenbits.xen.org:/home/xen/git/osstest/seabios.git ++ : git://xenbits.xen.org/osstest/seabios.git ++ : https://github.com/tianocore/edk2.git ++ : osstest@xenbits.xen.org:/home/xen/git/osstest/ovmf.git ++ : git://xenbits.xen.org/osstest/ovmf.git ++ : git://xenbits.xen.org/osstest/linux-firmware.git ++ : osstest@xenbits.xen.org:/home/osstest/ext/linux-firmware.git ++ : git://git.kernel.org/pub/scm/linux/kernel/git/firmware/linux-firmware.git ++ : osstest@xenbits.xen.org:/home/xen/git/linux-pvops.git ++ : git://xenbits.xen.org/linux-pvops.git ++ : tested/linux-4.9 ++ : tested/linux-arm-xen ++ '[' xgit://xenbits.xen.org/linux-pvops.git = x ']' ++ '[' x = x ']' ++ : git://xenbits.xen.org/linux-pvops.git ++ : tested/linux-arm-xen ++ : git://git.kernel.org/pub/scm/linux/kernel/git/konrad/xen.git ++ : tested/2.6.39.x ++ : daily-cron.qemu-upstream-unstable ++ : daily-cron.qemu-upstream-unstable ++ : daily-cron.qemu-upstream-unstable ++ : daily-cron.qemu-upstream-unstable ++ : daily-cron.qemu-upstream-unstable ++ : daily-cron.qemu-upstream-unstable ++ : daily-cron.qemu-upstream-unstable ++ : http://hg.uk.xensource.com/carbon/trunk/linux-2.6.27 ++ : git://xenbits.xen.org/qemu-xen.git ++ : osstest@xenbits.xen.org:/home/xen/git/qemu-xen.git ++ : daily-cron.qemu-upstream-unstable ++ : git://xenbits.xen.org/qemu-xen.git ++ : git://git.qemu.org/qemu.git + TREE_LINUX=osstest@xenbits.xen.org:/home/xen/git/linux-pvops.git + TREE_QEMU_UPSTREAM=osstest@xenbits.xen.org:/home/xen/git/qemu-xen.git + TREE_XEN=osstest@xenbits.xen.org:/home/xen/git/xen.git + TREE_LIBVIRT=osstest@xenbits.xen.org:/home/xen/git/libvirt.git + TREE_RUMPRUN=osstest@xenbits.xen.org:/home/xen/git/osstest/rumprun.git + TREE_SEABIOS=osstest@xenbits.xen.org:/home/xen/git/osstest/seabios.git + TREE_OVMF=osstest@xenbits.xen.org:/home/xen/git/osstest/ovmf.git + TREE_XTF=osstest@xenbits.xen.org:/home/xen/git/xtf.git + info_linux_tree qemu-upstream-unstable + case $1 in + return 1 + case "$branch" in + cd /home/osstest/repos/qemu-upstream-unstable + git push osstest@xenbits.xen.org:/home/xen/git/qemu-xen.git c349189772cec43498b0bec8a84146f10b8937af:refs/heads/master To osstest@xenbits.xen.org:/home/xen/git/qemu-xen.git c7c6232..c349189 c349189772cec43498b0bec8a84146f10b8937af -> master --===============5393852184185931294== Content-Type: text/plain; charset="utf-8" MIME-Version: 1.0 Content-Transfer-Encoding: base64 Content-Disposition: inline X19fX19fX19fX19fX19fX19fX19fX19fX19fX19fX19fX19fX19fX19fX19fX18KWGVuLWRldmVs IG1haWxpbmcgbGlzdApYZW4tZGV2ZWxAbGlzdHMueGVuLm9yZwpodHRwczovL2xpc3RzLnhlbi5v cmcveGVuLWRldmVsCg== --===============5393852184185931294==--