xen-devel.lists.xenproject.org archive mirror
 help / color / mirror / Atom feed
* [qemu-upstream-unstable test] 113162: tolerable FAIL - PUSHED
@ 2017-09-09 22:21 osstest service owner
  0 siblings, 0 replies; only message in thread
From: osstest service owner @ 2017-09-09 22:21 UTC (permalink / raw)
  To: xen-devel, osstest-admin

[-- Attachment #1: Type: text/plain, Size: 24081 bytes --]

flight 113162 qemu-upstream-unstable real [real]
http://logs.test-lab.xenproject.org/osstest/logs/113162/

Failures :-/ but no regressions.

Tests which did not succeed, but are not blocking:
 test-armhf-armhf-libvirt     14 saverestore-support-check    fail  like 112419
 test-amd64-i386-xl-qemuu-win7-amd64 18 guest-start/win.repeat fail like 112427
 test-armhf-armhf-libvirt-xsm 14 saverestore-support-check    fail  like 112427
 test-armhf-armhf-libvirt-raw 13 saverestore-support-check    fail  like 112427
 test-amd64-amd64-xl-qemuu-ws16-amd64 10 windows-install        fail never pass
 test-amd64-amd64-libvirt     13 migrate-support-check        fail   never pass
 test-amd64-i386-libvirt-xsm  13 migrate-support-check        fail   never pass
 test-amd64-i386-libvirt      13 migrate-support-check        fail   never pass
 test-amd64-amd64-libvirt-xsm 13 migrate-support-check        fail   never pass
 test-amd64-amd64-libvirt-qemuu-debianhvm-amd64-xsm 11 migrate-support-check fail never pass
 test-amd64-i386-libvirt-qcow2 12 migrate-support-check        fail  never pass
 test-armhf-armhf-xl-arndale  13 migrate-support-check        fail   never pass
 test-armhf-armhf-xl-arndale  14 saverestore-support-check    fail   never pass
 test-amd64-i386-libvirt-qemuu-debianhvm-amd64-xsm 11 migrate-support-check fail never pass
 test-amd64-amd64-libvirt-vhd 12 migrate-support-check        fail   never pass
 test-amd64-amd64-qemuu-nested-amd 17 debian-hvm-install/l1/l2  fail never pass
 test-armhf-armhf-xl-rtds     13 migrate-support-check        fail   never pass
 test-armhf-armhf-xl-rtds     14 saverestore-support-check    fail   never pass
 test-amd64-i386-xl-qemuu-ws16-amd64 13 guest-saverestore       fail never pass
 test-armhf-armhf-xl-cubietruck 13 migrate-support-check        fail never pass
 test-armhf-armhf-xl-cubietruck 14 saverestore-support-check    fail never pass
 test-armhf-armhf-xl          13 migrate-support-check        fail   never pass
 test-armhf-armhf-xl          14 saverestore-support-check    fail   never pass
 test-armhf-armhf-xl-multivcpu 13 migrate-support-check        fail  never pass
 test-armhf-armhf-xl-credit2  13 migrate-support-check        fail   never pass
 test-armhf-armhf-xl-multivcpu 14 saverestore-support-check    fail  never pass
 test-armhf-armhf-xl-credit2  14 saverestore-support-check    fail   never pass
 test-armhf-armhf-libvirt-xsm 13 migrate-support-check        fail   never pass
 test-armhf-armhf-libvirt     13 migrate-support-check        fail   never pass
 test-armhf-armhf-libvirt-raw 12 migrate-support-check        fail   never pass
 test-armhf-armhf-xl-vhd      12 migrate-support-check        fail   never pass
 test-armhf-armhf-xl-vhd      13 saverestore-support-check    fail   never pass
 test-amd64-i386-xl-qemuu-win10-i386 10 windows-install         fail never pass
 test-amd64-amd64-xl-qemuu-win10-i386 10 windows-install        fail never pass
 test-armhf-armhf-xl-xsm      13 migrate-support-check        fail   never pass
 test-armhf-armhf-xl-xsm      14 saverestore-support-check    fail   never pass

version targeted for testing:
 qemuu                c349189772cec43498b0bec8a84146f10b8937af
baseline version:
 qemuu                c7c6232bd304568d4da4bef521603aae0035e172

Last test of basis   112427  2017-08-03 17:15:36 Z   37 days
Testing same since   113153  2017-09-08 15:15:35 Z    1 days    2 attempts

------------------------------------------------------------
People who touched revisions under test:
  Aaron Larson <alarson@ddci.com>
  Abdallah Bouassida <abdallah.bouassida@lauterbach.com>
  Alberto Garcia <berto@igalia.com>
  Aleksandr Bezzubikov <zuban32s@gmail.com>
  Alex Benneé <alex.benee@linaro.org>
  Alex Bennée <alex.bennee@linaro.org>
  Alex Williamson <alex.williamson@redhat.com>
  Alexander Graf <agraf@suse.de>
  Alexey G <x1917x@gmail.com>
  Alexey Gerasimenko <x1917x@gmail.com>
  Alexey Kardashevskiy <aik@ozlabs.ru>
  Alistair Francis <alistair.francis@xilinx.com>
  Andrea Bolognani <abologna@redhat.com>
  Andreas Grapentin <andreas@grapentin.org>
  Andreas Schwab <schwab@suse.de>
  Andrew Jones <drjones@redhat.com>
  Anoob Soman <anoob.soman@citrix.com>
  Anthony Liguori <aliguori@us.ibm.com>
  Anthony PERARD <anthony.perard@citrix.com>
  Anthony Xu <anthony.xu@intel.com>
  Anton Blanchard <anton@samba.org>
  Anton Nefedov <anton.nefedov@virtuozzo.com>
  Ard Biesheuvel <ard.biesheuvel@linaro.org>
  Ashish Mittal <Ashish.Mittal@veritas.com>
  Ashish Mittal <ashmit602@gmail.com>
  Aurelien Jarno <aurelien@aurel32.net>
  Aviv Ben-David <bdaviv@cs.technion.ac.il>
  BALATON Zoltan <balaton@eik.bme.hu>
  Ben Warren <ben@skyportsystems.com>
  Benjamin Herrenschmidt <benh@kernel.crashing.org>
  Bernhard Kaindl <bernhard.kaindl@thalesgroup.com>
  Bharata B Rao <bharata@linux.vnet.ibm.com>
  Boqun Feng (Intel) <boqun.feng@gmail.com>
  Brendan Shanks <brendan@bslabs.net>
  Brian Norris <computersforpeace@gmail.com>
  Bruce Rogers <brogers@suse.com>
  Bruno Dominguez <bru.dominguez@gmail.com>
  Changlong Xie <xiecl.fnst@cn.fujitsu.com>
  Chao Fan <fanc.fnst@cn.fujitsu.com>
  Chris Webb <chris@arachsys.com>
  Christian Borntraeger <borntraeger@de.ibm.com>
  Christian Borntraeger <borntraeger@de.ibm.com> for the s390 part.
  Christoph Hellwig <hch@lst.de>
  Claudio Imbrenda <imbrenda@linux.vnet.ibm.com>
  Cleber Rosa <crosa@redhat.com>
  Corey Minyard <cminyard@mvista.com>
  Cornelia Huck <cohuck@redhat.com>
  Cornelia Huck <cornelia.huck@de.ibm.com>
  Craig Jellick <craig@rancher.com>
  Cédric Le Goater <clg@kaod.org>
  Daniel Barboza <danielhb@linux.vnet.ibm.com>
  Daniel Henrique Barboza <danielhb@linux.vnet.ibm.com>
  Daniel P. Berrange <berrange@redhat.com>
  Daniel Rempel <daniel@daynix.com>
  Danil Antonov <g.danil.anto@gmail.com>
  David Gibson <david@gibson.dropbear.id.au>
  David Gibson <david@gibson.dropbear.id.au> [ppc parts]
  David Hildenbrand <david@redhat.com>
  Denis Plotnikov <dplotnikov@virtuozzo.com>
  Denis V. Lunev <den@openvz.org>
  Dong Jia Shi <bjsdjshi@linux.vnet.ibm.com>
  Doug Gale <doug16k@gmail.com>
  Dr. David Alan Gilbert <dgilbert@redhat.com>
  Edgar E. Iglesias <edgar.iglesias@xilinx.com>
  Eduardo Habkost <ehabkost@redhat.com>
  Eduardo Otubo <otubo@redhat.com>
  Emilio G. Cota <cota@braap.org>
  Eric Auger <eric.auger@redhat.com>
  Eric Bischoff <ebischoff@nerim.net>
  Eric Blake <eblake@redhat.com>
  Eric Farman <farman@linux.vnet.ibm.com>
  Eugene (jno) Dvurechenski <jno@linux.vnet.ibm.com>
  Fam Zheng <famz@redhat.com>
  Fan Zhang <zhangfan@linux.vnet.ibm.com>
  Farhan Ali <alifm@linux.vnet.ibm.com>
  Fei Li <sherrylf@linux.vnet.ibm.com>
  Felipe Franciosi <felipe@nutanix.com>
  Gabriel L. Somlo <gsomlo@gmail.com>
  Gabriel Somlo <gsomlo@gmail.com>
  Gabriel Somlo <somlo@cmu.edu>
  Geert Martin Ijewski <gm.ijewski@web.de>
  Gerd Hoffmann <kraxel@gmail.com>
  Gerd Hoffmann <kraxel@redhat.com>
  Gonglei <arei.gonglei@huawei.com>
  Greg Kurz <groug@kaod.org>
  Halil Pasic <pasic@linux.vnet.ibm.com>
  Hannes Reinecke <hare@suse.com>
  Hannes Reinecke <hare@suse.de>
  Haozhong Zhang <haozhong.zhang@intel.com>
  He Chen <he.chen@linux.intel.com>
  Herongguang (Stephen) <herongguang.he@huawei.com>
  herongguang <herongguang.he@huawei.com>
  Hervé Poussineau <hpoussin@reactos.org>
  Ian Jackson <ian.jackson@eu.citrix.com>
  Ian McKellar <ianloic@google.com>
  Ian McKellar via Qemu-devel <qemu-devel@nongnu.org>
  Igor Druzhinin <igor.druzhinin@citrix.com>
  Igor Mammedov <imammedo@redhat.com>
  Ishani Chugh <chugh.ishani@research.iiit.ac.in>
  James Hogan <james.hogan@imgtec.com>
  Jan Beulich <jbeulich@suse.com>
  Janosch Frank <frankja@linux.vnet.ibm.com>
  Jaroslaw Pelczar <j.pelczar@samsung.com>
  Jason J. Herne <jjherne@linux.vnet.ibm.com>
  Jason Wang <jasowang@redhat.com>
  Jay Zhou <jianjay.zhou@huawei.com>
  Jeff Cody <jcody@redhat.com>
  Jens Freimann <jfreiman@redhat.com>
  Jens Freimann <jfreimann@redhat.com>
  Jiang Biao <jiang.biao2@zte.com.cn>
  Jing Liu <liujbjl@linux.vnet.ibm.com>
  Jing Zhang <bjzhjing@linux.vnet.ibm.com>
  Joe Perches <joe@perches.com>
  Joel Stanley <joel@jms.id.au>
  John Arbuckle <programmingkidx@gmail.com>
  John Paul Adrian Glaubitz <glaubitz@physik.fu-berlin.de>
  John Snow <jsnow@redhat.com>
  Jonathon Jongsma <jjongsma@redhat.com>
  Jose Ricardo Ziviani <joserz@linux.vnet.ibm.com>
  Joseph Myers <joseph@codesourcery.com>
  Juan Quintela <quintela@redhat.com>
  Juergen Gross <jgross@suse.com>
  Kamil Rytarowski <n54@gmx.com>
  Kashyap Chamarthy <kchamart@redhat.com>
  Keith Busch <keith.busch@intel.com>
  Kevin Wolf <kwolf@redhat.com>
  Khem Raj <raj.khem@gmail.com>
  Klim Kireev <proffk@virtuozzo.mipt.ru>
  KONRAD Frederic <fred.konrad@greensocs.com>
  KONRAD Frederic <frederic.konrad@adacore.com>
  Krzysztof Kozlowski <krzk@kernel.org>
  Ladi Prosek <lprosek@redhat.com>
  Laszlo Ersek <lersek@redhat.com>
  Laurent Vivier <laurent@vivier.eu>
  Laurent Vivier <lvivier@redhat.com>
  Leo Gaspard <leo@gaspard.io>
  Leon Alrae <leon.alrae@imgtec.com>
  Li Ping <li.ping288@zte.com.cn>
  Li Zhijian <lizhijian@cn.fujitsu.com>
  Lidong Chen <lidongchen@tencent.com>
  Lluís Vilanova <vilanova@ac.upc.edu>
  Longpeng(Mike) <longpeng2@huawei.com>
  Luc MICHEL <luc.michel@git.antfield.fr>
  Malcolm Crossley <malcolm@nutanix.com>
  Manos Pitsidianakis <el13635@mail.ntua.gr>
  Mao Zhongyi <maozy.fnst@cn.fujitsu.com>
  Marc-André Lureau <marcandre.lureau@redhat.com>
  Marc-André Lureau <marcandre.lureau@redhat.com>
  Marcel Apfelbaum <marcel@redhat.com>
  Mark Cave-Ayland <mark.cave-ayland@ilande.co.uk>
  Markus Armbruster <armbru@redhat.com>
  Max Filippov <jcmvbkbc@gmail.com>
  Max Reitz <mreitz@redhat.com>
  Maxime Coquelin <maxime.coquelin@redhat.com>
  Michael Davidsaver <mdavidsaver@gmail.com>
  Michael Roth <mdroth@linux.vnet.ibm.com>
  Michael S. Tsirkin <mst@redhat.com>
  Michael Tokarev <mjt@tls.msk.ru>
  Michal Privoznik <mprivozn@redhat.com>
  Mihail Abakumov <mikhail.abakumov@ispras.ru>
  Mike Cui <cui@nutanix.com>
  Mikhail Sennikovskii <mikhail.sennikovskii@profitbricks.com>
  Miloš Stojanović <Milos.Stojanovic@rt-rk.com>
  Miodrag Dinic <miodrag.dinic@imgtec.com>
  Miroslav Benes <mbenes@suse.cz>
  Niels de Vos <ndevos@redhat.com>
  Nikunj A Dadhania <nikunj@linux.vnet.ibm.com>
  otubo <otubo@redhat.com>
  P J P <ppandit@redhat.com>
  Paolo Bonzini <pbonzini@redhat.com>
  Paul Durrant <paul.durrant@citrix.com>
  Paul E. McKenney <paulmck@linux.vnet.ibm.com>
  Pavel Dovgalyuk <pavel.dovgaluk@ispras.ru>
  Peng Hao <peng.hao2@zte.com.cn>
  Peng Hao<peng.hao2@zte.com.cn>
  Peter Krempa <pkrempa@redhat.com>
  Peter Lieven <pl@kamp.de>
  Peter Maydell <peter.maydell@linaro.org>
  Peter Xu <peterx@redhat.com>
  Phil Dennis-Jordan <phil@philjordan.eu>
  Philipp Kern <phil@philkern.de>
  Philippe Mathieu-Daudé <f4bug@amsat.org>
  Philippe Voinov <philippevoinov@gmail.com>
  Portia Stephens <portia.stephens@xilinx.com>
  Pranith Kumar <bobby.prani@gmail.com>
  Prasad J Pandit <pjp@fedoraproject.org>
  QingFeng Hao <haoqf@linux.vnet.ibm.com>
  Richard Henderson <richard.henderson@linaro.org>
  Richard Henderson <rth@twiddle.net>
  Richard W.M. Jones <rjones@redhat.com>
  Riku Voipio <riku.voipio@linaro.org>
  Roman Kagan <rkagan@virtuozzo.com>
  Roman Pen <roman.penyaev@profitbricks.com>
  Ross Lagerwall <ross.lagerwall@citrix.com>
  Sai Pavan Boddu <saipava@xilinx.com>
  Sam Bobroff <sam.bobroff@au1.ibm.com>
  Sameeh Jubran <sameeh@daynix.com>
  Sameeh Jubran <sjubran@redhat.com>
  Samuel Brian <sam.brian@accelerated.com>
  Samuel Thibault <samuel.thibault@ens-lyon.org>
  Saurav Sachidanand <sauravsachidanand@gmail.com>
  Scott Wood <oss@buserror.net>
  Sergio Andres Gomez Del Real <Sergio.G.DelReal@gmail.com>
  Sjors Gielen <sjors@sjorsgielen.nl>
  sochin.jiang <sochin.jiang@huawei.com>
  sochin.jiang <sochin@aliyun.com>
  Stafford Horne <shorne@gmail.com>
  Stefan Fritsch <sf@sfritsch.de>
  Stefan Hajnoczi <stefanha@redhat.com>
  Stefan Weil <sw@weilnetz.de>
  Stefano Stabellini <sstabellini@kernel.org>
  Stefano Stabellini <stefano@aporeto.com>
  Stephen Bates <sbates@raithlin.com>
  Suraj Jitindar Singh <sjitindarsingh@gmail.com>
  Suramya Shah <shah.suramya@gmail.com>
  Tai Yunfang <yunfangtai@tencent.com>
  Tao Wu <lepton@google.com>
  Tao Wu <ytht.net@gmail.com>
  Thomas Huth <thuth@redhat.com>
  Thomas Lamprecht <t.lamprecht@proxmox.com>
  Tim 'mithro' Ansell <mithro@mithis.com>
  Tobias Schramm <tobleminer@gmail.com>
  Tomáš Golembiovský <tgolembi@redhat.com>
  Viktor Mihajlovski <mihajlov@linux.vnet.ibm.com>
  Vincent Bernat <vincent@bernat.im>
  Vinzenz Feenstra <vfeenstr@redhat.com>
  Vladimir Sementsov-Ogievskiy <vsementsov@virtuozzo.com>
  Wang Yechao <wang.yechao255@zte.com.cn>
  wanghaibin <wanghaibin.wang@huawei.com>
  Wei Huang <wei@redhat.com>
  Wei Liu <wei.liu2@citrix.com>
  Wei Qi <weiqi4@huawei.com>
  Wei Wang <wei.w.wang@intel.com>
  Wu Xiang <willx8@gmail.com>
  Xiao Feng Ren <renxiaof@linux.vnet.ibm.com>
  Xiao Guangrong <xiaoguangrong@tencent.com>
  xiaoqiang zhao <zxq_yx_007@163.com>
  Xie Changlong <xiecl.fnst@cn.fujitsu.com>
  Xiong Zhang <xiong.y.zhang@intel.com>
  Xu, Anthony <anthony.xu@intel.com>
  Yang Chen <bjcyang@linux.vnet.ibm.com>
  Yang Zhong <yang.zhong@intel.com>
  Yi Min Zhao <zyimin@linux.vnet.ibm.com>
  Yongbok Kim <yongbok.kim@imgtec.com>
  Yu Ning <yu.ning@linux.intel.com>
  Yunjian Wang <wangyunjian@huawei.com>
  Zhang Chen <zhangchen.fnst@cn.fujitsu.com>
  zhanghailiang <zhang.zhanghailiang@huawei.com>
  Zhi Yong Wu <zhiyong.wu@ucloud.cn>
  Zhiyong Yang <zhiyong.yang@intel.com>
  Zihan Yang <tgnyang@gmail.com>

jobs:
 build-amd64-xsm                                              pass    
 build-armhf-xsm                                              pass    
 build-i386-xsm                                               pass    
 build-amd64                                                  pass    
 build-armhf                                                  pass    
 build-i386                                                   pass    
 build-amd64-libvirt                                          pass    
 build-armhf-libvirt                                          pass    
 build-i386-libvirt                                           pass    
 build-amd64-pvops                                            pass    
 build-armhf-pvops                                            pass    
 build-i386-pvops                                             pass    
 test-amd64-amd64-xl                                          pass    
 test-armhf-armhf-xl                                          pass    
 test-amd64-i386-xl                                           pass    
 test-amd64-amd64-libvirt-qemuu-debianhvm-amd64-xsm           pass    
 test-amd64-i386-libvirt-qemuu-debianhvm-amd64-xsm            pass    
 test-amd64-amd64-xl-qemuu-debianhvm-amd64-xsm                pass    
 test-amd64-i386-xl-qemuu-debianhvm-amd64-xsm                 pass    
 test-amd64-amd64-libvirt-xsm                                 pass    
 test-armhf-armhf-libvirt-xsm                                 pass    
 test-amd64-i386-libvirt-xsm                                  pass    
 test-amd64-amd64-xl-xsm                                      pass    
 test-armhf-armhf-xl-xsm                                      pass    
 test-amd64-i386-xl-xsm                                       pass    
 test-amd64-amd64-qemuu-nested-amd                            fail    
 test-amd64-amd64-xl-pvh-amd                                  pass    
 test-amd64-i386-qemuu-rhel6hvm-amd                           pass    
 test-amd64-amd64-xl-qemuu-debianhvm-amd64                    pass    
 test-amd64-i386-xl-qemuu-debianhvm-amd64                     pass    
 test-amd64-i386-freebsd10-amd64                              pass    
 test-amd64-amd64-xl-qemuu-ovmf-amd64                         pass    
 test-amd64-i386-xl-qemuu-ovmf-amd64                          pass    
 test-amd64-amd64-xl-qemuu-win7-amd64                         pass    
 test-amd64-i386-xl-qemuu-win7-amd64                          fail    
 test-amd64-amd64-xl-qemuu-ws16-amd64                         fail    
 test-amd64-i386-xl-qemuu-ws16-amd64                          fail    
 test-armhf-armhf-xl-arndale                                  pass    
 test-amd64-amd64-xl-credit2                                  pass    
 test-armhf-armhf-xl-credit2                                  pass    
 test-armhf-armhf-xl-cubietruck                               pass    
 test-amd64-i386-freebsd10-i386                               pass    
 test-amd64-amd64-xl-qemuu-win10-i386                         fail    
 test-amd64-i386-xl-qemuu-win10-i386                          fail    
 test-amd64-amd64-qemuu-nested-intel                          pass    
 test-amd64-amd64-xl-pvh-intel                                pass    
 test-amd64-i386-qemuu-rhel6hvm-intel                         pass    
 test-amd64-amd64-libvirt                                     pass    
 test-armhf-armhf-libvirt                                     pass    
 test-amd64-i386-libvirt                                      pass    
 test-amd64-amd64-xl-multivcpu                                pass    
 test-armhf-armhf-xl-multivcpu                                pass    
 test-amd64-amd64-pair                                        pass    
 test-amd64-i386-pair                                         pass    
 test-amd64-amd64-libvirt-pair                                pass    
 test-amd64-i386-libvirt-pair                                 pass    
 test-amd64-amd64-amd64-pvgrub                                pass    
 test-amd64-amd64-i386-pvgrub                                 pass    
 test-amd64-amd64-pygrub                                      pass    
 test-amd64-i386-libvirt-qcow2                                pass    
 test-amd64-amd64-xl-qcow2                                    pass    
 test-armhf-armhf-libvirt-raw                                 pass    
 test-amd64-i386-xl-raw                                       pass    
 test-amd64-amd64-xl-rtds                                     pass    
 test-armhf-armhf-xl-rtds                                     pass    
 test-amd64-amd64-libvirt-vhd                                 pass    
 test-armhf-armhf-xl-vhd                                      pass    


------------------------------------------------------------
sg-report-flight on osstest.test-lab.xenproject.org
logs: /home/logs/logs
images: /home/logs/images

Logs, config files, etc. are available at
    http://logs.test-lab.xenproject.org/osstest/logs

Explanation of these reports, and of osstest in general, is at
    http://xenbits.xen.org/gitweb/?p=osstest.git;a=blob;f=README.email;hb=master
    http://xenbits.xen.org/gitweb/?p=osstest.git;a=blob;f=README;hb=master

Test harness code can be found at
    http://xenbits.xen.org/gitweb?p=osstest.git;a=summary


Pushing revision :

+ branch=qemu-upstream-unstable
+ revision=c349189772cec43498b0bec8a84146f10b8937af
+ . ./cri-lock-repos
++ . ./cri-common
+++ . ./cri-getconfig
++++ export PERLLIB=.:.
++++ PERLLIB=.:.
+++ umask 002
+++ getrepos
++++ getconfig Repos
++++ perl -e '
                use Osstest;
                readglobalconfig();
                print $c{"Repos"} or die $!;
        '
+++ local repos=/home/osstest/repos
+++ '[' -z /home/osstest/repos ']'
+++ '[' '!' -d /home/osstest/repos ']'
+++ echo /home/osstest/repos
++ repos=/home/osstest/repos
++ repos_lock=/home/osstest/repos/lock
++ '[' x '!=' x/home/osstest/repos/lock ']'
++ OSSTEST_REPOS_LOCK_LOCKED=/home/osstest/repos/lock
++ exec with-lock-ex -w /home/osstest/repos/lock ./ap-push qemu-upstream-unstable c349189772cec43498b0bec8a84146f10b8937af
+ branch=qemu-upstream-unstable
+ revision=c349189772cec43498b0bec8a84146f10b8937af
+ . ./cri-lock-repos
++ . ./cri-common
+++ . ./cri-getconfig
++++ export PERLLIB=.:.:.
++++ PERLLIB=.:.:.
+++ umask 002
+++ getrepos
++++ getconfig Repos
++++ perl -e '
                use Osstest;
                readglobalconfig();
                print $c{"Repos"} or die $!;
        '
+++ local repos=/home/osstest/repos
+++ '[' -z /home/osstest/repos ']'
+++ '[' '!' -d /home/osstest/repos ']'
+++ echo /home/osstest/repos
++ repos=/home/osstest/repos
++ repos_lock=/home/osstest/repos/lock
++ '[' x/home/osstest/repos/lock '!=' x/home/osstest/repos/lock ']'
+ . ./cri-common
++ . ./cri-getconfig
+++ export PERLLIB=.:.:.:.
+++ PERLLIB=.:.:.:.
++ umask 002
+ select_xenbranch
+ case "$branch" in
+ tree=qemuu
+ xenbranch=xen-unstable
+ '[' xqemuu = xlinux ']'
+ linuxbranch=
+ '[' x = x ']'
+ qemuubranch=qemu-upstream-unstable
+ select_prevxenbranch
++ ./cri-getprevxenbranch xen-unstable
+ prevxenbranch=xen-4.9-testing
+ '[' xc349189772cec43498b0bec8a84146f10b8937af = x ']'
+ : tested/2.6.39.x
+ . ./ap-common
++ : osstest@xenbits.xen.org
+++ getconfig OsstestUpstream
+++ perl -e '
                use Osstest;
                readglobalconfig();
                print $c{"OsstestUpstream"} or die $!;
        '
++ :
++ : git://xenbits.xen.org/xen.git
++ : osstest@xenbits.xen.org:/home/xen/git/xen.git
++ : git://xenbits.xen.org/qemu-xen-traditional.git
++ : git://git.kernel.org
++ : git://git.kernel.org/pub/scm/linux/kernel/git
++ : git
++ : git://xenbits.xen.org/xtf.git
++ : osstest@xenbits.xen.org:/home/xen/git/xtf.git
++ : git://xenbits.xen.org/xtf.git
++ : git://xenbits.xen.org/libvirt.git
++ : osstest@xenbits.xen.org:/home/xen/git/libvirt.git
++ : git://xenbits.xen.org/libvirt.git
++ : git://xenbits.xen.org/osstest/rumprun.git
++ : git
++ : git://xenbits.xen.org/osstest/rumprun.git
++ : osstest@xenbits.xen.org:/home/xen/git/osstest/rumprun.git
++ : git://git.seabios.org/seabios.git
++ : osstest@xenbits.xen.org:/home/xen/git/osstest/seabios.git
++ : git://xenbits.xen.org/osstest/seabios.git
++ : https://github.com/tianocore/edk2.git
++ : osstest@xenbits.xen.org:/home/xen/git/osstest/ovmf.git
++ : git://xenbits.xen.org/osstest/ovmf.git
++ : git://xenbits.xen.org/osstest/linux-firmware.git
++ : osstest@xenbits.xen.org:/home/osstest/ext/linux-firmware.git
++ : git://git.kernel.org/pub/scm/linux/kernel/git/firmware/linux-firmware.git
++ : osstest@xenbits.xen.org:/home/xen/git/linux-pvops.git
++ : git://xenbits.xen.org/linux-pvops.git
++ : tested/linux-4.9
++ : tested/linux-arm-xen
++ '[' xgit://xenbits.xen.org/linux-pvops.git = x ']'
++ '[' x = x ']'
++ : git://xenbits.xen.org/linux-pvops.git
++ : tested/linux-arm-xen
++ : git://git.kernel.org/pub/scm/linux/kernel/git/konrad/xen.git
++ : tested/2.6.39.x
++ : daily-cron.qemu-upstream-unstable
++ : daily-cron.qemu-upstream-unstable
++ : daily-cron.qemu-upstream-unstable
++ : daily-cron.qemu-upstream-unstable
++ : daily-cron.qemu-upstream-unstable
++ : daily-cron.qemu-upstream-unstable
++ : daily-cron.qemu-upstream-unstable
++ : http://hg.uk.xensource.com/carbon/trunk/linux-2.6.27
++ : git://xenbits.xen.org/qemu-xen.git
++ : osstest@xenbits.xen.org:/home/xen/git/qemu-xen.git
++ : daily-cron.qemu-upstream-unstable
++ : git://xenbits.xen.org/qemu-xen.git
++ : git://git.qemu.org/qemu.git
+ TREE_LINUX=osstest@xenbits.xen.org:/home/xen/git/linux-pvops.git
+ TREE_QEMU_UPSTREAM=osstest@xenbits.xen.org:/home/xen/git/qemu-xen.git
+ TREE_XEN=osstest@xenbits.xen.org:/home/xen/git/xen.git
+ TREE_LIBVIRT=osstest@xenbits.xen.org:/home/xen/git/libvirt.git
+ TREE_RUMPRUN=osstest@xenbits.xen.org:/home/xen/git/osstest/rumprun.git
+ TREE_SEABIOS=osstest@xenbits.xen.org:/home/xen/git/osstest/seabios.git
+ TREE_OVMF=osstest@xenbits.xen.org:/home/xen/git/osstest/ovmf.git
+ TREE_XTF=osstest@xenbits.xen.org:/home/xen/git/xtf.git
+ info_linux_tree qemu-upstream-unstable
+ case $1 in
+ return 1
+ case "$branch" in
+ cd /home/osstest/repos/qemu-upstream-unstable
+ git push osstest@xenbits.xen.org:/home/xen/git/qemu-xen.git c349189772cec43498b0bec8a84146f10b8937af:refs/heads/master
To osstest@xenbits.xen.org:/home/xen/git/qemu-xen.git
   c7c6232..c349189  c349189772cec43498b0bec8a84146f10b8937af -> master


[-- Attachment #2: Type: text/plain, Size: 127 bytes --]

_______________________________________________
Xen-devel mailing list
Xen-devel@lists.xen.org
https://lists.xen.org/xen-devel

^ permalink raw reply	[flat|nested] only message in thread

only message in thread, other threads:[~2017-09-09 22:21 UTC | newest]

Thread overview: (only message) (download: mbox.gz follow: Atom feed
-- links below jump to the message on this page --
2017-09-09 22:21 [qemu-upstream-unstable test] 113162: tolerable FAIL - PUSHED osstest service owner

This is a public inbox, see mirroring instructions
for how to clone and mirror all data and code used for this inbox;
as well as URLs for NNTP newsgroup(s).