From: osstest service owner <osstest-admin@xenproject.org>
To: xen-devel@lists.xensource.com, osstest-admin@xenproject.org
Subject: [ovmf test] 113164: regressions - FAIL
Date: Sat, 09 Sep 2017 18:10:08 +0000 [thread overview]
Message-ID: <osstest-113164-mainreport@xen.org> (raw)
flight 113164 ovmf real [real]
http://logs.test-lab.xenproject.org/osstest/logs/113164/
Regressions :-(
Tests which did not succeed and are blocking,
including tests which could not be run:
build-amd64 6 xen-build fail REGR. vs. 113143
build-i386 6 xen-build fail REGR. vs. 113143
build-amd64-xsm 6 xen-build fail REGR. vs. 113143
build-i386-xsm 6 xen-build fail REGR. vs. 113143
Tests which did not succeed, but are not blocking:
test-amd64-amd64-xl-qemuu-ovmf-amd64 1 build-check(1) blocked n/a
build-amd64-libvirt 1 build-check(1) blocked n/a
test-amd64-i386-xl-qemuu-ovmf-amd64 1 build-check(1) blocked n/a
build-i386-libvirt 1 build-check(1) blocked n/a
version targeted for testing:
ovmf 0e6be43fd3e9a6de4c036935787c1d037ff76888
baseline version:
ovmf 3281ebb4ae7de2a858c2e7ec4998b7e55be1a4dc
Last test of basis 113143 2017-09-08 06:17:14 Z 1 days
Failing since 113156 2017-09-08 19:17:56 Z 0 days 2 attempts
Testing same since 113164 2017-09-09 10:32:18 Z 0 days 1 attempts
------------------------------------------------------------
People who touched revisions under test:
Brijesh Singh <brijesh.singh@amd.com>
Laszlo Ersek <lersek@redhat.com>
Paulo Alcantara <pcacjr@zytor.com>
Thomas Lamprecht <t.lamprecht@proxmox.com>
Yonghong Zhu <yonghong.zhu@intel.com>
jobs:
build-amd64-xsm fail
build-i386-xsm fail
build-amd64 fail
build-i386 fail
build-amd64-libvirt blocked
build-i386-libvirt blocked
build-amd64-pvops pass
build-i386-pvops pass
test-amd64-amd64-xl-qemuu-ovmf-amd64 blocked
test-amd64-i386-xl-qemuu-ovmf-amd64 blocked
------------------------------------------------------------
sg-report-flight on osstest.test-lab.xenproject.org
logs: /home/logs/logs
images: /home/logs/images
Logs, config files, etc. are available at
http://logs.test-lab.xenproject.org/osstest/logs
Explanation of these reports, and of osstest in general, is at
http://xenbits.xen.org/gitweb/?p=osstest.git;a=blob;f=README.email;hb=master
http://xenbits.xen.org/gitweb/?p=osstest.git;a=blob;f=README;hb=master
Test harness code can be found at
http://xenbits.xen.org/gitweb?p=osstest.git;a=summary
Not pushing.
(No revision log; it would be 524 lines long.)
_______________________________________________
Xen-devel mailing list
Xen-devel@lists.xen.org
https://lists.xen.org/xen-devel
reply other threads:[~2017-09-09 18:10 UTC|newest]
Thread overview: [no followups] expand[flat|nested] mbox.gz Atom feed
Reply instructions:
You may reply publicly to this message via plain-text email
using any one of the following methods:
* Save the following mbox file, import it into your mail client,
and reply-to-all from there: mbox
Avoid top-posting and favor interleaved quoting:
https://en.wikipedia.org/wiki/Posting_style#Interleaved_style
* Reply using the --to, --cc, and --in-reply-to
switches of git-send-email(1):
git send-email \
--in-reply-to=osstest-113164-mainreport@xen.org \
--to=osstest-admin@xenproject.org \
--cc=xen-devel@lists.xensource.com \
/path/to/YOUR_REPLY
https://kernel.org/pub/software/scm/git/docs/git-send-email.html
* If your mail client supports setting the In-Reply-To header
via mailto: links, try the mailto: link
Be sure your reply has a Subject: header at the top and a blank line
before the message body.
This is a public inbox, see mirroring instructions
for how to clone and mirror all data and code used for this inbox;
as well as URLs for NNTP newsgroup(s).