* [ovmf test] 113259: regressions - FAIL
@ 2017-09-11 1:42 osstest service owner
0 siblings, 0 replies; only message in thread
From: osstest service owner @ 2017-09-11 1:42 UTC (permalink / raw)
To: xen-devel, osstest-admin
flight 113259 ovmf real [real]
http://logs.test-lab.xenproject.org/osstest/logs/113259/
Regressions :-(
Tests which did not succeed and are blocking,
including tests which could not be run:
build-amd64 6 xen-build fail REGR. vs. 113143
build-i386 6 xen-build fail REGR. vs. 113143
build-amd64-xsm 6 xen-build fail REGR. vs. 113143
build-i386-xsm 6 xen-build fail REGR. vs. 113143
Tests which did not succeed, but are not blocking:
test-amd64-amd64-xl-qemuu-ovmf-amd64 1 build-check(1) blocked n/a
build-amd64-libvirt 1 build-check(1) blocked n/a
test-amd64-i386-xl-qemuu-ovmf-amd64 1 build-check(1) blocked n/a
build-i386-libvirt 1 build-check(1) blocked n/a
version targeted for testing:
ovmf 0e6be43fd3e9a6de4c036935787c1d037ff76888
baseline version:
ovmf 3281ebb4ae7de2a858c2e7ec4998b7e55be1a4dc
Last test of basis 113143 2017-09-08 06:17:14 Z 2 days
Failing since 113156 2017-09-08 19:17:56 Z 2 days 14 attempts
Testing same since 113164 2017-09-09 10:32:18 Z 1 days 13 attempts
------------------------------------------------------------
People who touched revisions under test:
Brijesh Singh <brijesh.singh@amd.com>
Laszlo Ersek <lersek@redhat.com>
Paulo Alcantara <pcacjr@zytor.com>
Thomas Lamprecht <t.lamprecht@proxmox.com>
Yonghong Zhu <yonghong.zhu@intel.com>
jobs:
build-amd64-xsm fail
build-i386-xsm fail
build-amd64 fail
build-i386 fail
build-amd64-libvirt blocked
build-i386-libvirt blocked
build-amd64-pvops pass
build-i386-pvops pass
test-amd64-amd64-xl-qemuu-ovmf-amd64 blocked
test-amd64-i386-xl-qemuu-ovmf-amd64 blocked
------------------------------------------------------------
sg-report-flight on osstest.test-lab.xenproject.org
logs: /home/logs/logs
images: /home/logs/images
Logs, config files, etc. are available at
http://logs.test-lab.xenproject.org/osstest/logs
Explanation of these reports, and of osstest in general, is at
http://xenbits.xen.org/gitweb/?p=osstest.git;a=blob;f=README.email;hb=master
http://xenbits.xen.org/gitweb/?p=osstest.git;a=blob;f=README;hb=master
Test harness code can be found at
http://xenbits.xen.org/gitweb?p=osstest.git;a=summary
Not pushing.
(No revision log; it would be 524 lines long.)
_______________________________________________
Xen-devel mailing list
Xen-devel@lists.xen.org
https://lists.xen.org/xen-devel
^ permalink raw reply [flat|nested] only message in thread
only message in thread, other threads:[~2017-09-11 1:42 UTC | newest]
Thread overview: (only message) (download: mbox.gz follow: Atom feed
-- links below jump to the message on this page --
2017-09-11 1:42 [ovmf test] 113259: regressions - FAIL osstest service owner
This is a public inbox, see mirroring instructions
for how to clone and mirror all data and code used for this inbox;
as well as URLs for NNTP newsgroup(s).