* [qemu-mainline test] 113364: regressions - trouble: broken/fail/pass
@ 2017-09-13 2:34 osstest service owner
0 siblings, 0 replies; only message in thread
From: osstest service owner @ 2017-09-13 2:34 UTC (permalink / raw)
To: xen-devel, osstest-admin
[-- Attachment #1: Type: text/plain, Size: 11719 bytes --]
flight 113364 qemu-mainline real [real]
http://logs.test-lab.xenproject.org/osstest/logs/113364/
Regressions :-(
Tests which did not succeed and are blocking,
including tests which could not be run:
test-armhf-armhf-libvirt-raw <job status> broken
test-amd64-amd64-xl-qemuu-win7-amd64 18 guest-start/win.repeat fail REGR. vs. 113302
Tests which are failing intermittently (not blocking):
test-armhf-armhf-libvirt-raw 4 host-install(4) broken pass in 113345
test-amd64-i386-xl-qemuu-win7-amd64 16 guest-localmigrate/x10 fail in 113345 pass in 113364
test-armhf-armhf-xl-credit2 17 guest-start.2 fail in 113345 pass in 113364
Regressions which are regarded as allowable (not blocking):
test-amd64-i386-xl-qemuu-win7-amd64 17 guest-stop fail REGR. vs. 113302
Tests which did not succeed, but are not blocking:
test-armhf-armhf-libvirt-raw 13 saverestore-support-check fail in 113345 like 113302
test-armhf-armhf-libvirt-raw 12 migrate-support-check fail in 113345 never pass
test-armhf-armhf-libvirt 14 saverestore-support-check fail like 113302
test-armhf-armhf-xl-rtds 16 guest-start/debian.repeat fail like 113302
test-amd64-amd64-xl-rtds 10 debian-install fail like 113302
test-armhf-armhf-libvirt-xsm 14 saverestore-support-check fail like 113302
test-amd64-amd64-xl-qemuu-ws16-amd64 10 windows-install fail never pass
test-amd64-amd64-libvirt 13 migrate-support-check fail never pass
test-amd64-i386-libvirt 13 migrate-support-check fail never pass
test-amd64-amd64-libvirt-xsm 13 migrate-support-check fail never pass
test-amd64-i386-libvirt-xsm 13 migrate-support-check fail never pass
test-amd64-amd64-libvirt-qemuu-debianhvm-amd64-xsm 11 migrate-support-check fail never pass
test-amd64-i386-libvirt-qemuu-debianhvm-amd64-xsm 11 migrate-support-check fail never pass
test-amd64-i386-libvirt-qcow2 12 migrate-support-check fail never pass
test-amd64-amd64-libvirt-vhd 12 migrate-support-check fail never pass
test-amd64-amd64-qemuu-nested-amd 17 debian-hvm-install/l1/l2 fail never pass
test-armhf-armhf-xl-credit2 13 migrate-support-check fail never pass
test-armhf-armhf-xl-credit2 14 saverestore-support-check fail never pass
test-armhf-armhf-xl-multivcpu 13 migrate-support-check fail never pass
test-armhf-armhf-xl-multivcpu 14 saverestore-support-check fail never pass
test-armhf-armhf-xl-cubietruck 13 migrate-support-check fail never pass
test-armhf-armhf-xl-cubietruck 14 saverestore-support-check fail never pass
test-amd64-i386-xl-qemuu-ws16-amd64 13 guest-saverestore fail never pass
test-armhf-armhf-xl-rtds 13 migrate-support-check fail never pass
test-armhf-armhf-xl-rtds 14 saverestore-support-check fail never pass
test-armhf-armhf-xl-arndale 13 migrate-support-check fail never pass
test-armhf-armhf-xl-arndale 14 saverestore-support-check fail never pass
test-armhf-armhf-libvirt 13 migrate-support-check fail never pass
test-armhf-armhf-xl-xsm 13 migrate-support-check fail never pass
test-armhf-armhf-xl-xsm 14 saverestore-support-check fail never pass
test-armhf-armhf-xl-vhd 12 migrate-support-check fail never pass
test-armhf-armhf-xl-vhd 13 saverestore-support-check fail never pass
test-amd64-i386-xl-qemuu-win10-i386 10 windows-install fail never pass
test-amd64-amd64-xl-qemuu-win10-i386 10 windows-install fail never pass
test-armhf-armhf-xl 13 migrate-support-check fail never pass
test-armhf-armhf-xl 14 saverestore-support-check fail never pass
test-armhf-armhf-libvirt-xsm 13 migrate-support-check fail never pass
version targeted for testing:
qemuu 04ef33052c205170c92df21ca0b4be4f3b102188
baseline version:
qemuu a6e8c1dacfd37d34542e33600dcc50b7683b735a
Last test of basis 113302 2017-09-11 10:18:16 Z 1 days
Testing same since 113345 2017-09-12 00:21:07 Z 1 days 2 attempts
------------------------------------------------------------
People who touched revisions under test:
Mark Cave-Ayland <mark.cave-ayland@ilande.co.uk>
Peter Maydell <peter.maydell@linaro.org>
Philippe Mathieu-Daudé <f4bug@amsat.org>
jobs:
build-amd64-xsm pass
build-armhf-xsm pass
build-i386-xsm pass
build-amd64 pass
build-armhf pass
build-i386 pass
build-amd64-libvirt pass
build-armhf-libvirt pass
build-i386-libvirt pass
build-amd64-pvops pass
build-armhf-pvops pass
build-i386-pvops pass
test-amd64-amd64-xl pass
test-armhf-armhf-xl pass
test-amd64-i386-xl pass
test-amd64-amd64-libvirt-qemuu-debianhvm-amd64-xsm pass
test-amd64-i386-libvirt-qemuu-debianhvm-amd64-xsm pass
test-amd64-amd64-xl-qemuu-debianhvm-amd64-xsm pass
test-amd64-i386-xl-qemuu-debianhvm-amd64-xsm pass
test-amd64-amd64-libvirt-xsm pass
test-armhf-armhf-libvirt-xsm pass
test-amd64-i386-libvirt-xsm pass
test-amd64-amd64-xl-xsm pass
test-armhf-armhf-xl-xsm pass
test-amd64-i386-xl-xsm pass
test-amd64-amd64-qemuu-nested-amd fail
test-amd64-amd64-xl-pvh-amd pass
test-amd64-i386-qemuu-rhel6hvm-amd pass
test-amd64-amd64-xl-qemuu-debianhvm-amd64 pass
test-amd64-i386-xl-qemuu-debianhvm-amd64 pass
test-amd64-i386-freebsd10-amd64 pass
test-amd64-amd64-xl-qemuu-ovmf-amd64 pass
test-amd64-i386-xl-qemuu-ovmf-amd64 pass
test-amd64-amd64-xl-qemuu-win7-amd64 fail
test-amd64-i386-xl-qemuu-win7-amd64 fail
test-amd64-amd64-xl-qemuu-ws16-amd64 fail
test-amd64-i386-xl-qemuu-ws16-amd64 fail
test-armhf-armhf-xl-arndale pass
test-amd64-amd64-xl-credit2 pass
test-armhf-armhf-xl-credit2 pass
test-armhf-armhf-xl-cubietruck pass
test-amd64-i386-freebsd10-i386 pass
test-amd64-amd64-xl-qemuu-win10-i386 fail
test-amd64-i386-xl-qemuu-win10-i386 fail
test-amd64-amd64-qemuu-nested-intel pass
test-amd64-amd64-xl-pvh-intel pass
test-amd64-i386-qemuu-rhel6hvm-intel pass
test-amd64-amd64-libvirt pass
test-armhf-armhf-libvirt pass
test-amd64-i386-libvirt pass
test-amd64-amd64-xl-multivcpu pass
test-armhf-armhf-xl-multivcpu pass
test-amd64-amd64-pair pass
test-amd64-i386-pair pass
test-amd64-amd64-libvirt-pair pass
test-amd64-i386-libvirt-pair pass
test-amd64-amd64-amd64-pvgrub pass
test-amd64-amd64-i386-pvgrub pass
test-amd64-amd64-pygrub pass
test-amd64-i386-libvirt-qcow2 pass
test-amd64-amd64-xl-qcow2 pass
test-armhf-armhf-libvirt-raw broken
test-amd64-i386-xl-raw pass
test-amd64-amd64-xl-rtds fail
test-armhf-armhf-xl-rtds fail
test-amd64-amd64-libvirt-vhd pass
test-armhf-armhf-xl-vhd pass
------------------------------------------------------------
sg-report-flight on osstest.test-lab.xenproject.org
logs: /home/logs/logs
images: /home/logs/images
Logs, config files, etc. are available at
http://logs.test-lab.xenproject.org/osstest/logs
Explanation of these reports, and of osstest in general, is at
http://xenbits.xen.org/gitweb/?p=osstest.git;a=blob;f=README.email;hb=master
http://xenbits.xen.org/gitweb/?p=osstest.git;a=blob;f=README;hb=master
Test harness code can be found at
http://xenbits.xen.org/gitweb?p=osstest.git;a=summary
broken-job test-armhf-armhf-libvirt-raw broken
broken-step test-armhf-armhf-libvirt-raw host-install(4)
Not pushing.
------------------------------------------------------------
commit 04ef33052c205170c92df21ca0b4be4f3b102188
Author: Philippe Mathieu-Daudé <f4bug@amsat.org>
Date: Sun Sep 10 23:28:39 2017 -0300
tcg/tci: do not use ldst label (never implemented)
changed in 659ef5cbb893, this fixes building with --enable-tcg-interpreter:
/home/travis/build/qemu/qemu/tcg/tcg.c:116:14: error: âtcg_out_ldst_finalizeâ used but never defined [-Werror]
static bool tcg_out_ldst_finalize(TCGContext *s);
^
Signed-off-by: Philippe Mathieu-Daudé <f4bug@amsat.org>
Reviewed-by: Stefan Weil <sw@weilnetz.de>
Reviewed-by: Richard Henderson <richard.henderson@linaro.org>
Message-id: 20170911022839.23231-1-f4bug@amsat.org
Signed-off-by: Peter Maydell <peter.maydell@linaro.org>
commit 619c200f6ce2f44fbc8a5732174530c3b4782aab
Merge: a6e8c1d 8722a71
Author: Peter Maydell <peter.maydell@linaro.org>
Date: Mon Sep 11 11:44:30 2017 +0100
Merge remote-tracking branch 'remotes/mcayland/tags/qemu-openbios-signed' into staging
Update OpenBIOS images
# gpg: Signature made Mon 11 Sep 2017 08:08:39 BST
# gpg: using RSA key 0x5BC2C56FAE0F321F
# gpg: Good signature from "Mark Cave-Ayland <mark.cave-ayland@ilande.co.uk>"
# Primary key fingerprint: CC62 1AB9 8E82 200D 915C C9C4 5BC2 C56F AE0F 321F
* remotes/mcayland/tags/qemu-openbios-signed:
Update OpenBIOS images to 314d4f8 built from submodule.
Signed-off-by: Peter Maydell <peter.maydell@linaro.org>
commit 8722a719dea27818cb02709f3f72c2f9a996dadf
Author: Mark Cave-Ayland <mark.cave-ayland@ilande.co.uk>
Date: Mon Sep 11 07:43:34 2017 +0100
Update OpenBIOS images to 314d4f8 built from submodule.
Signed-off-by: Mark Cave-Ayland <mark.cave-ayland@ilande.co.uk>
[-- Attachment #2: Type: text/plain, Size: 127 bytes --]
_______________________________________________
Xen-devel mailing list
Xen-devel@lists.xen.org
https://lists.xen.org/xen-devel
^ permalink raw reply [flat|nested] only message in thread
only message in thread, other threads:[~2017-09-13 2:34 UTC | newest]
Thread overview: (only message) (download: mbox.gz follow: Atom feed
-- links below jump to the message on this page --
2017-09-13 2:34 [qemu-mainline test] 113364: regressions - trouble: broken/fail/pass osstest service owner
This is a public inbox, see mirroring instructions
for how to clone and mirror all data and code used for this inbox;
as well as URLs for NNTP newsgroup(s).