* [xen-4.7-testing test] 113370: regressions - FAIL
@ 2017-09-13 12:16 osstest service owner
0 siblings, 0 replies; only message in thread
From: osstest service owner @ 2017-09-13 12:16 UTC (permalink / raw)
To: xen-devel, osstest-admin
flight 113370 xen-4.7-testing real [real]
http://logs.test-lab.xenproject.org/osstest/logs/113370/
Regressions :-(
Tests which did not succeed and are blocking,
including tests which could not be run:
test-armhf-armhf-xl-multivcpu 19 leak-check/check fail REGR. vs. 112917
test-armhf-armhf-xl-credit2 6 xen-install fail REGR. vs. 112946
Tests which did not succeed, but are not blocking:
test-xtf-amd64-amd64-2 48 xtf/test-hvm64-lbr-tsx-vmentry fail like 112946
test-armhf-armhf-libvirt 14 saverestore-support-check fail like 112946
test-armhf-armhf-libvirt-xsm 14 saverestore-support-check fail like 112946
test-armhf-armhf-libvirt-raw 13 saverestore-support-check fail like 112946
test-amd64-amd64-xl-qemuu-win7-amd64 17 guest-stop fail like 112946
test-amd64-amd64-xl-qemut-win7-amd64 17 guest-stop fail like 112946
test-amd64-i386-xl-qemut-win7-amd64 17 guest-stop fail like 112946
test-amd64-i386-libvirt 13 migrate-support-check fail never pass
test-amd64-amd64-xl-qemut-ws16-amd64 10 windows-install fail never pass
test-amd64-i386-libvirt-xsm 13 migrate-support-check fail never pass
test-amd64-amd64-xl-qemuu-ws16-amd64 10 windows-install fail never pass
test-amd64-amd64-libvirt 13 migrate-support-check fail never pass
test-amd64-amd64-xl-pvh-amd 12 guest-start fail never pass
test-amd64-amd64-libvirt-xsm 13 migrate-support-check fail never pass
test-amd64-amd64-xl-pvh-intel 15 guest-saverestore fail never pass
test-amd64-amd64-libvirt-qemuu-debianhvm-amd64-xsm 11 migrate-support-check fail never pass
test-amd64-i386-libvirt-qcow2 12 migrate-support-check fail never pass
test-amd64-i386-libvirt-qemuu-debianhvm-amd64-xsm 11 migrate-support-check fail never pass
test-armhf-armhf-libvirt 13 migrate-support-check fail never pass
test-armhf-armhf-xl-xsm 13 migrate-support-check fail never pass
test-armhf-armhf-xl-xsm 14 saverestore-support-check fail never pass
test-armhf-armhf-libvirt-xsm 13 migrate-support-check fail never pass
test-amd64-amd64-libvirt-vhd 12 migrate-support-check fail never pass
test-armhf-armhf-xl-arndale 13 migrate-support-check fail never pass
test-armhf-armhf-xl-arndale 14 saverestore-support-check fail never pass
test-armhf-armhf-xl 13 migrate-support-check fail never pass
test-armhf-armhf-xl 14 saverestore-support-check fail never pass
test-amd64-amd64-qemuu-nested-amd 17 debian-hvm-install/l1/l2 fail never pass
test-amd64-i386-xl-qemut-ws16-amd64 13 guest-saverestore fail never pass
test-amd64-i386-xl-qemuu-ws16-amd64 13 guest-saverestore fail never pass
test-armhf-armhf-libvirt-raw 12 migrate-support-check fail never pass
test-armhf-armhf-xl-cubietruck 13 migrate-support-check fail never pass
test-armhf-armhf-xl-cubietruck 14 saverestore-support-check fail never pass
test-armhf-armhf-xl-multivcpu 13 migrate-support-check fail never pass
test-armhf-armhf-xl-multivcpu 14 saverestore-support-check fail never pass
test-armhf-armhf-xl-vhd 12 migrate-support-check fail never pass
test-armhf-armhf-xl-vhd 13 saverestore-support-check fail never pass
test-armhf-armhf-xl-rtds 13 migrate-support-check fail never pass
test-armhf-armhf-xl-rtds 14 saverestore-support-check fail never pass
test-amd64-i386-xl-qemuu-win10-i386 10 windows-install fail never pass
test-amd64-amd64-xl-qemuu-win10-i386 10 windows-install fail never pass
test-amd64-amd64-xl-qemut-win10-i386 10 windows-install fail never pass
test-amd64-i386-xl-qemut-win10-i386 10 windows-install fail never pass
version targeted for testing:
xen c7783d9c26fc191862d9883da22387340b1fab18
baseline version:
xen 68dbba27ae09e93cdf97f36129b6f7f72f9b569c
Last test of basis 112946 2017-08-29 20:44:09 Z 14 days
Testing same since 113370 2017-09-12 13:42:11 Z 0 days 1 attempts
------------------------------------------------------------
People who touched revisions under test:
Andrew Cooper <andrew.cooper3@citrix.com>
George Dunlap <george.dunlap@citrix.com>
Jan Beulich <jbeulich@suse.com>
Juergen Gross <jgross@suse.com>
jobs:
build-amd64-xsm pass
build-armhf-xsm pass
build-i386-xsm pass
build-amd64-xtf pass
build-amd64 pass
build-armhf pass
build-i386 pass
build-amd64-libvirt pass
build-armhf-libvirt pass
build-i386-libvirt pass
build-amd64-prev pass
build-i386-prev pass
build-amd64-pvops pass
build-armhf-pvops pass
build-i386-pvops pass
build-amd64-rumprun pass
build-i386-rumprun pass
test-xtf-amd64-amd64-1 pass
test-xtf-amd64-amd64-2 pass
test-xtf-amd64-amd64-3 pass
test-xtf-amd64-amd64-4 pass
test-xtf-amd64-amd64-5 pass
test-amd64-amd64-xl pass
test-armhf-armhf-xl pass
test-amd64-i386-xl pass
test-amd64-amd64-xl-qemut-debianhvm-amd64-xsm pass
test-amd64-i386-xl-qemut-debianhvm-amd64-xsm pass
test-amd64-amd64-libvirt-qemuu-debianhvm-amd64-xsm pass
test-amd64-i386-libvirt-qemuu-debianhvm-amd64-xsm pass
test-amd64-amd64-xl-qemuu-debianhvm-amd64-xsm pass
test-amd64-i386-xl-qemuu-debianhvm-amd64-xsm pass
test-amd64-amd64-xl-qemut-stubdom-debianhvm-amd64-xsm pass
test-amd64-i386-xl-qemut-stubdom-debianhvm-amd64-xsm pass
test-amd64-amd64-libvirt-xsm pass
test-armhf-armhf-libvirt-xsm pass
test-amd64-i386-libvirt-xsm pass
test-amd64-amd64-xl-xsm pass
test-armhf-armhf-xl-xsm pass
test-amd64-i386-xl-xsm pass
test-amd64-amd64-qemuu-nested-amd fail
test-amd64-amd64-xl-pvh-amd fail
test-amd64-i386-qemut-rhel6hvm-amd pass
test-amd64-i386-qemuu-rhel6hvm-amd pass
test-amd64-amd64-xl-qemut-debianhvm-amd64 pass
test-amd64-i386-xl-qemut-debianhvm-amd64 pass
test-amd64-amd64-xl-qemuu-debianhvm-amd64 pass
test-amd64-i386-xl-qemuu-debianhvm-amd64 pass
test-amd64-i386-freebsd10-amd64 pass
test-amd64-amd64-xl-qemuu-ovmf-amd64 pass
test-amd64-i386-xl-qemuu-ovmf-amd64 pass
test-amd64-amd64-rumprun-amd64 pass
test-amd64-amd64-xl-qemut-win7-amd64 fail
test-amd64-i386-xl-qemut-win7-amd64 fail
test-amd64-amd64-xl-qemuu-win7-amd64 fail
test-amd64-i386-xl-qemuu-win7-amd64 pass
test-amd64-amd64-xl-qemut-ws16-amd64 fail
test-amd64-i386-xl-qemut-ws16-amd64 fail
test-amd64-amd64-xl-qemuu-ws16-amd64 fail
test-amd64-i386-xl-qemuu-ws16-amd64 fail
test-armhf-armhf-xl-arndale pass
test-amd64-amd64-xl-credit2 pass
test-armhf-armhf-xl-credit2 fail
test-armhf-armhf-xl-cubietruck pass
test-amd64-i386-freebsd10-i386 pass
test-amd64-i386-rumprun-i386 pass
test-amd64-amd64-xl-qemut-win10-i386 fail
test-amd64-i386-xl-qemut-win10-i386 fail
test-amd64-amd64-xl-qemuu-win10-i386 fail
test-amd64-i386-xl-qemuu-win10-i386 fail
test-amd64-amd64-qemuu-nested-intel pass
test-amd64-amd64-xl-pvh-intel fail
test-amd64-i386-qemut-rhel6hvm-intel pass
test-amd64-i386-qemuu-rhel6hvm-intel pass
test-amd64-amd64-libvirt pass
test-armhf-armhf-libvirt pass
test-amd64-i386-libvirt pass
test-amd64-amd64-migrupgrade pass
test-amd64-i386-migrupgrade pass
test-amd64-amd64-xl-multivcpu pass
test-armhf-armhf-xl-multivcpu fail
test-amd64-amd64-pair pass
test-amd64-i386-pair pass
test-amd64-amd64-libvirt-pair pass
test-amd64-i386-libvirt-pair pass
test-amd64-amd64-amd64-pvgrub pass
test-amd64-amd64-i386-pvgrub pass
test-amd64-amd64-pygrub pass
test-amd64-i386-libvirt-qcow2 pass
test-amd64-amd64-xl-qcow2 pass
test-armhf-armhf-libvirt-raw pass
test-amd64-i386-xl-raw pass
test-amd64-amd64-xl-rtds pass
test-armhf-armhf-xl-rtds pass
test-amd64-amd64-libvirt-vhd pass
test-armhf-armhf-xl-vhd pass
------------------------------------------------------------
sg-report-flight on osstest.test-lab.xenproject.org
logs: /home/logs/logs
images: /home/logs/images
Logs, config files, etc. are available at
http://logs.test-lab.xenproject.org/osstest/logs
Explanation of these reports, and of osstest in general, is at
http://xenbits.xen.org/gitweb/?p=osstest.git;a=blob;f=README.email;hb=master
http://xenbits.xen.org/gitweb/?p=osstest.git;a=blob;f=README;hb=master
Test harness code can be found at
http://xenbits.xen.org/gitweb?p=osstest.git;a=summary
Not pushing.
------------------------------------------------------------
commit c7783d9c26fc191862d9883da22387340b1fab18
Author: Jan Beulich <jbeulich@suse.com>
Date: Tue Sep 12 15:11:07 2017 +0200
gnttab: also validate PTE permissions upon destroy/replace
In order for PTE handling to match up with the reference counting done
by common code, presence and writability of grant mapping PTEs must
also be taken into account; validating just the frame number is not
enough. This is in particular relevant if a guest fiddles with grant
PTEs via non-grant hypercalls.
Note that the flags being passed to replace_grant_host_mapping()
already happen to be those of the existing mapping, so no new function
parameter is needed.
This is CVE-2017-14319 / XSA-234.
Reported-by: Andrew Cooper <andrew.cooper3@citrix.com>
Signed-off-by: Jan Beulich <jbeulich@suse.com>
Reviewed-by: Andrew Cooper <andrew.cooper3@citrix.com>
master commit: 16b1414de91b5a82a0996c67f6db3af7d7e32873
master date: 2017-09-12 14:45:13 +0200
commit 3331050a1ac28a7c60f6542469c239f74584b3dc
Author: Juergen Gross <jgross@suse.com>
Date: Tue Sep 12 15:10:44 2017 +0200
tools/xenstore: dont unlink connection object twice
A connection object of a domain with associated stubdom has two
parents: the domain and the stubdom. When cleaning up the list of
active domains in domain_cleanup() make sure not to unlink the
connection twice from the same domain. This could happen when the
domain and its stubdom are being destroyed at the same time leading
to the domain loop being entered twice.
Additionally don't use talloc_free() in this case as it will remove
a random parent link, leading eventually to a memory leak. Use
talloc_unlink() instead specifying the context from which the
connection object should be removed.
This is CVE-2017-14317 / XSA-233.
Reported-by: Eric Chanudet <chanudete@ainfosec.com>
Signed-off-by: Juergen Gross <jgross@suse.com>
Reviewed-by: Ian Jackson <ian.jackson@eu.citrix.com>
master commit: 562a1c0f7ef3fbf3c122c3dfa4f2ad9dd51da9fe
master date: 2017-09-12 14:44:56 +0200
commit 83966a306651fed26b675ff9fbc84b6279fae693
Author: Andrew Cooper <andrew.cooper3@citrix.com>
Date: Tue Sep 12 15:10:11 2017 +0200
grant_table: fix GNTTABOP_cache_flush handling
Don't fall over a NULL grant_table pointer when the owner of the domain
is a system domain (DOMID_{XEN,IO} etc).
This is CVE-2017-14318 / XSA-232.
Reported-by: Matthew Daley <mattd@bugfuzz.com>
Signed-off-by: Andrew Cooper <andrew.cooper3@citrix.com>
Reviewed-by: Jan Beulich <jbeulich@suse.com>
master commit: c3d830b244998b3686e2eb64db95996be5eb5e5c
master date: 2017-09-12 14:44:11 +0200
commit a67b22324a6e1a8c79b6fcff44ce33c83c416d64
Author: George Dunlap <george.dunlap@citrix.com>
Date: Tue Sep 12 15:09:28 2017 +0200
xen/mm: make sure node is less than MAX_NUMNODES
The output of MEMF_get_node(memflags) can be as large as nodeid_t can
hold (currently 255). This is then used as an index to arrays of size
MAX_NUMNODE, which is 64 on x86 and 1 on ARM, can be passed in by an
untrusted guest (via memory_exchange and increase_reservation) and is
not currently bounds-checked.
Check the value in page_alloc.c before using it, and also check the
value in the hypercall call sites and return -EINVAL if appropriate.
Don't permit domains other than the hardware or control domain to
allocate node-constrained memory.
This is CVE-2017-14316 / XSA-231.
Reported-by: Matthew Daley <mattd@bugfuzz.com>
Signed-off-by: George Dunlap <george.dunlap@citrix.com>
Signed-off-by: Jan Beulich <jbeulich@suse.com>
Reviewed-by: Andrew Cooper <andrew.cooper3@citrix.com>
master commit: 2fece35303529395bfea6b03d2268380ef682c93
master date: 2017-09-12 14:43:16 +0200
(qemu changes not included)
_______________________________________________
Xen-devel mailing list
Xen-devel@lists.xen.org
https://lists.xen.org/xen-devel
^ permalink raw reply [flat|nested] only message in thread
only message in thread, other threads:[~2017-09-13 12:16 UTC | newest]
Thread overview: (only message) (download: mbox.gz follow: Atom feed
-- links below jump to the message on this page --
2017-09-13 12:16 [xen-4.7-testing test] 113370: regressions - FAIL osstest service owner
This is a public inbox, see mirroring instructions
for how to clone and mirror all data and code used for this inbox;
as well as URLs for NNTP newsgroup(s).