* [xen-unstable-smoke test] 113410: regressions - FAIL
@ 2017-09-13 14:49 osstest service owner
0 siblings, 0 replies; only message in thread
From: osstest service owner @ 2017-09-13 14:49 UTC (permalink / raw)
To: xen-devel, osstest-admin
flight 113410 xen-unstable-smoke real [real]
http://logs.test-lab.xenproject.org/osstest/logs/113410/
Regressions :-(
Tests which did not succeed and are blocking,
including tests which could not be run:
test-amd64-amd64-xl-qemuu-debianhvm-i386 15 guest-saverestore.2 fail REGR. vs. 113384
Tests which did not succeed, but are not blocking:
test-amd64-amd64-libvirt 13 migrate-support-check fail never pass
test-armhf-armhf-xl 13 migrate-support-check fail never pass
test-armhf-armhf-xl 14 saverestore-support-check fail never pass
version targeted for testing:
xen 20b1a022558b02d9fb23df5b98fb442037ac0572
baseline version:
xen 082fc63f20e827eb0229d520b4ebf54140d9b21b
Last test of basis 113384 2017-09-12 23:14:17 Z 0 days
Failing since 113403 2017-09-13 09:03:32 Z 0 days 2 attempts
Testing same since 113410 2017-09-13 12:23:19 Z 0 days 1 attempts
------------------------------------------------------------
People who touched revisions under test:
Andrew Cooper <andrew.cooper3@citrix.com>
Haozhong Zhang <haozhong.zhang@intel.com>
Jan Beulich <jbeulich@suse.com>
Oleksandr Grytsov <oleksandr_grytsov@epam.com>
Petre Pircalabu <ppircalabu@bitdefender.com>
Wei Liu <wei.liu2@citrix.com>
jobs:
build-amd64 pass
build-armhf pass
build-amd64-libvirt pass
test-armhf-armhf-xl pass
test-amd64-amd64-xl-qemuu-debianhvm-i386 fail
test-amd64-amd64-libvirt pass
------------------------------------------------------------
sg-report-flight on osstest.test-lab.xenproject.org
logs: /home/logs/logs
images: /home/logs/images
Logs, config files, etc. are available at
http://logs.test-lab.xenproject.org/osstest/logs
Explanation of these reports, and of osstest in general, is at
http://xenbits.xen.org/gitweb/?p=osstest.git;a=blob;f=README.email;hb=master
http://xenbits.xen.org/gitweb/?p=osstest.git;a=blob;f=README;hb=master
Test harness code can be found at
http://xenbits.xen.org/gitweb?p=osstest.git;a=summary
Not pushing.
(No revision log; it would be 332 lines long.)
_______________________________________________
Xen-devel mailing list
Xen-devel@lists.xen.org
https://lists.xen.org/xen-devel
^ permalink raw reply [flat|nested] only message in thread
only message in thread, other threads:[~2017-09-13 14:49 UTC | newest]
Thread overview: (only message) (download: mbox.gz follow: Atom feed
-- links below jump to the message on this page --
2017-09-13 14:49 [xen-unstable-smoke test] 113410: regressions - FAIL osstest service owner
This is a public inbox, see mirroring instructions
for how to clone and mirror all data and code used for this inbox;
as well as URLs for NNTP newsgroup(s).