xen-devel.lists.xenproject.org archive mirror
 help / color / mirror / Atom feed
* [qemu-mainline test] 113607: regressions - FAIL
@ 2017-09-20  2:30 osstest service owner
  0 siblings, 0 replies; only message in thread
From: osstest service owner @ 2017-09-20  2:30 UTC (permalink / raw)
  To: xen-devel, osstest-admin

[-- Attachment #1: Type: text/plain, Size: 11409 bytes --]

flight 113607 qemu-mainline real [real]
http://logs.test-lab.xenproject.org/osstest/logs/113607/

Regressions :-(

Tests which did not succeed and are blocking,
including tests which could not be run:
 test-amd64-amd64-xl-qemuu-win7-amd64 16 guest-localmigrate/x10 fail REGR. vs. 113302
 test-armhf-armhf-xl-cubietruck 12 guest-start            fail REGR. vs. 113302

Regressions which are regarded as allowable (not blocking):
 test-amd64-i386-xl-qemuu-win7-amd64 17 guest-stop        fail REGR. vs. 113302

Tests which did not succeed, but are not blocking:
 test-armhf-armhf-libvirt-xsm 14 saverestore-support-check    fail  like 113302
 test-armhf-armhf-libvirt-raw 13 saverestore-support-check    fail  like 113302
 test-amd64-amd64-xl-rtds     10 debian-install               fail  like 113302
 test-armhf-armhf-libvirt     14 saverestore-support-check    fail  like 113302
 test-amd64-amd64-xl-qemuu-ws16-amd64 10 windows-install        fail never pass
 test-amd64-i386-libvirt-xsm  13 migrate-support-check        fail   never pass
 test-amd64-amd64-libvirt-xsm 13 migrate-support-check        fail   never pass
 test-amd64-amd64-libvirt     13 migrate-support-check        fail   never pass
 test-amd64-i386-libvirt      13 migrate-support-check        fail   never pass
 test-amd64-amd64-libvirt-qemuu-debianhvm-amd64-xsm 11 migrate-support-check fail never pass
 test-amd64-i386-libvirt-qemuu-debianhvm-amd64-xsm 11 migrate-support-check fail never pass
 test-armhf-armhf-xl-arndale  13 migrate-support-check        fail   never pass
 test-armhf-armhf-xl-arndale  14 saverestore-support-check    fail   never pass
 test-amd64-i386-libvirt-qcow2 12 migrate-support-check        fail  never pass
 test-amd64-amd64-libvirt-vhd 12 migrate-support-check        fail   never pass
 test-amd64-amd64-qemuu-nested-amd 17 debian-hvm-install/l1/l2  fail never pass
 test-armhf-armhf-xl-multivcpu 13 migrate-support-check        fail  never pass
 test-armhf-armhf-xl-multivcpu 14 saverestore-support-check    fail  never pass
 test-armhf-armhf-libvirt-xsm 13 migrate-support-check        fail   never pass
 test-armhf-armhf-xl-credit2  13 migrate-support-check        fail   never pass
 test-armhf-armhf-xl-credit2  14 saverestore-support-check    fail   never pass
 test-amd64-i386-xl-qemuu-ws16-amd64 13 guest-saverestore       fail never pass
 test-armhf-armhf-libvirt-raw 12 migrate-support-check        fail   never pass
 test-armhf-armhf-xl-rtds     13 migrate-support-check        fail   never pass
 test-armhf-armhf-xl-rtds     14 saverestore-support-check    fail   never pass
 test-armhf-armhf-xl          13 migrate-support-check        fail   never pass
 test-armhf-armhf-xl          14 saverestore-support-check    fail   never pass
 test-armhf-armhf-xl-xsm      13 migrate-support-check        fail   never pass
 test-armhf-armhf-xl-xsm      14 saverestore-support-check    fail   never pass
 test-armhf-armhf-xl-vhd      12 migrate-support-check        fail   never pass
 test-armhf-armhf-xl-vhd      13 saverestore-support-check    fail   never pass
 test-amd64-i386-xl-qemuu-win10-i386 10 windows-install         fail never pass
 test-amd64-amd64-xl-qemuu-win10-i386 10 windows-install        fail never pass
 test-armhf-armhf-libvirt     13 migrate-support-check        fail   never pass

version targeted for testing:
 qemuu                7ec6a364916c0d1eba01128481e503a550a2b466
baseline version:
 qemuu                a6e8c1dacfd37d34542e33600dcc50b7683b735a

Last test of basis   113302  2017-09-11 10:18:16 Z    8 days
Failing since        113345  2017-09-12 00:21:07 Z    8 days   15 attempts
Testing same since   113607  2017-09-19 16:17:55 Z    0 days    1 attempts

------------------------------------------------------------
People who touched revisions under test:
  Alex Bennée <alex.bennee@linaro.org>
  Alexander Graf <agraf@suse.de>
  Alexey Kardashevskiy <aik@ozlabs.ru>
  Alistair Francis <alistair.francis@xilinx.com>
  Amador Pahim <apahim@redhat.com>
  Benjamin Herrenschmidt <benh@kernel.crashing.org>
  Cornelia Huck <cohuck@redhat.com>
  Cédric Le Goater <clg@kaod.org>
  Daniel Henrique Barboza <danielhb@linux.vnet.ibm.com>
  Daniel P. Berrange <berrange@redhat.com>
  David Gibson <david@gibson.dropbear.id.au>
  David Hildenbrand <david@redhat.com>
  Dr. David Alan Gilbert <dgilbert@redhat.com>
  Eduardo Habkost <ehabkost@redhat.com>
  Eduardo Otubo <eduardo.otubo@profitbricks.com>
  Eduardo Otubo <otubo@redhat.com>
  Eric Auger <eric.auger@redhat.com>
  Eric Blake <eblake@redhat.com>
  Fam Zheng <famz@redhat.com>
  Feng Kan <fkan@apm.com>
  Gerd Hoffmann <kraxel@redhat.com>
  Gonglei <arei.gonglei@huawei.com>
  Greg Kurz <groug@kaod.org>
  Hannes Reinecke <hare@suse.com>
  Hannes Reinecke <hare@suse.de>
  Igor Mammedov <imammedo@redhat.com>
  Jaroslaw Pelczar <j.pelczar@samsung.com>
  John Snow <jsnow@redhat.com>
  Joseph Myers <joseph@codesourcery.com>
  Kamil Rytarowski <n54@gmx.com>
  Kevin Wolf <kwolf@redhat.com>
  Ladi Prosek <lprosek@redhat.com>
  Laurent Vivier <lvivier@redhat.com>
  Lluís Vilanova <vilanova@ac.upc.edu>
  Lukáš Doktor <ldoktor@redhat.com>
  Mao Zhongyi <maozy.fnst@cn.fujitsu.com>
  Mark Cave-Ayland <mark.cave-ayland@ilande.co.uk>
  Matt Parker <mtparkr@gmail.com>
  Mohammed Gamal <mohammed.gamal@profitbricks.com>
  Paolo Bonzini <pbonzini@redhat.com>
  Peter Maydell <peter.maydell@linaro.org>
  Peter Xu <peterx@redhat.com>
  Philippe Mathieu-Daudé <f4bug@amsat.org>
  Philippe Mathieu-Daudé <f4bug@amsat.org>
  Pranavkumar Sawargaonkar <pranavkumar@linaro.org>
  Prasad J Pandit <pjp@fedoraproject.org>
  Richard Henderson <richard.henderson@linaro.org>
  Richard W.M. Jones <rjones@redhat.com>
  Roman Kagan <rkagan@virtuozzo.com>
  Stefan Hajnoczi <stefanha@redhat.com>
  Thomas Huth <thuth@redhat.com>
  Tushar Jagad <tushar.jagad@linaro.org>
  Vadim Galitsyn <vadim.galitsyn@profitbricks.com>
  Vasilis Liaskovitis <vasilis.liaskovitis@profitbricks.com>
  Xiao Guangrong <xiaoguangrong.eric@gmail.com>

jobs:
 build-amd64-xsm                                              pass    
 build-armhf-xsm                                              pass    
 build-i386-xsm                                               pass    
 build-amd64                                                  pass    
 build-armhf                                                  pass    
 build-i386                                                   pass    
 build-amd64-libvirt                                          pass    
 build-armhf-libvirt                                          pass    
 build-i386-libvirt                                           pass    
 build-amd64-pvops                                            pass    
 build-armhf-pvops                                            pass    
 build-i386-pvops                                             pass    
 test-amd64-amd64-xl                                          pass    
 test-armhf-armhf-xl                                          pass    
 test-amd64-i386-xl                                           pass    
 test-amd64-amd64-libvirt-qemuu-debianhvm-amd64-xsm           pass    
 test-amd64-i386-libvirt-qemuu-debianhvm-amd64-xsm            pass    
 test-amd64-amd64-xl-qemuu-debianhvm-amd64-xsm                pass    
 test-amd64-i386-xl-qemuu-debianhvm-amd64-xsm                 pass    
 test-amd64-amd64-libvirt-xsm                                 pass    
 test-armhf-armhf-libvirt-xsm                                 pass    
 test-amd64-i386-libvirt-xsm                                  pass    
 test-amd64-amd64-xl-xsm                                      pass    
 test-armhf-armhf-xl-xsm                                      pass    
 test-amd64-i386-xl-xsm                                       pass    
 test-amd64-amd64-qemuu-nested-amd                            fail    
 test-amd64-amd64-xl-pvh-amd                                  pass    
 test-amd64-i386-qemuu-rhel6hvm-amd                           pass    
 test-amd64-amd64-xl-qemuu-debianhvm-amd64                    pass    
 test-amd64-i386-xl-qemuu-debianhvm-amd64                     pass    
 test-amd64-i386-freebsd10-amd64                              pass    
 test-amd64-amd64-xl-qemuu-ovmf-amd64                         pass    
 test-amd64-i386-xl-qemuu-ovmf-amd64                          pass    
 test-amd64-amd64-xl-qemuu-win7-amd64                         fail    
 test-amd64-i386-xl-qemuu-win7-amd64                          fail    
 test-amd64-amd64-xl-qemuu-ws16-amd64                         fail    
 test-amd64-i386-xl-qemuu-ws16-amd64                          fail    
 test-armhf-armhf-xl-arndale                                  pass    
 test-amd64-amd64-xl-credit2                                  pass    
 test-armhf-armhf-xl-credit2                                  pass    
 test-armhf-armhf-xl-cubietruck                               fail    
 test-amd64-i386-freebsd10-i386                               pass    
 test-amd64-amd64-xl-qemuu-win10-i386                         fail    
 test-amd64-i386-xl-qemuu-win10-i386                          fail    
 test-amd64-amd64-qemuu-nested-intel                          pass    
 test-amd64-amd64-xl-pvh-intel                                pass    
 test-amd64-i386-qemuu-rhel6hvm-intel                         pass    
 test-amd64-amd64-libvirt                                     pass    
 test-armhf-armhf-libvirt                                     pass    
 test-amd64-i386-libvirt                                      pass    
 test-amd64-amd64-xl-multivcpu                                pass    
 test-armhf-armhf-xl-multivcpu                                pass    
 test-amd64-amd64-pair                                        pass    
 test-amd64-i386-pair                                         pass    
 test-amd64-amd64-libvirt-pair                                pass    
 test-amd64-i386-libvirt-pair                                 pass    
 test-amd64-amd64-amd64-pvgrub                                pass    
 test-amd64-amd64-i386-pvgrub                                 pass    
 test-amd64-amd64-pygrub                                      pass    
 test-amd64-i386-libvirt-qcow2                                pass    
 test-amd64-amd64-xl-qcow2                                    pass    
 test-armhf-armhf-libvirt-raw                                 pass    
 test-amd64-i386-xl-raw                                       pass    
 test-amd64-amd64-xl-rtds                                     fail    
 test-armhf-armhf-xl-rtds                                     pass    
 test-amd64-amd64-libvirt-vhd                                 pass    
 test-armhf-armhf-xl-vhd                                      pass    


------------------------------------------------------------
sg-report-flight on osstest.test-lab.xenproject.org
logs: /home/logs/logs
images: /home/logs/images

Logs, config files, etc. are available at
    http://logs.test-lab.xenproject.org/osstest/logs

Explanation of these reports, and of osstest in general, is at
    http://xenbits.xen.org/gitweb/?p=osstest.git;a=blob;f=README.email;hb=master
    http://xenbits.xen.org/gitweb/?p=osstest.git;a=blob;f=README;hb=master

Test harness code can be found at
    http://xenbits.xen.org/gitweb?p=osstest.git;a=summary


Not pushing.

(No revision log; it would be 3602 lines long.)


[-- Attachment #2: Type: text/plain, Size: 127 bytes --]

_______________________________________________
Xen-devel mailing list
Xen-devel@lists.xen.org
https://lists.xen.org/xen-devel

^ permalink raw reply	[flat|nested] only message in thread

only message in thread, other threads:[~2017-09-20  2:30 UTC | newest]

Thread overview: (only message) (download: mbox.gz follow: Atom feed
-- links below jump to the message on this page --
2017-09-20  2:30 [qemu-mainline test] 113607: regressions - FAIL osstest service owner

This is a public inbox, see mirroring instructions
for how to clone and mirror all data and code used for this inbox;
as well as URLs for NNTP newsgroup(s).