From: osstest service owner <osstest-admin@xenproject.org>
To: xen-devel@lists.xensource.com, osstest-admin@xenproject.org
Subject: [linux-linus test] 113615: regressions - FAIL
Date: Wed, 20 Sep 2017 12:22:57 +0000 [thread overview]
Message-ID: <osstest-113615-mainreport@xen.org> (raw)
[-- Attachment #1: Type: text/plain, Size: 22586 bytes --]
flight 113615 linux-linus real [real]
http://logs.test-lab.xenproject.org/osstest/logs/113615/
Regressions :-(
Tests which did not succeed and are blocking,
including tests which could not be run:
test-armhf-armhf-xl-vhd 6 xen-install fail REGR. vs. 113605
Regressions which are regarded as allowable (not blocking):
test-amd64-i386-rumprun-i386 17 rumprun-demo-xenstorels/xenstorels.repeat fail REGR. vs. 113605
test-amd64-amd64-xl-qemuu-win7-amd64 17 guest-stop fail REGR. vs. 113605
test-amd64-i386-xl-qemut-win7-amd64 17 guest-stop fail REGR. vs. 113605
Tests which did not succeed, but are not blocking:
test-amd64-amd64-xl-qemut-win7-amd64 17 guest-stop fail blocked in 113605
test-armhf-armhf-libvirt 14 saverestore-support-check fail like 113605
test-armhf-armhf-libvirt-xsm 14 saverestore-support-check fail like 113605
test-amd64-amd64-xl-rtds 10 debian-install fail like 113605
test-armhf-armhf-libvirt-raw 13 saverestore-support-check fail like 113605
test-amd64-amd64-xl-qemut-ws16-amd64 10 windows-install fail never pass
test-amd64-amd64-libvirt-xsm 13 migrate-support-check fail never pass
test-amd64-i386-libvirt 13 migrate-support-check fail never pass
test-amd64-amd64-libvirt 13 migrate-support-check fail never pass
test-amd64-i386-libvirt-xsm 13 migrate-support-check fail never pass
test-amd64-amd64-libvirt-qemuu-debianhvm-amd64-xsm 11 migrate-support-check fail never pass
test-amd64-i386-libvirt-qemuu-debianhvm-amd64-xsm 11 migrate-support-check fail never pass
test-amd64-i386-libvirt-qcow2 12 migrate-support-check fail never pass
test-amd64-amd64-libvirt-vhd 12 migrate-support-check fail never pass
test-amd64-amd64-qemuu-nested-amd 17 debian-hvm-install/l1/l2 fail never pass
test-armhf-armhf-libvirt 13 migrate-support-check fail never pass
test-armhf-armhf-xl 13 migrate-support-check fail never pass
test-armhf-armhf-xl 14 saverestore-support-check fail never pass
test-armhf-armhf-xl-cubietruck 13 migrate-support-check fail never pass
test-armhf-armhf-xl-cubietruck 14 saverestore-support-check fail never pass
test-armhf-armhf-xl-arndale 13 migrate-support-check fail never pass
test-armhf-armhf-xl-arndale 14 saverestore-support-check fail never pass
test-amd64-i386-xl-qemuu-ws16-amd64 13 guest-saverestore fail never pass
test-amd64-amd64-xl-qemuu-ws16-amd64 10 windows-install fail never pass
test-armhf-armhf-xl-multivcpu 13 migrate-support-check fail never pass
test-armhf-armhf-xl-multivcpu 14 saverestore-support-check fail never pass
test-amd64-i386-xl-qemut-ws16-amd64 13 guest-saverestore fail never pass
test-armhf-armhf-xl-rtds 13 migrate-support-check fail never pass
test-armhf-armhf-xl-rtds 14 saverestore-support-check fail never pass
test-armhf-armhf-xl-credit2 13 migrate-support-check fail never pass
test-armhf-armhf-xl-credit2 14 saverestore-support-check fail never pass
test-armhf-armhf-libvirt-xsm 13 migrate-support-check fail never pass
test-armhf-armhf-xl-xsm 13 migrate-support-check fail never pass
test-armhf-armhf-xl-xsm 14 saverestore-support-check fail never pass
test-amd64-amd64-xl-qemut-win10-i386 10 windows-install fail never pass
test-amd64-i386-xl-qemuu-win10-i386 10 windows-install fail never pass
test-amd64-amd64-xl-qemuu-win10-i386 10 windows-install fail never pass
test-amd64-i386-xl-qemut-win10-i386 10 windows-install fail never pass
test-armhf-armhf-libvirt-raw 12 migrate-support-check fail never pass
version targeted for testing:
linux 820bf5c419e4b85298e5c3001bd1b5be46d60765
baseline version:
linux 12fcf66e74b16b96e57fc1ce32bdf27b3a426fd0
Last test of basis 113605 2017-09-19 15:52:58 Z 0 days
Testing same since 113615 2017-09-20 03:19:38 Z 0 days 1 attempts
------------------------------------------------------------
People who touched revisions under test:
"Eric W. Biederman" <ebiederm@xmission.com>
Arnd Bergmann <arnd@arndb.de>
Christoph Hellwig <hch@lst.de>
Eric W. Biederman <ebiederm@xmission.com>
Hannes Reinecke <hare@suse.com>
Hannes Reinecke <hare@suse.de>
Haozhong Zhang <haozhong.zhang@intel.com>
Jan H. Schönherr <jschoenh@amazon.de>
Linus Torvalds <torvalds@linux-foundation.org>
Lukas Czerner <lczerner@redhat.com>
Martin K. Petersen <martin.petersen@oracle.com>
Radim KrÄmáŠ<rkrcmar@redhat.com>
Yu Zhang <yu.c.zhang@linux.intel.com>
jobs:
build-amd64-xsm pass
build-armhf-xsm pass
build-i386-xsm pass
build-amd64 pass
build-armhf pass
build-i386 pass
build-amd64-libvirt pass
build-armhf-libvirt pass
build-i386-libvirt pass
build-amd64-pvops pass
build-armhf-pvops pass
build-i386-pvops pass
build-amd64-rumprun pass
build-i386-rumprun pass
test-amd64-amd64-xl pass
test-armhf-armhf-xl pass
test-amd64-i386-xl pass
test-amd64-amd64-xl-qemut-debianhvm-amd64-xsm pass
test-amd64-i386-xl-qemut-debianhvm-amd64-xsm pass
test-amd64-amd64-libvirt-qemuu-debianhvm-amd64-xsm pass
test-amd64-i386-libvirt-qemuu-debianhvm-amd64-xsm pass
test-amd64-amd64-xl-qemuu-debianhvm-amd64-xsm pass
test-amd64-i386-xl-qemuu-debianhvm-amd64-xsm pass
test-amd64-amd64-xl-qemut-stubdom-debianhvm-amd64-xsm pass
test-amd64-i386-xl-qemut-stubdom-debianhvm-amd64-xsm pass
test-amd64-amd64-libvirt-xsm pass
test-armhf-armhf-libvirt-xsm pass
test-amd64-i386-libvirt-xsm pass
test-amd64-amd64-xl-xsm pass
test-armhf-armhf-xl-xsm pass
test-amd64-i386-xl-xsm pass
test-amd64-amd64-qemuu-nested-amd fail
test-amd64-amd64-xl-pvh-amd pass
test-amd64-i386-qemut-rhel6hvm-amd pass
test-amd64-i386-qemuu-rhel6hvm-amd pass
test-amd64-amd64-xl-qemut-debianhvm-amd64 pass
test-amd64-i386-xl-qemut-debianhvm-amd64 pass
test-amd64-amd64-xl-qemuu-debianhvm-amd64 pass
test-amd64-i386-xl-qemuu-debianhvm-amd64 pass
test-amd64-i386-freebsd10-amd64 pass
test-amd64-amd64-xl-qemuu-ovmf-amd64 pass
test-amd64-i386-xl-qemuu-ovmf-amd64 pass
test-amd64-amd64-rumprun-amd64 pass
test-amd64-amd64-xl-qemut-win7-amd64 fail
test-amd64-i386-xl-qemut-win7-amd64 fail
test-amd64-amd64-xl-qemuu-win7-amd64 fail
test-amd64-i386-xl-qemuu-win7-amd64 pass
test-amd64-amd64-xl-qemut-ws16-amd64 fail
test-amd64-i386-xl-qemut-ws16-amd64 fail
test-amd64-amd64-xl-qemuu-ws16-amd64 fail
test-amd64-i386-xl-qemuu-ws16-amd64 fail
test-armhf-armhf-xl-arndale pass
test-amd64-amd64-xl-credit2 pass
test-armhf-armhf-xl-credit2 pass
test-armhf-armhf-xl-cubietruck pass
test-amd64-amd64-examine pass
test-armhf-armhf-examine pass
test-amd64-i386-examine pass
test-amd64-i386-freebsd10-i386 pass
test-amd64-i386-rumprun-i386 fail
test-amd64-amd64-xl-qemut-win10-i386 fail
test-amd64-i386-xl-qemut-win10-i386 fail
test-amd64-amd64-xl-qemuu-win10-i386 fail
test-amd64-i386-xl-qemuu-win10-i386 fail
test-amd64-amd64-qemuu-nested-intel pass
test-amd64-amd64-xl-pvh-intel pass
test-amd64-i386-qemut-rhel6hvm-intel pass
test-amd64-i386-qemuu-rhel6hvm-intel pass
test-amd64-amd64-libvirt pass
test-armhf-armhf-libvirt pass
test-amd64-i386-libvirt pass
test-amd64-amd64-xl-multivcpu pass
test-armhf-armhf-xl-multivcpu pass
test-amd64-amd64-pair pass
test-amd64-i386-pair pass
test-amd64-amd64-libvirt-pair pass
test-amd64-i386-libvirt-pair pass
test-amd64-amd64-amd64-pvgrub pass
test-amd64-amd64-i386-pvgrub pass
test-amd64-amd64-pygrub pass
test-amd64-i386-libvirt-qcow2 pass
test-amd64-amd64-xl-qcow2 pass
test-armhf-armhf-libvirt-raw pass
test-amd64-i386-xl-raw pass
test-amd64-amd64-xl-rtds fail
test-armhf-armhf-xl-rtds pass
test-amd64-amd64-libvirt-vhd pass
test-armhf-armhf-xl-vhd fail
------------------------------------------------------------
sg-report-flight on osstest.test-lab.xenproject.org
logs: /home/logs/logs
images: /home/logs/images
Logs, config files, etc. are available at
http://logs.test-lab.xenproject.org/osstest/logs
Explanation of these reports, and of osstest in general, is at
http://xenbits.xen.org/gitweb/?p=osstest.git;a=blob;f=README.email;hb=master
http://xenbits.xen.org/gitweb/?p=osstest.git;a=blob;f=README;hb=master
Test harness code can be found at
http://xenbits.xen.org/gitweb?p=osstest.git;a=summary
Not pushing.
------------------------------------------------------------
commit 820bf5c419e4b85298e5c3001bd1b5be46d60765
Merge: b8350cd 3e00974
Author: Linus Torvalds <torvalds@linux-foundation.org>
Date: Tue Sep 19 17:09:55 2017 -1000
Merge tag 'scsi-fixes' of git://git.kernel.org/pub/scm/linux/kernel/git/jejb/scsi
Pull SCSI fixes from James Bottomley:
"This is a set of five small fixes: one is a null deref fix which is
pretty critical for the fc transport class and one fixes a potential
security issue of sg leaking kernel information"
* tag 'scsi-fixes' of git://git.kernel.org/pub/scm/linux/kernel/git/jejb/scsi:
scsi: sg: fixup infoleak when using SG_GET_REQUEST_TABLE
scsi: sg: factor out sg_fill_request_table()
scsi: sd: Remove unnecessary condition in sd_read_block_limits()
scsi: acornscsi: fix build error
scsi: scsi_transport_fc: fix NULL pointer dereference in fc_bsg_job_timeout
commit b8350cd00407a121e10727d9591026d6194714b7
Merge: 94686c3 54640d2
Author: Linus Torvalds <torvalds@linux-foundation.org>
Date: Tue Sep 19 17:07:18 2017 -1000
Merge branch 'for-linus' of git://git.kernel.org/pub/scm/linux/kernel/git/ebiederm/user-namespace
Pull si_code fix from Eric Biederman:
"When sorting out the si_code ambiguity fcntl I accidentally overshot
and included SIGPOLL as well. Ooops! This is my trivial fix for that.
Vince Weaver caught this when it landed in your tree with his
perf_event_tests many of which started failing because the si_code
changed"
Quoth Vince Weaver:
"I've tested with this patch applied and can confirm all of my tests
now pass again"
Fixes: d08477aa975e ("fcntl: Don't use ambiguous SIG_POLL si_codes")
* 'for-linus' of git://git.kernel.org/pub/scm/linux/kernel/git/ebiederm/user-namespace:
fcntl: Don't set si_code to SI_SIGIO when sig == SIGPOLL
commit 94686c3c9410403278cea071bac97ed034cf19bd
Merge: 12fcf66 5753743f
Author: Linus Torvalds <torvalds@linux-foundation.org>
Date: Tue Sep 19 17:05:53 2017 -1000
Merge tag 'for-linus' of git://git.kernel.org/pub/scm/virt/kvm/kvm
Pull KVM fixes from Radim KrÄmáÅ:
- fix build without CONFIG_HAVE_KVM_IRQ_ROUTING
- fix NULL access in x86 CR access
- fix race with VMX posted interrups
* tag 'for-linus' of git://git.kernel.org/pub/scm/virt/kvm/kvm:
KVM: VMX: remove WARN_ON_ONCE in kvm_vcpu_trigger_posted_interrupt
KVM: VMX: do not change SN bit in vmx_update_pi_irte()
KVM: x86: Fix the NULL pointer parameter in check_cr_write()
Revert "KVM: Don't accept obviously wrong gsi values via KVM_IRQFD"
commit 5753743fa5108b8f98bd61e40dc63f641b26c768
Author: Haozhong Zhang <haozhong.zhang@intel.com>
Date: Mon Sep 18 09:56:50 2017 +0800
KVM: VMX: remove WARN_ON_ONCE in kvm_vcpu_trigger_posted_interrupt
WARN_ON_ONCE(pi_test_sn(&vmx->pi_desc)) in kvm_vcpu_trigger_posted_interrupt()
intends to detect the violation of invariant that VT-d PI notification
event is not suppressed when vcpu is in the guest mode. Because the
two checks for the target vcpu mode and the target suppress field
cannot be performed atomically, the target vcpu mode may change in
between. If that does happen, WARN_ON_ONCE() here may raise false
alarms.
As the previous patch fixed the real invariant breaker, remove this
WARN_ON_ONCE() to avoid false alarms, and document the allowed cases
instead.
Signed-off-by: Haozhong Zhang <haozhong.zhang@intel.com>
Reported-by: "Ramamurthy, Venkatesh" <venkatesh.ramamurthy@intel.com>
Reported-by: Dan Williams <dan.j.williams@intel.com>
Reviewed-by: Paolo Bonzini <pbonzini@redhat.com>
Fixes: 28b835d60fcc ("KVM: Update Posted-Interrupts Descriptor when vCPU is preempted")
Signed-off-by: Radim KrÄmáŠ<rkrcmar@redhat.com>
commit dc91f2eb1a4021eb6705c15e474942f84ab9b211
Author: Haozhong Zhang <haozhong.zhang@intel.com>
Date: Mon Sep 18 09:56:49 2017 +0800
KVM: VMX: do not change SN bit in vmx_update_pi_irte()
In kvm_vcpu_trigger_posted_interrupt() and pi_pre_block(), KVM
assumes that PI notification events should not be suppressed when the
target vCPU is not blocked.
vmx_update_pi_irte() sets the SN field before changing an interrupt
from posting to remapping, but it does not check the vCPU mode.
Therefore, the change of SN field may break above the assumption.
Besides, I don't see reasons to suppress notification events here, so
remove the changes of SN field to avoid race condition.
Signed-off-by: Haozhong Zhang <haozhong.zhang@intel.com>
Reported-by: "Ramamurthy, Venkatesh" <venkatesh.ramamurthy@intel.com>
Reported-by: Dan Williams <dan.j.williams@intel.com>
Reviewed-by: Paolo Bonzini <pbonzini@redhat.com>
Fixes: 28b835d60fcc ("KVM: Update Posted-Interrupts Descriptor when vCPU is preempted")
Signed-off-by: Radim KrÄmáŠ<rkrcmar@redhat.com>
commit d6500149bc4fddc5a91cd1a0c31b38fa36bff3ee
Author: Yu Zhang <yu.c.zhang@linux.intel.com>
Date: Mon Sep 18 18:45:01 2017 +0800
KVM: x86: Fix the NULL pointer parameter in check_cr_write()
Routine check_cr_write() will trigger emulator_get_cpuid()->
kvm_cpuid() to get maxphyaddr, and NULL is passed as values
for ebx/ecx/edx. This is problematic because kvm_cpuid() will
dereference these pointers.
Fixes: d1cd3ce90044 ("KVM: MMU: check guest CR3 reserved bits based on its physical address width.")
Reported-by: Jim Mattson <jmattson@google.com>
Signed-off-by: Yu Zhang <yu.c.zhang@linux.intel.com>
Reviewed-by: David Hildenbrand <david@redhat.com>
Reviewed-by: Jim Mattson <jmattson@google.com>
Signed-off-by: Radim KrÄmáŠ<rkrcmar@redhat.com>
commit 95e2a3b3ef177730019e3799917193595133b275
Author: Jan H. Schönherr <jschoenh@amazon.de>
Date: Sat Sep 16 22:12:24 2017 +0200
Revert "KVM: Don't accept obviously wrong gsi values via KVM_IRQFD"
This reverts commit 36ae3c0a36b7456432fedce38ae2f7bd3e01a563.
The commit broke compilation on !CONFIG_HAVE_KVM_IRQ_ROUTING. Also,
there may be cases with CONFIG_HAVE_KVM_IRQ_ROUTING, where larger
gsi values make sense.
As the commit was meant as an early indicator to user space that
something is wrong, reverting just restores the previous behavior
where overly large values are ignored when encountered (without
any direct feedback).
Reported-by: Abdul Haleem <abdhalee@linux.vnet.ibm.com>
Signed-off-by: Jan H. Schönherr <jschoenh@amazon.de>
Reviewed-by: David Hildenbrand <david@redhat.com>
Signed-off-by: Radim KrÄmáŠ<rkrcmar@redhat.com>
commit 54640d238760a1a54dfebe039b49682522100186
Author: Eric W. Biederman <ebiederm@xmission.com>
Date: Mon Sep 18 22:51:14 2017 -0500
fcntl: Don't set si_code to SI_SIGIO when sig == SIGPOLL
When fixing things to avoid ambiguous cases I had a thinko
and included SIGPOLL/SIGIO in with all of the other signals
that have signal specific si_codes. Which is completely wrong.
Fix that.
Reported-by: Vince Weaver <vincent.weaver@maine.edu>
Signed-off-by: "Eric W. Biederman" <ebiederm@xmission.com>
commit 3e0097499839e0fe3af380410eababe5a47c4cf9
Author: Hannes Reinecke <hare@suse.de>
Date: Fri Sep 15 14:05:16 2017 +0200
scsi: sg: fixup infoleak when using SG_GET_REQUEST_TABLE
When calling SG_GET_REQUEST_TABLE ioctl only a half-filled table is
returned; the remaining part will then contain stale kernel memory
information. This patch zeroes out the entire table to avoid this
issue.
Signed-off-by: Hannes Reinecke <hare@suse.com>
Reviewed-by: Bart Van Assche <bart.vanassche@wdc.com>
Reviewed-by: Christoph Hellwig <hch@lst.de>
Reviewed-by: Eric Dumazet <edumazet@google.com>
Signed-off-by: Martin K. Petersen <martin.petersen@oracle.com>
commit 4759df905a474d245752c9dc94288e779b8734dd
Author: Hannes Reinecke <hare@suse.de>
Date: Fri Sep 15 14:05:15 2017 +0200
scsi: sg: factor out sg_fill_request_table()
Factor out sg_fill_request_table() for better readability.
[mkp: typos, applied by hand]
Signed-off-by: Hannes Reinecke <hare@suse.com>
Reviewed-by: Bart Van Assche <bart.vanassche@wdc.com>
Reviewed-by: Christoph Hellwig <hch@lst.de>
Signed-off-by: Martin K. Petersen <martin.petersen@oracle.com>
commit 9c95be0163a0a699ed7eda4727f485f8453580ef
Author: Lukas Czerner <lczerner@redhat.com>
Date: Wed Sep 13 16:29:46 2017 +0200
scsi: sd: Remove unnecessary condition in sd_read_block_limits()
After series of changes around WRITE_SAME and UNMAP setup we ended up
with leftover unnecessary condition. Remove it.
Signed-off-by: Lukas Czerner <lczerner@redhat.com>
Reviewed-by: Bart Van Assche <bart.vanassche@wdc.com>
Signed-off-by: Martin K. Petersen <martin.petersen@oracle.com>
commit fd536998314a9dc54f384fa16287321edb81602a
Author: Arnd Bergmann <arnd@arndb.de>
Date: Mon Sep 11 22:00:57 2017 +0200
scsi: acornscsi: fix build error
A cleanup patch introduced a fatal typo from inbalanced curly braces:
drivers/scsi/arm/acornscsi.c: In function 'acornscsi_host_reset':
drivers/scsi/arm/acornscsi.c:2773:1: error: ISO C90 forbids mixed declarations and code [-Werror=declaration-after-statement]
drivers/scsi/arm/acornscsi.c:2795:12: error: invalid storage class for function 'acornscsi_show_info'
static int acornscsi_show_info(struct seq_file *m, struct Scsi_Host *instance)
The same patch incorrectly changed the argument type of the reset
handler, as shown by this warning:
drivers/scsi/arm/acornscsi.c:2888:27: error: initialization of 'int (*)(struct scsi_cmnd *)' from incompatible pointer type 'int (*)(struct Scsi_Host *)' [-Werror=incompatible-pointer-types]
.eh_host_reset_handler = acornscsi_host_reset,
This removes one the extraneous opening brace and reverts the
argument type change.
[mkp: fixed checkpatch complaint]
Fixes: 74fa80ee3fae ("scsi: acornscsi: move bus reset to host reset")
Signed-off-by: Arnd Bergmann <arnd@arndb.de>
Reviewed-by: Johannes Thumshirn <jthumshirn@suse.de>
Signed-off-by: Martin K. Petersen <martin.petersen@oracle.com>
commit b468b6a4969f9bdddb31d484f151bfa03fbee767
Author: Christoph Hellwig <hch@lst.de>
Date: Thu Sep 7 13:54:36 2017 +0200
scsi: scsi_transport_fc: fix NULL pointer dereference in fc_bsg_job_timeout
bsg-lib now embeddeds the job structure into the request, and
req->special can't be used anymore.
Signed-off-by: Christoph Hellwig <hch@lst.de>
Cc: stable@vger.kernel.org
Reviewed-by: Ming Lei <ming.lei@redhat.com>
Signed-off-by: Martin K. Petersen <martin.petersen@oracle.com>
[-- Attachment #2: Type: text/plain, Size: 127 bytes --]
_______________________________________________
Xen-devel mailing list
Xen-devel@lists.xen.org
https://lists.xen.org/xen-devel
reply other threads:[~2017-09-20 12:22 UTC|newest]
Thread overview: [no followups] expand[flat|nested] mbox.gz Atom feed
Reply instructions:
You may reply publicly to this message via plain-text email
using any one of the following methods:
* Save the following mbox file, import it into your mail client,
and reply-to-all from there: mbox
Avoid top-posting and favor interleaved quoting:
https://en.wikipedia.org/wiki/Posting_style#Interleaved_style
* Reply using the --to, --cc, and --in-reply-to
switches of git-send-email(1):
git send-email \
--in-reply-to=osstest-113615-mainreport@xen.org \
--to=osstest-admin@xenproject.org \
--cc=xen-devel@lists.xensource.com \
/path/to/YOUR_REPLY
https://kernel.org/pub/software/scm/git/docs/git-send-email.html
* If your mail client supports setting the In-Reply-To header
via mailto: links, try the mailto: link
Be sure your reply has a Subject: header at the top and a blank line
before the message body.
This is a public inbox, see mirroring instructions
for how to clone and mirror all data and code used for this inbox;
as well as URLs for NNTP newsgroup(s).