* [linux-4.9 test] 113620: regressions - FAIL
@ 2017-09-20 16:34 osstest service owner
0 siblings, 0 replies; only message in thread
From: osstest service owner @ 2017-09-20 16:34 UTC (permalink / raw)
To: xen-devel, osstest-admin
flight 113620 linux-4.9 real [real]
http://logs.test-lab.xenproject.org/osstest/logs/113620/
Regressions :-(
Tests which did not succeed and are blocking,
including tests which could not be run:
test-amd64-amd64-xl-qemuu-debianhvm-amd64-xsm 10 debian-hvm-install fail REGR. vs. 113479
test-amd64-amd64-xl-qemut-debianhvm-amd64 10 debian-hvm-install fail REGR. vs. 113479
Tests which did not succeed, but are not blocking:
test-amd64-amd64-xl-qemut-win7-amd64 18 guest-start/win.repeat fail like 113425
test-amd64-i386-xl-qemuu-win7-amd64 16 guest-localmigrate/x10 fail like 113458
test-amd64-i386-xl-qemut-win7-amd64 16 guest-localmigrate/x10 fail like 113458
test-armhf-armhf-xl-rtds 16 guest-start/debian.repeat fail like 113479
test-amd64-amd64-xl-rtds 10 debian-install fail like 113479
test-amd64-i386-libvirt-xsm 13 migrate-support-check fail never pass
test-amd64-amd64-libvirt-xsm 13 migrate-support-check fail never pass
test-amd64-i386-libvirt 13 migrate-support-check fail never pass
test-amd64-amd64-libvirt 13 migrate-support-check fail never pass
test-amd64-amd64-xl-qemut-ws16-amd64 10 windows-install fail never pass
test-amd64-amd64-libvirt-qemuu-debianhvm-amd64-xsm 11 migrate-support-check fail never pass
test-amd64-i386-libvirt-qcow2 12 migrate-support-check fail never pass
test-amd64-amd64-qemuu-nested-amd 17 debian-hvm-install/l1/l2 fail never pass
test-amd64-amd64-libvirt-vhd 12 migrate-support-check fail never pass
test-armhf-armhf-xl-rtds 13 migrate-support-check fail never pass
test-armhf-armhf-xl-rtds 14 saverestore-support-check fail never pass
test-armhf-armhf-libvirt-xsm 13 migrate-support-check fail never pass
test-armhf-armhf-xl-cubietruck 13 migrate-support-check fail never pass
test-armhf-armhf-xl-cubietruck 14 saverestore-support-check fail never pass
test-armhf-armhf-libvirt-xsm 14 saverestore-support-check fail never pass
test-armhf-armhf-xl 13 migrate-support-check fail never pass
test-armhf-armhf-xl 14 saverestore-support-check fail never pass
test-amd64-i386-xl-qemuu-ws16-amd64 13 guest-saverestore fail never pass
test-armhf-armhf-xl-multivcpu 13 migrate-support-check fail never pass
test-armhf-armhf-xl-multivcpu 14 saverestore-support-check fail never pass
test-amd64-amd64-xl-qemuu-ws16-amd64 10 windows-install fail never pass
test-amd64-i386-xl-qemut-ws16-amd64 13 guest-saverestore fail never pass
test-armhf-armhf-libvirt-raw 12 migrate-support-check fail never pass
test-armhf-armhf-libvirt-raw 13 saverestore-support-check fail never pass
test-amd64-i386-libvirt-qemuu-debianhvm-amd64-xsm 11 migrate-support-check fail never pass
test-armhf-armhf-xl-credit2 13 migrate-support-check fail never pass
test-armhf-armhf-xl-credit2 14 saverestore-support-check fail never pass
test-armhf-armhf-xl-arndale 13 migrate-support-check fail never pass
test-armhf-armhf-xl-arndale 14 saverestore-support-check fail never pass
test-armhf-armhf-xl-xsm 13 migrate-support-check fail never pass
test-armhf-armhf-xl-xsm 14 saverestore-support-check fail never pass
test-armhf-armhf-xl-vhd 12 migrate-support-check fail never pass
test-armhf-armhf-xl-vhd 13 saverestore-support-check fail never pass
test-amd64-i386-xl-qemut-win10-i386 10 windows-install fail never pass
test-amd64-amd64-xl-qemuu-win10-i386 10 windows-install fail never pass
test-amd64-amd64-xl-qemut-win10-i386 10 windows-install fail never pass
test-amd64-i386-xl-qemuu-win10-i386 10 windows-install fail never pass
test-armhf-armhf-libvirt 13 migrate-support-check fail never pass
test-armhf-armhf-libvirt 14 saverestore-support-check fail never pass
version targeted for testing:
linux 089d7720383d7bc9ca6b8824a05dfa66f80d1f41
baseline version:
linux 4ad5dcaca7428dd2bc1a6a40c948e3799c1e27ae
Last test of basis 113479 2017-09-15 15:56:10 Z 5 days
Testing same since 113620 2017-09-20 06:49:19 Z 0 days 1 attempts
------------------------------------------------------------
People who touched revisions under test:
Alexei Starovoitov <ast@kernel.org>
Amir Goldstein <amir73il@gmail.com>
Andy Lutomirski <luto@kernel.org>
Arnd Bergmann <arnd@arndb.de>
Benjamin Poirier <bpoirier@suse.com>
Brian Foster <bfoster@redhat.com>
Carlos Maiolino <cmaiolino@redhat.com>
Christoph Hellwig <hch@lst.de>
Claudiu Manoil <claudiu.manoil@nxp.com>
Darrick J. Wong <darrick.wong@oracle.com>
David S. Miller <davem@davemloft.net>
Eric Dumazet <edumazet@google.com>
Eric Sandeen <sandeen@redhat.com>
Eric Sandeen <sandeen@sandeen.net>
Florian Fainelli <f.fainelli@gmail.com>
Florian Westphal <fw@strlen.de>
Greg Kroah-Hartman <gregkh@linuxfoundation.org>
Haishuang Yan <yanhaishuang@cmss.chinamobile.com>
Ido Schimmel <idosch@mellanox.com>
Ingo Molnar <mingo@kernel.org>
Jaegeuk Kim <jaegeuk@kernel.org>
Jan Kara <jack@suse.cz>
Jason Wang <jasowang@redhat.com>
Jesper Dangaard Brouer <brouer@redhat.com>
Jiri Pirko <jiri@mellanox.com>
Lukas Czerner <lczerner@redhat.com>
Marcelo Ricardo Leitner <marcelo.leitner@gmail.com>
Martin KaFai Lau <kafai@fb.com>
Neal Cardwell <ncardwell@google.com>
Nikolay Aleksandrov <nikolay@cumulusnetworks.com>
Nogah Frankel <nogahf@mellanox.com>
Omar Sandoval <osandov@fb.com>
Pan Bian <bianpan2016@163.com>
Paolo Abeni <pabeni@redhat.com>
Paul Menzel <pmenzel@molgen.mpg.de>
Sabrina Dubroca <sd@queasysnail.net>
Shaohua Li <shli@fb.com>
Song Liu <songliubraving@fb.com>
Stefano Brivio <sbrivio@redhat.com>
Steffen Klassert <steffen.klassert@secunet.com>
stephen hemminger <stephen@networkplumber.org>
Stephen Hemminger <sthemmin@microsoft.com>
Tom Herbert <tom@quantonium.net>
Wei Wang <weiwan@google.com>
Willem de Bruijn <willemb@google.com>
Xin Long <lucien.xin@gmail.com>
Yotam Gigi <yotamg@mellanox.com>
Yuchung Cheng <ycheng@google.com>
jobs:
build-amd64-xsm pass
build-armhf-xsm pass
build-i386-xsm pass
build-amd64 pass
build-armhf pass
build-i386 pass
build-amd64-libvirt pass
build-armhf-libvirt pass
build-i386-libvirt pass
build-amd64-pvops pass
build-armhf-pvops pass
build-i386-pvops pass
build-amd64-rumprun pass
build-i386-rumprun pass
test-amd64-amd64-xl pass
test-armhf-armhf-xl pass
test-amd64-i386-xl pass
test-amd64-amd64-xl-qemut-debianhvm-amd64-xsm pass
test-amd64-i386-xl-qemut-debianhvm-amd64-xsm pass
test-amd64-amd64-libvirt-qemuu-debianhvm-amd64-xsm pass
test-amd64-i386-libvirt-qemuu-debianhvm-amd64-xsm pass
test-amd64-amd64-xl-qemuu-debianhvm-amd64-xsm fail
test-amd64-i386-xl-qemuu-debianhvm-amd64-xsm pass
test-amd64-amd64-xl-qemut-stubdom-debianhvm-amd64-xsm pass
test-amd64-i386-xl-qemut-stubdom-debianhvm-amd64-xsm pass
test-amd64-amd64-libvirt-xsm pass
test-armhf-armhf-libvirt-xsm pass
test-amd64-i386-libvirt-xsm pass
test-amd64-amd64-xl-xsm pass
test-armhf-armhf-xl-xsm pass
test-amd64-i386-xl-xsm pass
test-amd64-amd64-qemuu-nested-amd fail
test-amd64-amd64-xl-pvh-amd pass
test-amd64-i386-qemut-rhel6hvm-amd pass
test-amd64-i386-qemuu-rhel6hvm-amd pass
test-amd64-amd64-xl-qemut-debianhvm-amd64 fail
test-amd64-i386-xl-qemut-debianhvm-amd64 pass
test-amd64-amd64-xl-qemuu-debianhvm-amd64 pass
test-amd64-i386-xl-qemuu-debianhvm-amd64 pass
test-amd64-i386-freebsd10-amd64 pass
test-amd64-amd64-xl-qemuu-ovmf-amd64 pass
test-amd64-i386-xl-qemuu-ovmf-amd64 pass
test-amd64-amd64-rumprun-amd64 pass
test-amd64-amd64-xl-qemut-win7-amd64 fail
test-amd64-i386-xl-qemut-win7-amd64 fail
test-amd64-amd64-xl-qemuu-win7-amd64 pass
test-amd64-i386-xl-qemuu-win7-amd64 fail
test-amd64-amd64-xl-qemut-ws16-amd64 fail
test-amd64-i386-xl-qemut-ws16-amd64 fail
test-amd64-amd64-xl-qemuu-ws16-amd64 fail
test-amd64-i386-xl-qemuu-ws16-amd64 fail
test-armhf-armhf-xl-arndale pass
test-amd64-amd64-xl-credit2 pass
test-armhf-armhf-xl-credit2 pass
test-armhf-armhf-xl-cubietruck pass
test-amd64-amd64-examine pass
test-armhf-armhf-examine pass
test-amd64-i386-examine pass
test-amd64-i386-freebsd10-i386 pass
test-amd64-i386-rumprun-i386 pass
test-amd64-amd64-xl-qemut-win10-i386 fail
test-amd64-i386-xl-qemut-win10-i386 fail
test-amd64-amd64-xl-qemuu-win10-i386 fail
test-amd64-i386-xl-qemuu-win10-i386 fail
test-amd64-amd64-qemuu-nested-intel pass
test-amd64-amd64-xl-pvh-intel pass
test-amd64-i386-qemut-rhel6hvm-intel pass
test-amd64-i386-qemuu-rhel6hvm-intel pass
test-amd64-amd64-libvirt pass
test-armhf-armhf-libvirt pass
test-amd64-i386-libvirt pass
test-amd64-amd64-xl-multivcpu pass
test-armhf-armhf-xl-multivcpu pass
test-amd64-amd64-pair pass
test-amd64-i386-pair pass
test-amd64-amd64-libvirt-pair pass
test-amd64-i386-libvirt-pair pass
test-amd64-amd64-amd64-pvgrub pass
test-amd64-amd64-i386-pvgrub pass
test-amd64-amd64-pygrub pass
test-amd64-i386-libvirt-qcow2 pass
test-amd64-amd64-xl-qcow2 pass
test-armhf-armhf-libvirt-raw pass
test-amd64-i386-xl-raw pass
test-amd64-amd64-xl-rtds fail
test-armhf-armhf-xl-rtds fail
test-amd64-amd64-libvirt-vhd pass
test-armhf-armhf-xl-vhd pass
------------------------------------------------------------
sg-report-flight on osstest.test-lab.xenproject.org
logs: /home/logs/logs
images: /home/logs/images
Logs, config files, etc. are available at
http://logs.test-lab.xenproject.org/osstest/logs
Explanation of these reports, and of osstest in general, is at
http://xenbits.xen.org/gitweb/?p=osstest.git;a=blob;f=README.email;hb=master
http://xenbits.xen.org/gitweb/?p=osstest.git;a=blob;f=README;hb=master
Test harness code can be found at
http://xenbits.xen.org/gitweb?p=osstest.git;a=summary
Not pushing.
(No revision log; it would be 2422 lines long.)
_______________________________________________
Xen-devel mailing list
Xen-devel@lists.xen.org
https://lists.xen.org/xen-devel
^ permalink raw reply [flat|nested] only message in thread
only message in thread, other threads:[~2017-09-20 16:34 UTC | newest]
Thread overview: (only message) (download: mbox.gz follow: Atom feed
-- links below jump to the message on this page --
2017-09-20 16:34 [linux-4.9 test] 113620: regressions - FAIL osstest service owner
This is a public inbox, see mirroring instructions
for how to clone and mirror all data and code used for this inbox;
as well as URLs for NNTP newsgroup(s).