From: osstest service owner <osstest-admin@xenproject.org>
To: xen-devel@lists.xensource.com, osstest-admin@xenproject.org
Subject: [ovmf test] 113900: regressions - FAIL
Date: Fri, 29 Sep 2017 09:41:19 +0000 [thread overview]
Message-ID: <osstest-113900-mainreport@xen.org> (raw)
flight 113900 ovmf real [real]
http://logs.test-lab.xenproject.org/osstest/logs/113900/
Regressions :-(
Tests which did not succeed and are blocking,
including tests which could not be run:
test-amd64-i386-xl-qemuu-ovmf-amd64 16 guest-localmigrate/x10 fail REGR. vs. 113897
version targeted for testing:
ovmf 0e6584e38650cef9a6b4579553679c0f12d897bc
baseline version:
ovmf 4c34a8ea191155f438901e635bd87810072b19a4
Last test of basis 113897 2017-09-29 03:50:57 Z 0 days
Testing same since 113900 2017-09-29 07:49:55 Z 0 days 1 attempts
------------------------------------------------------------
People who touched revisions under test:
Ruiyu Ni <ruiyu.ni@intel.com>
jobs:
build-amd64-xsm pass
build-i386-xsm pass
build-amd64 pass
build-i386 pass
build-amd64-libvirt pass
build-i386-libvirt pass
build-amd64-pvops pass
build-i386-pvops pass
test-amd64-amd64-xl-qemuu-ovmf-amd64 pass
test-amd64-i386-xl-qemuu-ovmf-amd64 fail
------------------------------------------------------------
sg-report-flight on osstest.test-lab.xenproject.org
logs: /home/logs/logs
images: /home/logs/images
Logs, config files, etc. are available at
http://logs.test-lab.xenproject.org/osstest/logs
Explanation of these reports, and of osstest in general, is at
http://xenbits.xen.org/gitweb/?p=osstest.git;a=blob;f=README.email;hb=master
http://xenbits.xen.org/gitweb/?p=osstest.git;a=blob;f=README;hb=master
Test harness code can be found at
http://xenbits.xen.org/gitweb?p=osstest.git;a=summary
Not pushing.
------------------------------------------------------------
commit 0e6584e38650cef9a6b4579553679c0f12d897bc
Author: Ruiyu Ni <ruiyu.ni@intel.com>
Date: Thu Sep 28 13:46:20 2017 +0800
MdeModulePkg/BdsDxe: Don't delete "BootNext" until booting it
Current implementation deletes the "BootNext" before calling
any PlatformBootManagerLib APIs, but if system resets in
PlatformBootManagerLib APIs, "BootNext" is not consumed but lost.
The patch defers the deletion of "BootNext" to before booting it.
Contributed-under: TianoCore Contribution Agreement 1.0
Signed-off-by: Ruiyu Ni <ruiyu.ni@intel.com>
Cc: Eric Dong <eric.dong@intel.com>
Reviewed-by: Star Zeng <star.zeng@intel.com>
Reviewed-by: Sunny Wang <sunnywang@hpe.com>
commit b23592a8fe19c46e29c5afe50984e5c6b63e7e69
Author: Ruiyu Ni <ruiyu.ni@intel.com>
Date: Fri Sep 29 01:18:50 2017 +0800
ShellPkg/disconnect: '-r' is not optional when disconnecting all
Correct the help message to match that defined in Shell spec.
In 'DISCONNECT -r [-nc]' case, '-r' is not optional.
Contributed-under: TianoCore Contribution Agreement 1.0
Signed-off-by: Ruiyu Ni <ruiyu.ni@intel.com>
Reviewed-by: Jaben Carsey <jaben.carsey@intel.com>
commit 52f2b02c709c9cc5fe048284d266ad45853bb97f
Author: Ruiyu Ni <ruiyu.ni@intel.com>
Date: Fri Sep 29 01:14:53 2017 +0800
ShellPkg/dh: Correct typo in help
Help message of "dh" gives an example to display all handles
with "Image" protocol but actually "LoadedImage" protocol should
be used.
Contributed-under: TianoCore Contribution Agreement 1.0
Signed-off-by: Ruiyu Ni <ruiyu.ni@intel.com>
Reviewed-by: Jaben Carsey <jaben.carsey@intel.com>
_______________________________________________
Xen-devel mailing list
Xen-devel@lists.xen.org
https://lists.xen.org/xen-devel
reply other threads:[~2017-09-29 9:41 UTC|newest]
Thread overview: [no followups] expand[flat|nested] mbox.gz Atom feed
Reply instructions:
You may reply publicly to this message via plain-text email
using any one of the following methods:
* Save the following mbox file, import it into your mail client,
and reply-to-all from there: mbox
Avoid top-posting and favor interleaved quoting:
https://en.wikipedia.org/wiki/Posting_style#Interleaved_style
* Reply using the --to, --cc, and --in-reply-to
switches of git-send-email(1):
git send-email \
--in-reply-to=osstest-113900-mainreport@xen.org \
--to=osstest-admin@xenproject.org \
--cc=xen-devel@lists.xensource.com \
/path/to/YOUR_REPLY
https://kernel.org/pub/software/scm/git/docs/git-send-email.html
* If your mail client supports setting the In-Reply-To header
via mailto: links, try the mailto: link
Be sure your reply has a Subject: header at the top and a blank line
before the message body.
This is a public inbox, see mirroring instructions
for how to clone and mirror all data and code used for this inbox;
as well as URLs for NNTP newsgroup(s).