* [linux-linus test] 114116: tolerable FAIL - PUSHED
@ 2017-10-08 23:24 osstest service owner
0 siblings, 0 replies; only message in thread
From: osstest service owner @ 2017-10-08 23:24 UTC (permalink / raw)
To: xen-devel, osstest-admin
[-- Attachment #1: Type: text/plain, Size: 20341 bytes --]
flight 114116 linux-linus real [real]
http://logs.test-lab.xenproject.org/osstest/logs/114116/
Failures :-/ but no regressions.
Regressions which are regarded as allowable (not blocking):
test-amd64-amd64-xl-qemut-win7-amd64 17 guest-stop fail REGR. vs. 114069
test-armhf-armhf-xl-rtds 16 guest-start/debian.repeat fail REGR. vs. 114069
Tests which did not succeed, but are not blocking:
test-armhf-armhf-libvirt 14 saverestore-support-check fail like 114069
test-amd64-i386-xl-qemut-win7-amd64 17 guest-stop fail like 114069
test-armhf-armhf-libvirt-raw 13 saverestore-support-check fail like 114069
test-amd64-i386-xl-qemuu-win7-amd64 17 guest-stop fail like 114069
test-armhf-armhf-libvirt-xsm 14 saverestore-support-check fail like 114069
test-amd64-amd64-xl-rtds 10 debian-install fail like 114069
test-amd64-amd64-xl-qemut-ws16-amd64 10 windows-install fail never pass
test-amd64-amd64-xl-qemuu-ws16-amd64 10 windows-install fail never pass
test-amd64-amd64-libvirt-xsm 13 migrate-support-check fail never pass
test-amd64-i386-libvirt-xsm 13 migrate-support-check fail never pass
test-amd64-i386-libvirt 13 migrate-support-check fail never pass
test-amd64-i386-libvirt-qemuu-debianhvm-amd64-xsm 11 migrate-support-check fail never pass
test-amd64-amd64-libvirt-qemuu-debianhvm-amd64-xsm 11 migrate-support-check fail never pass
test-amd64-i386-libvirt-qcow2 12 migrate-support-check fail never pass
test-amd64-amd64-libvirt-vhd 12 migrate-support-check fail never pass
test-amd64-amd64-qemuu-nested-amd 17 debian-hvm-install/l1/l2 fail never pass
test-armhf-armhf-libvirt 13 migrate-support-check fail never pass
test-armhf-armhf-xl-cubietruck 13 migrate-support-check fail never pass
test-armhf-armhf-xl-cubietruck 14 saverestore-support-check fail never pass
test-armhf-armhf-xl-credit2 13 migrate-support-check fail never pass
test-armhf-armhf-xl-credit2 14 saverestore-support-check fail never pass
test-armhf-armhf-xl-xsm 13 migrate-support-check fail never pass
test-armhf-armhf-xl-xsm 14 saverestore-support-check fail never pass
test-armhf-armhf-xl-multivcpu 13 migrate-support-check fail never pass
test-armhf-armhf-xl-multivcpu 14 saverestore-support-check fail never pass
test-armhf-armhf-xl-arndale 13 migrate-support-check fail never pass
test-armhf-armhf-xl-arndale 14 saverestore-support-check fail never pass
test-amd64-i386-xl-qemut-ws16-amd64 13 guest-saverestore fail never pass
test-amd64-amd64-libvirt 13 migrate-support-check fail never pass
test-armhf-armhf-xl-rtds 13 migrate-support-check fail never pass
test-armhf-armhf-xl-rtds 14 saverestore-support-check fail never pass
test-armhf-armhf-libvirt-raw 12 migrate-support-check fail never pass
test-armhf-armhf-libvirt-xsm 13 migrate-support-check fail never pass
test-armhf-armhf-xl 13 migrate-support-check fail never pass
test-armhf-armhf-xl 14 saverestore-support-check fail never pass
test-amd64-i386-xl-qemuu-ws16-amd64 13 guest-saverestore fail never pass
test-armhf-armhf-xl-vhd 12 migrate-support-check fail never pass
test-armhf-armhf-xl-vhd 13 saverestore-support-check fail never pass
test-amd64-amd64-xl-qemut-win10-i386 10 windows-install fail never pass
test-amd64-i386-xl-qemuu-win10-i386 10 windows-install fail never pass
test-amd64-i386-xl-qemut-win10-i386 10 windows-install fail never pass
test-amd64-amd64-xl-qemuu-win10-i386 10 windows-install fail never pass
version targeted for testing:
linux 85b1bb248071967135d22cc84e62292094f4a3c6
baseline version:
linux 7a92616c0bac849e790283723b36c399668a1d9f
Last test of basis 114069 2017-10-06 12:57:55 Z 2 days
Failing since 114089 2017-10-07 05:33:15 Z 1 days 2 attempts
Testing same since 114116 2017-10-08 03:30:52 Z 0 days 1 attempts
------------------------------------------------------------
People who touched revisions under test:
"Yan, Zheng" <zyan@redhat.com>
Abhishek Shah <abhishek.shah@broadcom.com>
Alexey Brodkin <abrodkin@synopsys.com>
Amir Goldstein <amir73il@gmail.com>
Amrani, Ram <Ram.Amrani@cavium.com>
Andrew Donnellan <andrew.donnellan@au1.ibm.com>
Anton Blanchard <anton@samba.org>
Arnd Bergmann <arnd@arndb.de>
Balbir Singh <bsingharora@gmail.com>
Bartlomiej Zolnierkiewicz <b.zolnierkie@samsung.com>
Benjamin Block <bblock@linux.vnet.ibm.com>
Benjamin Herrenschmidt <benh@kernel.crashing.org>
Bjorn Andersson <bjorn.andersson@linaro.org>
Bjorn Helgaas <bhelgaas@google.com>
Boqun Feng <boqun.feng@gmail.com>
Bryant G. Ly <bgly@us.ibm.com>
Catalin Marinas <catalin.marinas@arm.com>
Chanho Min <chanho.min@lge.com>
Chen-Yu Tsai <wens@csie.org>
Chris Leech <cleech@redhat.com>
Christian Lamparter <chunkeey@gmail.com>
Christoph Hellwig <hch@lst.de>
Christophe JAILLET <christophe.jaillet@wanadoo.fr>
Christophe Lombard <clombard@linux.vnet.ibm.com>
Colin Ian King <colin.king@canonical.com>
Coly Li <colyli@suse.de>
Cédric Le Goater <clg@kaod.org>
Daniel Drake <dan@reactivated.net>
Daniel Vetter <daniel.vetter@ffwll.ch>
Darrick J. Wong <darrick.wong@oracle.com>
Dave Airlie <airlied@redhat.com>
David S. Miller <davem@davemloft.net>
David Sterba <dsterba@suse.com>
Don Brace <don.brace@microsemi.com>
Don Zickus <dzickus@redhat.com>
Doug Ledford <dledford@redhat.com>
Elaine Zhang <zhangqing@rock-chips.com>
Eugeniy Paltsev <Eugeniy.Paltsev@synopsys.com>
Frederic Barrat <fbarrat@linux.vnet.ibm.com>
Goffredo Baroncelli <kreijack@inwind.it>
Gregory CLEMENT <gregory.clement@free-electrons.com>
Guenter Roeck <linux@roeck-us.net>
Hankyung Yu <hankyung.yu@lge.com>
Heiko Stuebner <heiko@sntech.de>
Ilya Dryomov <idryomov@gmail.com>
Imre Deak <imre.deak@intel.com>
Ingo Molnar <mingo@kernel.org>
Jani Nikula <jani.nikula@intel.com>
Jarkko Nikula <jarkko.nikula@linux.intel.com>
Jean-Denis Girard <jd.girard@sysnux.pf>
Jens Axboe <axboe@kernel.dk>
Jeremy Kerr <jk@ozlabs.org>
Jerome Brunet <jbrunet@baylibre.com>
Josef Bacik <jbacik@fb.com>
Joseph Nuzman <jnuzman@gmail.com>
Joseph Qi <qijiang.qj@alibaba-inc.com>
Josh Poimboeuf <jpoimboe@redhat.com>
Khazhismel Kumykov <khazhy@google.com>
Laurence Oberman <loberman@redhat.com>
Leon Romanovsky <leon@kernel.org>
Linus Torvalds <torvalds@linux-foundation.org>
Linus Walleij <linus.walleij@linaro.org>
Lorenzo Pieralisi <lorenzo.pieralisi@arm.com>
Marek Szyprowski <m.szyprowski@samsung.com>
Mark Rutland <mark.rutland@arm.com>
Martin K. Petersen <martin.petersen@oracle.com>
Martin Wilck <mwilck@suse.com>
Masahiro Yamada <yamada.masahiro@socionext.com>
Maxime Ripard <maxime.ripard@free-electrons.com>
Michael Ellerman <mpe@ellerman.id.au>
Michael Neuling <mikey@neuling.org>
Michal Kalderon <Michal.Kalderon@cavium.com>
Miklos Szeredi <mszeredi@redhat.com>
Mustafa Ismail <mustafa.ismail@intel.com>
Nate Watterson <nwatters@codeaurora.org>
Omar Sandoval <osandov@fb.com>
Parav Pandit <parav@mellanox.com>
Peter Zijlstra <peterz@infradead.org>
Pierre-Yves MORDRET <pierre-yves.mordret@st.com>
Radim KrÄmáŠ<rkrcmar@redhat.com>
Ram Amrani <Ram.Amrani@cavium.com>
Rodrigo Vivi <rodrigo.vivi@intel.com>
Sam Bobroff <sam.bobroff@au1.ibm.com>
Shiraz Saleem <shiraz.saleem@intel.com>
Stephen Boyd <sboyd@codeaurora.org>
Suzuki K Poulose <suzuki.poulose@arm.com>
Sylwester Nawrocki <s.nawrocki@samsung.com>
Tatyana Nikolova <tatyana.e.nikolova@intel.com>
Thomas 'Mopping up garbage' Gleixner <tglx@linutronix.de>
Thomas Gleixner <tglx@linutronix.de>
Thomas Meyer <thomas@m3y3r.de>
Tsutomu Itoh <t-itoh@jp.fujitsu.com>
Ulf Hansson <ulf.hansson@linaro.org>
Vineet Gupta <vgupta@synopsys.com>
Will Deacon <will.deacon@arm.com>
Wolfram Sang <wsa@the-dreams.de>
Wouter Verhelst <w@uter.be>
Yan, Zheng <zyan@redhat.com>
Zhoujie Wu <zjwu@marvell.com>
jobs:
build-amd64-xsm pass
build-armhf-xsm pass
build-i386-xsm pass
build-amd64 pass
build-armhf pass
build-i386 pass
build-amd64-libvirt pass
build-armhf-libvirt pass
build-i386-libvirt pass
build-amd64-pvops pass
build-armhf-pvops pass
build-i386-pvops pass
build-amd64-rumprun pass
build-i386-rumprun pass
test-amd64-amd64-xl pass
test-armhf-armhf-xl pass
test-amd64-i386-xl pass
test-amd64-amd64-xl-qemut-debianhvm-amd64-xsm pass
test-amd64-i386-xl-qemut-debianhvm-amd64-xsm pass
test-amd64-amd64-libvirt-qemuu-debianhvm-amd64-xsm pass
test-amd64-i386-libvirt-qemuu-debianhvm-amd64-xsm pass
test-amd64-amd64-xl-qemuu-debianhvm-amd64-xsm pass
test-amd64-i386-xl-qemuu-debianhvm-amd64-xsm pass
test-amd64-amd64-xl-qemut-stubdom-debianhvm-amd64-xsm pass
test-amd64-i386-xl-qemut-stubdom-debianhvm-amd64-xsm pass
test-amd64-amd64-libvirt-xsm pass
test-armhf-armhf-libvirt-xsm pass
test-amd64-i386-libvirt-xsm pass
test-amd64-amd64-xl-xsm pass
test-armhf-armhf-xl-xsm pass
test-amd64-i386-xl-xsm pass
test-amd64-amd64-qemuu-nested-amd fail
test-amd64-amd64-xl-pvh-amd pass
test-amd64-i386-qemut-rhel6hvm-amd pass
test-amd64-i386-qemuu-rhel6hvm-amd pass
test-amd64-amd64-xl-qemut-debianhvm-amd64 pass
test-amd64-i386-xl-qemut-debianhvm-amd64 pass
test-amd64-amd64-xl-qemuu-debianhvm-amd64 pass
test-amd64-i386-xl-qemuu-debianhvm-amd64 pass
test-amd64-i386-freebsd10-amd64 pass
test-amd64-amd64-xl-qemuu-ovmf-amd64 pass
test-amd64-i386-xl-qemuu-ovmf-amd64 pass
test-amd64-amd64-rumprun-amd64 pass
test-amd64-amd64-xl-qemut-win7-amd64 fail
test-amd64-i386-xl-qemut-win7-amd64 fail
test-amd64-amd64-xl-qemuu-win7-amd64 pass
test-amd64-i386-xl-qemuu-win7-amd64 fail
test-amd64-amd64-xl-qemut-ws16-amd64 fail
test-amd64-i386-xl-qemut-ws16-amd64 fail
test-amd64-amd64-xl-qemuu-ws16-amd64 fail
test-amd64-i386-xl-qemuu-ws16-amd64 fail
test-armhf-armhf-xl-arndale pass
test-amd64-amd64-xl-credit2 pass
test-armhf-armhf-xl-credit2 pass
test-armhf-armhf-xl-cubietruck pass
test-amd64-amd64-examine pass
test-armhf-armhf-examine pass
test-amd64-i386-examine pass
test-amd64-i386-freebsd10-i386 pass
test-amd64-i386-rumprun-i386 pass
test-amd64-amd64-xl-qemut-win10-i386 fail
test-amd64-i386-xl-qemut-win10-i386 fail
test-amd64-amd64-xl-qemuu-win10-i386 fail
test-amd64-i386-xl-qemuu-win10-i386 fail
test-amd64-amd64-qemuu-nested-intel pass
test-amd64-amd64-xl-pvh-intel pass
test-amd64-i386-qemut-rhel6hvm-intel pass
test-amd64-i386-qemuu-rhel6hvm-intel pass
test-amd64-amd64-libvirt pass
test-armhf-armhf-libvirt pass
test-amd64-i386-libvirt pass
test-amd64-amd64-xl-multivcpu pass
test-armhf-armhf-xl-multivcpu pass
test-amd64-amd64-pair pass
test-amd64-i386-pair pass
test-amd64-amd64-libvirt-pair pass
test-amd64-i386-libvirt-pair pass
test-amd64-amd64-amd64-pvgrub pass
test-amd64-amd64-i386-pvgrub pass
test-amd64-amd64-pygrub pass
test-amd64-i386-libvirt-qcow2 pass
test-amd64-amd64-xl-qcow2 pass
test-armhf-armhf-libvirt-raw pass
test-amd64-i386-xl-raw pass
test-amd64-amd64-xl-rtds fail
test-armhf-armhf-xl-rtds fail
test-amd64-amd64-libvirt-vhd pass
test-armhf-armhf-xl-vhd pass
------------------------------------------------------------
sg-report-flight on osstest.test-lab.xenproject.org
logs: /home/logs/logs
images: /home/logs/images
Logs, config files, etc. are available at
http://logs.test-lab.xenproject.org/osstest/logs
Explanation of these reports, and of osstest in general, is at
http://xenbits.xen.org/gitweb/?p=osstest.git;a=blob;f=README.email;hb=master
http://xenbits.xen.org/gitweb/?p=osstest.git;a=blob;f=README;hb=master
Test harness code can be found at
http://xenbits.xen.org/gitweb?p=osstest.git;a=summary
Pushing revision :
+ branch=linux-linus
+ revision=85b1bb248071967135d22cc84e62292094f4a3c6
+ . ./cri-lock-repos
++ . ./cri-common
+++ . ./cri-getconfig
++++ export PERLLIB=.:.
++++ PERLLIB=.:.
+++ umask 002
+++ getrepos
++++ getconfig Repos
++++ perl -e '
use Osstest;
readglobalconfig();
print $c{"Repos"} or die $!;
'
+++ local repos=/home/osstest/repos
+++ '[' -z /home/osstest/repos ']'
+++ '[' '!' -d /home/osstest/repos ']'
+++ echo /home/osstest/repos
++ repos=/home/osstest/repos
++ repos_lock=/home/osstest/repos/lock
++ '[' x '!=' x/home/osstest/repos/lock ']'
++ OSSTEST_REPOS_LOCK_LOCKED=/home/osstest/repos/lock
++ exec with-lock-ex -w /home/osstest/repos/lock ./ap-push linux-linus 85b1bb248071967135d22cc84e62292094f4a3c6
+ branch=linux-linus
+ revision=85b1bb248071967135d22cc84e62292094f4a3c6
+ . ./cri-lock-repos
++ . ./cri-common
+++ . ./cri-getconfig
++++ export PERLLIB=.:.:.
++++ PERLLIB=.:.:.
+++ umask 002
+++ getrepos
++++ getconfig Repos
++++ perl -e '
use Osstest;
readglobalconfig();
print $c{"Repos"} or die $!;
'
+++ local repos=/home/osstest/repos
+++ '[' -z /home/osstest/repos ']'
+++ '[' '!' -d /home/osstest/repos ']'
+++ echo /home/osstest/repos
++ repos=/home/osstest/repos
++ repos_lock=/home/osstest/repos/lock
++ '[' x/home/osstest/repos/lock '!=' x/home/osstest/repos/lock ']'
+ . ./cri-common
++ . ./cri-getconfig
+++ export PERLLIB=.:.:.:.
+++ PERLLIB=.:.:.:.
++ umask 002
+ select_xenbranch
+ case "$branch" in
+ tree=linux
+ xenbranch=xen-unstable
+ '[' xlinux = xlinux ']'
+ linuxbranch=linux-linus
+ '[' x = x ']'
+ qemuubranch=qemu-upstream-unstable
+ select_prevxenbranch
++ ./cri-getprevxenbranch xen-unstable
+ prevxenbranch=xen-4.9-testing
+ '[' x85b1bb248071967135d22cc84e62292094f4a3c6 = x ']'
+ : tested/2.6.39.x
+ . ./ap-common
++ : osstest@xenbits.xen.org
+++ getconfig OsstestUpstream
+++ perl -e '
use Osstest;
readglobalconfig();
print $c{"OsstestUpstream"} or die $!;
'
++ :
++ : git://xenbits.xen.org/xen.git
++ : osstest@xenbits.xen.org:/home/xen/git/xen.git
++ : git://xenbits.xen.org/qemu-xen-traditional.git
++ : git://git.kernel.org
++ : git://git.kernel.org/pub/scm/linux/kernel/git
++ : git
++ : git://xenbits.xen.org/xtf.git
++ : osstest@xenbits.xen.org:/home/xen/git/xtf.git
++ : git://xenbits.xen.org/xtf.git
++ : git://xenbits.xen.org/libvirt.git
++ : osstest@xenbits.xen.org:/home/xen/git/libvirt.git
++ : git://xenbits.xen.org/libvirt.git
++ : git://xenbits.xen.org/osstest/rumprun.git
++ : git
++ : git://xenbits.xen.org/osstest/rumprun.git
++ : osstest@xenbits.xen.org:/home/xen/git/osstest/rumprun.git
++ : git://git.seabios.org/seabios.git
++ : osstest@xenbits.xen.org:/home/xen/git/osstest/seabios.git
++ : git://xenbits.xen.org/osstest/seabios.git
++ : https://github.com/tianocore/edk2.git
++ : osstest@xenbits.xen.org:/home/xen/git/osstest/ovmf.git
++ : git://xenbits.xen.org/osstest/ovmf.git
++ : git://xenbits.xen.org/osstest/linux-firmware.git
++ : osstest@xenbits.xen.org:/home/osstest/ext/linux-firmware.git
++ : git://git.kernel.org/pub/scm/linux/kernel/git/firmware/linux-firmware.git
++ : osstest@xenbits.xen.org:/home/xen/git/linux-pvops.git
++ : git://xenbits.xen.org/linux-pvops.git
++ : tested/linux-4.9
++ : tested/linux-arm-xen
++ '[' xgit://git.kernel.org/pub/scm/linux/kernel/git/torvalds/linux-2.6.git = x ']'
++ '[' xgit://git.kernel.org/pub/scm/linux/kernel/git/torvalds/linux-2.6.git = x ']'
++ : git://git.kernel.org/pub/scm/linux/kernel/git/konrad/xen.git
++ : tested/2.6.39.x
++ : daily-cron.linux-linus
++ : daily-cron.linux-linus
++ : daily-cron.linux-linus
++ : daily-cron.linux-linus
++ : daily-cron.linux-linus
++ : daily-cron.linux-linus
++ : daily-cron.linux-linus
++ : http://hg.uk.xensource.com/carbon/trunk/linux-2.6.27
++ : git://xenbits.xen.org/qemu-xen.git
++ : osstest@xenbits.xen.org:/home/xen/git/qemu-xen.git
++ : daily-cron.linux-linus
++ : git://xenbits.xen.org/qemu-xen.git
++ : git://git.qemu.org/qemu.git
+ TREE_LINUX=osstest@xenbits.xen.org:/home/xen/git/linux-pvops.git
+ TREE_QEMU_UPSTREAM=osstest@xenbits.xen.org:/home/xen/git/qemu-xen.git
+ TREE_XEN=osstest@xenbits.xen.org:/home/xen/git/xen.git
+ TREE_LIBVIRT=osstest@xenbits.xen.org:/home/xen/git/libvirt.git
+ TREE_RUMPRUN=osstest@xenbits.xen.org:/home/xen/git/osstest/rumprun.git
+ TREE_SEABIOS=osstest@xenbits.xen.org:/home/xen/git/osstest/seabios.git
+ TREE_OVMF=osstest@xenbits.xen.org:/home/xen/git/osstest/ovmf.git
+ TREE_XTF=osstest@xenbits.xen.org:/home/xen/git/xtf.git
+ info_linux_tree linux-linus
+ case $1 in
+ : git://git.kernel.org/pub/scm/linux/kernel/git/torvalds/linux-2.6.git
+ : master
+ : git
+ : git
+ : git://xenbits.xen.org/linux-pvops.git
+ : osstest@xenbits.xen.org:/home/xen/git/linux-pvops.git
+ : tested/linux-linus
+ : refs/heads/tested/linux-linus
+ return 0
+ cd /home/osstest/repos/linux
+ git push osstest@xenbits.xen.org:/home/xen/git/linux-pvops.git 85b1bb248071967135d22cc84e62292094f4a3c6:refs/heads/tested/linux-linus
To osstest@xenbits.xen.org:/home/xen/git/linux-pvops.git
7a92616..85b1bb2 85b1bb248071967135d22cc84e62292094f4a3c6 -> tested/linux-linus
+ exit 0
[-- Attachment #2: Type: text/plain, Size: 127 bytes --]
_______________________________________________
Xen-devel mailing list
Xen-devel@lists.xen.org
https://lists.xen.org/xen-devel
^ permalink raw reply [flat|nested] only message in thread
only message in thread, other threads:[~2017-10-08 23:24 UTC | newest]
Thread overview: (only message) (download: mbox.gz follow: Atom feed
-- links below jump to the message on this page --
2017-10-08 23:24 [linux-linus test] 114116: tolerable FAIL - PUSHED osstest service owner
This is a public inbox, see mirroring instructions
for how to clone and mirror all data and code used for this inbox;
as well as URLs for NNTP newsgroup(s).