xen-devel.lists.xenproject.org archive mirror
 help / color / mirror / Atom feed
* [linux-4.9 test] 114134: regressions - FAIL
@ 2017-10-09  8:45 osstest service owner
  0 siblings, 0 replies; only message in thread
From: osstest service owner @ 2017-10-09  8:45 UTC (permalink / raw)
  To: xen-devel, osstest-admin

[-- Attachment #1: Type: text/plain, Size: 17823 bytes --]

flight 114134 linux-4.9 real [real]
http://logs.test-lab.xenproject.org/osstest/logs/114134/

Regressions :-(

Tests which did not succeed and are blocking,
including tests which could not be run:
 test-amd64-amd64-xl-pvh-intel 12 guest-start             fail REGR. vs. 114036
 test-amd64-amd64-xl-pvh-amd  12 guest-start              fail REGR. vs. 114036
 test-amd64-i386-libvirt-qemuu-debianhvm-amd64-xsm 15 guest-stop fail REGR. vs. 114036
 test-armhf-armhf-xl-credit2 16 guest-start/debian.repeat fail REGR. vs. 114036

Tests which did not succeed, but are not blocking:
 test-amd64-i386-xl-qemuu-win7-amd64 17 guest-stop             fail like 114036
 test-amd64-i386-xl-qemut-win7-amd64 17 guest-stop             fail like 114036
 test-amd64-amd64-xl-rtds     10 debian-install               fail  like 114036
 test-armhf-armhf-xl-rtds     16 guest-start/debian.repeat    fail  like 114036
 test-amd64-amd64-xl-qemuu-ws16-amd64 10 windows-install        fail never pass
 test-amd64-amd64-libvirt     13 migrate-support-check        fail   never pass
 test-amd64-i386-libvirt-xsm  13 migrate-support-check        fail   never pass
 test-amd64-i386-libvirt      13 migrate-support-check        fail   never pass
 test-amd64-amd64-libvirt-xsm 13 migrate-support-check        fail   never pass
 test-amd64-amd64-xl-qemut-ws16-amd64 10 windows-install        fail never pass
 test-amd64-amd64-libvirt-qemuu-debianhvm-amd64-xsm 11 migrate-support-check fail never pass
 test-amd64-i386-libvirt-qcow2 12 migrate-support-check        fail  never pass
 test-amd64-i386-libvirt-qemuu-debianhvm-amd64-xsm 11 migrate-support-check fail never pass
 test-amd64-amd64-libvirt-vhd 12 migrate-support-check        fail   never pass
 test-armhf-armhf-xl-xsm      13 migrate-support-check        fail   never pass
 test-armhf-armhf-xl-xsm      14 saverestore-support-check    fail   never pass
 test-amd64-amd64-qemuu-nested-amd 17 debian-hvm-install/l1/l2  fail never pass
 test-armhf-armhf-xl          13 migrate-support-check        fail   never pass
 test-armhf-armhf-xl          14 saverestore-support-check    fail   never pass
 test-armhf-armhf-xl-cubietruck 13 migrate-support-check        fail never pass
 test-armhf-armhf-xl-credit2  13 migrate-support-check        fail   never pass
 test-armhf-armhf-xl-cubietruck 14 saverestore-support-check    fail never pass
 test-armhf-armhf-xl-credit2  14 saverestore-support-check    fail   never pass
 test-armhf-armhf-xl-multivcpu 13 migrate-support-check        fail  never pass
 test-armhf-armhf-xl-multivcpu 14 saverestore-support-check    fail  never pass
 test-armhf-armhf-libvirt-xsm 13 migrate-support-check        fail   never pass
 test-armhf-armhf-libvirt-xsm 14 saverestore-support-check    fail   never pass
 test-amd64-i386-xl-qemuu-ws16-amd64 13 guest-saverestore       fail never pass
 test-armhf-armhf-libvirt     13 migrate-support-check        fail   never pass
 test-armhf-armhf-libvirt     14 saverestore-support-check    fail   never pass
 test-amd64-i386-xl-qemut-ws16-amd64 13 guest-saverestore       fail never pass
 test-armhf-armhf-libvirt-raw 12 migrate-support-check        fail   never pass
 test-armhf-armhf-libvirt-raw 13 saverestore-support-check    fail   never pass
 test-armhf-armhf-xl-rtds     13 migrate-support-check        fail   never pass
 test-armhf-armhf-xl-rtds     14 saverestore-support-check    fail   never pass
 test-armhf-armhf-xl-vhd      12 migrate-support-check        fail   never pass
 test-armhf-armhf-xl-vhd      13 saverestore-support-check    fail   never pass
 test-armhf-armhf-xl-arndale  13 migrate-support-check        fail   never pass
 test-armhf-armhf-xl-arndale  14 saverestore-support-check    fail   never pass
 test-amd64-i386-xl-qemut-win10-i386 10 windows-install         fail never pass
 test-amd64-amd64-xl-qemuu-win10-i386 10 windows-install        fail never pass
 test-amd64-amd64-xl-qemut-win10-i386 10 windows-install        fail never pass
 test-amd64-i386-xl-qemuu-win10-i386 10 windows-install         fail never pass

version targeted for testing:
 linux                f37eb7b586f1dd24a86c50278c65322fc6787722
baseline version:
 linux                1852eae92c460813692808234da35d142a405ab7

Last test of basis   114036  2017-10-05 08:21:13 Z    4 days
Testing same since   114134  2017-10-08 09:26:45 Z    0 days    1 attempts

------------------------------------------------------------
People who touched revisions under test:
  Aaron Brown <aaron.f.brown@intel.com>
  Afzal Mohammed <afzal.mohd.ma@gmail.com>
  Alden Tondettar <alden.tondettar@gmail.com>
  Alexander Potapenko <glider@google.com>
  Alexandre Belloni <alexandre.belloni@free-electrons.com>
  Alexey Brodkin <abrodkin@synopsys.com>
  Alexey Brodkin <Alexey.Brodkin@synopsys.com>
  Andreas Klinger <ak@it-klinger.de>
  Andrew Morton <akpm@linux-foundation.org>
  Anna Schumaker <Anna.Schumaker@Netapp.com>
  Ansis Atteka <aatteka@ovn.org>
  Archit Taneja <architt@codeaurora.org>
  Ard Biesheuvel <ard.biesheuvel@linaro.org>
  Arnd Bergmann <arnd@arndb.de>
  Arvind Yadav <arvind.yadav.cs@gmail.com>
  Axel Köllhofer <AxelKoellhofer@web.de>
  Balbir Singh <bsingharora@gmail.com>
  Bart Van Assche <bart.vanassche@sandisk.com>
  Bartlomiej Zolnierkiewicz <b.zolnierkie@samsung.com>
  Bartosz Golaszewski <bgolaszewski@baylibre.com>
  Benjamin Tissoires <benjamin.tissoires@redhat.com>
  Bob Peterson <rpeterso@redhat.com>
  Brian Starkey <brian.starkey@arm.com>
  Chanwoo Choi <cw00.choi@samsung.com>
  Charles Keepax <ckeepax@opensource.wolfsonmicro.com>
  Chen-Yu Tsai <wens@csie.org>
  Christophe JAILLET <christophe.jaillet@wanadoo.fr>
  Colin Ian King <colin.king@canonical.com>
  Dan Carpenter <dan.carpenter@oracle.com>
  Daniel Vetter <daniel.vetter@ffwll.ch>
  Darrick J. Wong <darrick.wong@oracle.com>
  David E. Box <david.e.box@linux.intel.com>
  David S. Miller <davem@davemloft.net>
  David Sterba <dsterba@suse.com>
  Dou Liyang <douly.fnst@cn.fujitsu.com>
  Doug Ledford <dledford@redhat.com>
  Edward Cree <ecree@solarflare.com>
  Erez Shitrit <erezsh@mellanox.com>
  Feras Daoud <ferasda@mellanox.com>
  Florian Fainelli <f.fainelli@gmail.com>
  Gerald Schaefer <gerald.schaefer@de.ibm.com>
  Greg Kroah-Hartman <gregkh@linuxfoundation.org>
  Guenter Roeck <linux@roeck-us.net>
  Guilherme G Piccoli <gpiccoli@linux.vnet.ibm.com>
  Gwendal Grignou <gwendal@chromium.org>
  Hans de Goede <hdegoede@redhat.com>
  Heiner Kallweit <hkallweit1@gmail.com>
  Helge Deller <deller@gmx.de>
  Helmut Klein <hgkr.klein@gmail.com>
  Hillf Danton <hillf.zj@alibaba-inc.com>
  Ido Schimmel <idosch@mellanox.com>
  Ira Weiny <ira.weiny@intel.com>
  James Liao <jamesjj.liao@mediatek.com>
  Jarkko Nikula <jarkko.nikula@linux.intel.com>
  Jason Gerecke <jason.gerecke@wacom.com>
  Jason Yan <yanaijie@huawei.com>
  Javier Martinez Canillas <javier@osg.samsung.com>
  Jeff Kirsher <jeffrey.t.kirsher@intel.com>
  Jens Axboe <axboe@fb.com>
  Jerome Brunet <jbrunet@baylibre.com>
  Jes Sorensen <Jes.Sorensen@gmail.com>
  Jiancheng Xue <xuejiancheng@hisilicon.com>
  Jiri Kosina <jkosina@suse.cz>
  Jiri Pirko <jiri@mellanox.com>
  Jitendra Bhivare <jitendra.bhivare@broadcom.com>
  Joerg Roedel <jroedel@suse.de>
  Johan Hovold <johan@kernel.org>
  Johannes Weiner <hannes@cmpxchg.org>
  John Crispin <john@phrozen.org>
  Jon Mason <jon.mason@broadcom.com>
  Jonathan Cameron <jic23@kernel.org>
  Jose Abreu <joabreu@synopsys.com>
  Jose Abreu <Jose.Abreu@synopsys.com>
  Juerg Haefliger <juerg.haefliger@hpe.com>
  Kalle Valo <kvalo@codeaurora.org>
  Kalle Valo <kvalo@qca.qualcomm.com>
  Kees Cook <keescook@chromium.org>
  Kristian H. Kristensen <hoegsberg@gmail.com>
  Kristian H. Kristensen <hoegsberg@google.com>
  Krzysztof Hałasa <khalasa@piap.pl>
  Krzysztof Kozlowski <krzk@kernel.org>
  Laurent Dufour <ldufour@linux.vnet.ibm.com>
  Len Brown <len.brown@intel.com>
  Leon Romanovsky <leon@kernel.org>
  Linus Torvalds <torvalds@linux-foundation.org>
  Linus Walleij <linus.walleij@linaro.org>
  Liping Zhang <zlpnobody@gmail.com>
  Liu Bo <bo.li.liu@oracle.com>
  Liviu Dudau <Liviu.Dudau@arm.com>
  Lutz Sammer <johns98@gmx.net>
  Marcin Niestroj <m.niestroj@grinn-global.com>
  Marek Szyprowski <m.szyprowski@samsung.com>
  Mark Brown <broonie@kernel.org>
  Martin K. Petersen <martin.petersen@oracle.com>
  Martin Schwidefsky <schwidefsky@de.ibm.com>
  Matt Redfearn <matt.redfearn@imgtec.com>
  Matthew Whitehead <tedheadster@gmail.com>
  Matthias Brugger <matthias.bgg@gmail.com>
  Matwey V. Kornilov <matwey@sai.msu.ru>
  Mauro Carvalho Chehab <mchehab@s-opensource.com>
  Maxime Ripard <maxime.ripard@free-electrons.com>
  Michael Turquette <mturquette@baylibre.com>
  Michal Hocko <mhocko@suse.com>
  Michal Kazior <michal.kazior@tieto.com>
  Mike Galbraith <efault@gmx.de>
  Mike Kravetz <mike.kravetz@oracle.com>
  Myungho Jung <mhjungk@gmail.com>
  Nagaraju, Vathsala <vathsala.nagaraju@intel.com>
  Nathan Fontenot <nfont@linux.vnet.ibm.com>
  Nicholas Mc Guire <hofrat@osadl.org>
  Nicolas Pitre <nico@linaro.org>
  Niklas Söderlund <niklas.soderlund+renesas@ragnatech.se>
  Nikolay Aleksandrov <nikolay@cumulusnetworks.com>
  Oded Gabbay <oded.gabbay@gmail.com>
  Oleksandr Tyshchenko <oleksandr_tyshchenko@epam.com>
  Ondrej Jirman <megous@megous.com>
  Ondrej Zary <linux@rainbow-software.org>
  Pablo Neira Ayuso <pablo@netfilter.org>
  Pan Bian <bianpan2016@163.com>
  Paul Burton <paul.burton@imgtec.com>
  Paul Moore <paul@paul-moore.com>
  Peter Chen <peter.chen@nxp.com>
  Peter V. Saveliev <peter@svinota.eu>
  Philipp Zabel <p.zabel@pengutronix.de>
  Rafael J. Wysocki <rafael.j.wysocki@intel.com>
  Ralf Baechle <ralf@linux-mips.org>
  Randy Dunlap <rdunlap@infradead.org>
  Richard Guy Briggs <rgb@redhat.com>
  Rob Herring <robh@kernel.org>
  Rodrigo Vivi <rodrigo.vivi@intel.com>
  Roman Spychała <roed@onet.eu>
  Russell King <rmk+kernel@arm.linux.org.uk>
  Sagi Grimberg <sagi@grimberg.me>
  Santosh Shilimkar <santosh.shilimkar@oracle.com>
  Sasha Levin <alexander.levin@verizon.com>
  Sebastian Reichel <sre@kernel.org>
  Shaohua Li <shli@fb.com>
  Simon Horman <horms+renesas@verge.net.au>
  Sricharan R <sricharan@codeaurora.org>
  Stephen Boyd <stephen.boyd@linaro.org>
  Sudarsana Reddy Kalluru <Sudarsana.Kalluru@cavium.com>
  sudarsana.kalluru@cavium.com <sudarsana.kalluru@cavium.com>
  Sylwester Nawrocki <s.nawrocki@samsung.com>
  Takashi Iwai <tiwai@suse.de>
  Tejun Heo <tj@kernel.org>
  Thibault Saunier <thibault.saunier@osg.samsung.com>
  Thomas Gleixner <tglx@linutronix.de>
  Tony Lindgren <tony@atomide.com>
  Ulf Hansson <ulf.hansson@linaro.org>
  Vathsala Nagaraju <vathsala.nagaraju@intel.com>
  Ville Syrjälä <ville.syrjala@linux.intel.com>
  Viresh Kumar <viresh.kumar@linaro.org>
  Will Deacon <will.deacon@arm.com>
  Wolfram Sang <wsa@the-dreams.de>
  Xiaolong Ye <xiaolong.ye@intel.com>
  Yuval Mintz <Yuval.Mintz@cavium.com>
  Zhu Yanjun <yanjun.zhu@oracle.com>

jobs:
 build-amd64-xsm                                              pass    
 build-armhf-xsm                                              pass    
 build-i386-xsm                                               pass    
 build-amd64                                                  pass    
 build-armhf                                                  pass    
 build-i386                                                   pass    
 build-amd64-libvirt                                          pass    
 build-armhf-libvirt                                          pass    
 build-i386-libvirt                                           pass    
 build-amd64-pvops                                            pass    
 build-armhf-pvops                                            pass    
 build-i386-pvops                                             pass    
 build-amd64-rumprun                                          pass    
 build-i386-rumprun                                           pass    
 test-amd64-amd64-xl                                          pass    
 test-armhf-armhf-xl                                          pass    
 test-amd64-i386-xl                                           pass    
 test-amd64-amd64-xl-qemut-debianhvm-amd64-xsm                pass    
 test-amd64-i386-xl-qemut-debianhvm-amd64-xsm                 pass    
 test-amd64-amd64-libvirt-qemuu-debianhvm-amd64-xsm           pass    
 test-amd64-i386-libvirt-qemuu-debianhvm-amd64-xsm            fail    
 test-amd64-amd64-xl-qemuu-debianhvm-amd64-xsm                pass    
 test-amd64-i386-xl-qemuu-debianhvm-amd64-xsm                 pass    
 test-amd64-amd64-xl-qemut-stubdom-debianhvm-amd64-xsm        pass    
 test-amd64-i386-xl-qemut-stubdom-debianhvm-amd64-xsm         pass    
 test-amd64-amd64-libvirt-xsm                                 pass    
 test-armhf-armhf-libvirt-xsm                                 pass    
 test-amd64-i386-libvirt-xsm                                  pass    
 test-amd64-amd64-xl-xsm                                      pass    
 test-armhf-armhf-xl-xsm                                      pass    
 test-amd64-i386-xl-xsm                                       pass    
 test-amd64-amd64-qemuu-nested-amd                            fail    
 test-amd64-amd64-xl-pvh-amd                                  fail    
 test-amd64-i386-qemut-rhel6hvm-amd                           pass    
 test-amd64-i386-qemuu-rhel6hvm-amd                           pass    
 test-amd64-amd64-xl-qemut-debianhvm-amd64                    pass    
 test-amd64-i386-xl-qemut-debianhvm-amd64                     pass    
 test-amd64-amd64-xl-qemuu-debianhvm-amd64                    pass    
 test-amd64-i386-xl-qemuu-debianhvm-amd64                     pass    
 test-amd64-i386-freebsd10-amd64                              pass    
 test-amd64-amd64-xl-qemuu-ovmf-amd64                         pass    
 test-amd64-i386-xl-qemuu-ovmf-amd64                          pass    
 test-amd64-amd64-rumprun-amd64                               pass    
 test-amd64-amd64-xl-qemut-win7-amd64                         pass    
 test-amd64-i386-xl-qemut-win7-amd64                          fail    
 test-amd64-amd64-xl-qemuu-win7-amd64                         pass    
 test-amd64-i386-xl-qemuu-win7-amd64                          fail    
 test-amd64-amd64-xl-qemut-ws16-amd64                         fail    
 test-amd64-i386-xl-qemut-ws16-amd64                          fail    
 test-amd64-amd64-xl-qemuu-ws16-amd64                         fail    
 test-amd64-i386-xl-qemuu-ws16-amd64                          fail    
 test-armhf-armhf-xl-arndale                                  pass    
 test-amd64-amd64-xl-credit2                                  pass    
 test-armhf-armhf-xl-credit2                                  fail    
 test-armhf-armhf-xl-cubietruck                               pass    
 test-amd64-amd64-examine                                     pass    
 test-armhf-armhf-examine                                     pass    
 test-amd64-i386-examine                                      pass    
 test-amd64-i386-freebsd10-i386                               pass    
 test-amd64-i386-rumprun-i386                                 pass    
 test-amd64-amd64-xl-qemut-win10-i386                         fail    
 test-amd64-i386-xl-qemut-win10-i386                          fail    
 test-amd64-amd64-xl-qemuu-win10-i386                         fail    
 test-amd64-i386-xl-qemuu-win10-i386                          fail    
 test-amd64-amd64-qemuu-nested-intel                          pass    
 test-amd64-amd64-xl-pvh-intel                                fail    
 test-amd64-i386-qemut-rhel6hvm-intel                         pass    
 test-amd64-i386-qemuu-rhel6hvm-intel                         pass    
 test-amd64-amd64-libvirt                                     pass    
 test-armhf-armhf-libvirt                                     pass    
 test-amd64-i386-libvirt                                      pass    
 test-amd64-amd64-xl-multivcpu                                pass    
 test-armhf-armhf-xl-multivcpu                                pass    
 test-amd64-amd64-pair                                        pass    
 test-amd64-i386-pair                                         pass    
 test-amd64-amd64-libvirt-pair                                pass    
 test-amd64-i386-libvirt-pair                                 pass    
 test-amd64-amd64-amd64-pvgrub                                pass    
 test-amd64-amd64-i386-pvgrub                                 pass    
 test-amd64-amd64-pygrub                                      pass    
 test-amd64-i386-libvirt-qcow2                                pass    
 test-amd64-amd64-xl-qcow2                                    pass    
 test-armhf-armhf-libvirt-raw                                 pass    
 test-amd64-i386-xl-raw                                       pass    
 test-amd64-amd64-xl-rtds                                     fail    
 test-armhf-armhf-xl-rtds                                     fail    
 test-amd64-amd64-libvirt-vhd                                 pass    
 test-armhf-armhf-xl-vhd                                      pass    


------------------------------------------------------------
sg-report-flight on osstest.test-lab.xenproject.org
logs: /home/logs/logs
images: /home/logs/images

Logs, config files, etc. are available at
    http://logs.test-lab.xenproject.org/osstest/logs

Explanation of these reports, and of osstest in general, is at
    http://xenbits.xen.org/gitweb/?p=osstest.git;a=blob;f=README.email;hb=master
    http://xenbits.xen.org/gitweb/?p=osstest.git;a=blob;f=README;hb=master

Test harness code can be found at
    http://xenbits.xen.org/gitweb?p=osstest.git;a=summary


Not pushing.

(No revision log; it would be 2563 lines long.)


[-- Attachment #2: Type: text/plain, Size: 127 bytes --]

_______________________________________________
Xen-devel mailing list
Xen-devel@lists.xen.org
https://lists.xen.org/xen-devel

^ permalink raw reply	[flat|nested] only message in thread

only message in thread, other threads:[~2017-10-09  8:45 UTC | newest]

Thread overview: (only message) (download: mbox.gz follow: Atom feed
-- links below jump to the message on this page --
2017-10-09  8:45 [linux-4.9 test] 114134: regressions - FAIL osstest service owner

This is a public inbox, see mirroring instructions
for how to clone and mirror all data and code used for this inbox;
as well as URLs for NNTP newsgroup(s).