xen-devel.lists.xenproject.org archive mirror
 help / color / mirror / Atom feed
* [xen-unstable-smoke test] 114149: regressions - FAIL
@ 2017-10-08 17:54 osstest service owner
  0 siblings, 0 replies; only message in thread
From: osstest service owner @ 2017-10-08 17:54 UTC (permalink / raw)
  To: xen-devel, osstest-admin

flight 114149 xen-unstable-smoke real [real]
http://logs.test-lab.xenproject.org/osstest/logs/114149/

Regressions :-(

Tests which did not succeed and are blocking,
including tests which could not be run:
 test-amd64-amd64-libvirt     12 guest-start              fail REGR. vs. 113972

Tests which did not succeed, but are not blocking:
 test-armhf-armhf-xl          13 migrate-support-check        fail   never pass
 test-armhf-armhf-xl          14 saverestore-support-check    fail   never pass

version targeted for testing:
 xen                  2c2ae1976da06283e923d97720c0bdcbebf04515
baseline version:
 xen                  dbc4b6e13a5d0dd8967cde7ff7000ab1ed88625e

Last test of basis   113972  2017-10-03 21:02:43 Z    4 days
Failing since        113979  2017-10-04 00:10:13 Z    4 days   51 attempts
Testing same since   114087  2017-10-07 03:03:11 Z    1 days   14 attempts

------------------------------------------------------------
People who touched revisions under test:
  Andrew Cooper <andrew.cooper3@citrix.com>
  Awais Masood <awais.masood@vadion.com>
  Bhupinder Thakur <bhupinder.thakur@linaro.org>
  Dario Faggioli <raistlin@linux.it>
  George Dunlap <george.dunlap@citrix.com>
  Ian Jackson <ian.jackson@eu.citrix.com>
  Jan Beulich <jbeulich@suse.com>
  Joao Martins <joao.m.martins@oracle.com>
  Juergen Gross <jgross@suse.com>
  Julien Grall <julien.grall@arm.com>
  Julien Grall <julien.grall@linaro.org>
  Jun Nakajima <jun.nakajima@intel.com>
  Konrad Rzeszutek Wilk <konrad.wilk@oracle.com>
  Meng Xu <mengxu@cis.upenn.edu>?
  Ross Lagerwall <ross.lagerwall@citrix.com>
  Sergey Dyasli <sergey.dyasli@citrix.com>
  Stefano Stabellini <sstabellini@kernel.org>
  Tamas K Lengyel <tamas@tklengyel.com>
  Wei Liu <wei.liu2@citrix.com>

jobs:
 build-amd64                                                  pass    
 build-armhf                                                  pass    
 build-amd64-libvirt                                          pass    
 test-armhf-armhf-xl                                          pass    
 test-amd64-amd64-xl-qemuu-debianhvm-i386                     pass    
 test-amd64-amd64-libvirt                                     fail    


------------------------------------------------------------
sg-report-flight on osstest.test-lab.xenproject.org
logs: /home/logs/logs
images: /home/logs/images

Logs, config files, etc. are available at
    http://logs.test-lab.xenproject.org/osstest/logs

Explanation of these reports, and of osstest in general, is at
    http://xenbits.xen.org/gitweb/?p=osstest.git;a=blob;f=README.email;hb=master
    http://xenbits.xen.org/gitweb/?p=osstest.git;a=blob;f=README;hb=master

Test harness code can be found at
    http://xenbits.xen.org/gitweb?p=osstest.git;a=summary


Not pushing.

(No revision log; it would be 946 lines long.)

_______________________________________________
Xen-devel mailing list
Xen-devel@lists.xen.org
https://lists.xen.org/xen-devel

^ permalink raw reply	[flat|nested] only message in thread

only message in thread, other threads:[~2017-10-08 17:54 UTC | newest]

Thread overview: (only message) (download: mbox.gz follow: Atom feed
-- links below jump to the message on this page --
2017-10-08 17:54 [xen-unstable-smoke test] 114149: regressions - FAIL osstest service owner

This is a public inbox, see mirroring instructions
for how to clone and mirror all data and code used for this inbox;
as well as URLs for NNTP newsgroup(s).