From mboxrd@z Thu Jan 1 00:00:00 1970 From: osstest service owner Subject: [linux-4.9 test] 114185: regressions - FAIL Date: Tue, 10 Oct 2017 03:49:18 +0000 Message-ID: Mime-Version: 1.0 Content-Type: multipart/mixed; boundary="===============1939244821905249773==" Return-path: List-Unsubscribe: , List-Post: List-Help: List-Subscribe: , Errors-To: xen-devel-bounces@lists.xen.org Sender: "Xen-devel" To: xen-devel@lists.xensource.com, osstest-admin@xenproject.org List-Id: xen-devel@lists.xenproject.org --===============1939244821905249773== Content-Type: text/plain flight 114185 linux-4.9 real [real] http://logs.test-lab.xenproject.org/osstest/logs/114185/ Regressions :-( Tests which did not succeed and are blocking, including tests which could not be run: test-amd64-amd64-xl-pvh-intel 12 guest-start fail REGR. vs. 114036 test-amd64-amd64-xl-pvh-amd 12 guest-start fail REGR. vs. 114036 Tests which are failing intermittently (not blocking): test-amd64-i386-libvirt-qemuu-debianhvm-amd64-xsm 15 guest-stop fail in 114134 pass in 114185 test-armhf-armhf-xl-credit2 16 guest-start/debian.repeat fail in 114134 pass in 114185 test-armhf-armhf-xl-rtds 12 guest-start fail pass in 114134 Tests which did not succeed, but are not blocking: test-armhf-armhf-xl-rtds 16 guest-start/debian.repeat fail in 114134 like 114036 test-armhf-armhf-xl-rtds 13 migrate-support-check fail in 114134 never pass test-armhf-armhf-xl-rtds 14 saverestore-support-check fail in 114134 never pass test-amd64-i386-xl-qemuu-win7-amd64 17 guest-stop fail like 114036 test-amd64-i386-xl-qemut-win7-amd64 17 guest-stop fail like 114036 test-amd64-amd64-xl-rtds 10 debian-install fail like 114036 test-amd64-amd64-xl-qemuu-ws16-amd64 10 windows-install fail never pass test-amd64-amd64-libvirt 13 migrate-support-check fail never pass test-amd64-i386-libvirt-xsm 13 migrate-support-check fail never pass test-amd64-i386-libvirt 13 migrate-support-check fail never pass test-amd64-amd64-libvirt-xsm 13 migrate-support-check fail never pass test-amd64-amd64-xl-qemut-ws16-amd64 10 windows-install fail never pass test-amd64-amd64-libvirt-qemuu-debianhvm-amd64-xsm 11 migrate-support-check fail never pass test-amd64-i386-libvirt-qcow2 12 migrate-support-check fail never pass test-amd64-i386-libvirt-qemuu-debianhvm-amd64-xsm 11 migrate-support-check fail never pass test-amd64-amd64-libvirt-vhd 12 migrate-support-check fail never pass test-armhf-armhf-xl-xsm 13 migrate-support-check fail never pass test-armhf-armhf-xl-xsm 14 saverestore-support-check fail never pass test-amd64-amd64-qemuu-nested-amd 17 debian-hvm-install/l1/l2 fail never pass test-armhf-armhf-xl-cubietruck 13 migrate-support-check fail never pass test-armhf-armhf-xl-cubietruck 14 saverestore-support-check fail never pass test-armhf-armhf-xl-multivcpu 13 migrate-support-check fail never pass test-armhf-armhf-xl-multivcpu 14 saverestore-support-check fail never pass test-armhf-armhf-libvirt-xsm 13 migrate-support-check fail never pass test-armhf-armhf-libvirt-xsm 14 saverestore-support-check fail never pass test-amd64-i386-xl-qemuu-ws16-amd64 13 guest-saverestore fail never pass test-armhf-armhf-libvirt 13 migrate-support-check fail never pass test-armhf-armhf-libvirt 14 saverestore-support-check fail never pass test-armhf-armhf-xl-credit2 13 migrate-support-check fail never pass test-armhf-armhf-xl-credit2 14 saverestore-support-check fail never pass test-amd64-i386-xl-qemut-ws16-amd64 13 guest-saverestore fail never pass test-armhf-armhf-libvirt-raw 12 migrate-support-check fail never pass test-armhf-armhf-libvirt-raw 13 saverestore-support-check fail never pass test-armhf-armhf-xl-vhd 12 migrate-support-check fail never pass test-armhf-armhf-xl-vhd 13 saverestore-support-check fail never pass test-armhf-armhf-xl-arndale 13 migrate-support-check fail never pass test-armhf-armhf-xl-arndale 14 saverestore-support-check fail never pass test-amd64-i386-xl-qemut-win10-i386 10 windows-install fail never pass test-amd64-amd64-xl-qemuu-win10-i386 10 windows-install fail never pass test-amd64-amd64-xl-qemut-win10-i386 10 windows-install fail never pass test-amd64-i386-xl-qemuu-win10-i386 10 windows-install fail never pass test-armhf-armhf-xl 13 migrate-support-check fail never pass test-armhf-armhf-xl 14 saverestore-support-check fail never pass version targeted for testing: linux f37eb7b586f1dd24a86c50278c65322fc6787722 baseline version: linux 1852eae92c460813692808234da35d142a405ab7 Last test of basis 114036 2017-10-05 08:21:13 Z 4 days Testing same since 114134 2017-10-08 09:26:45 Z 1 days 2 attempts ------------------------------------------------------------ People who touched revisions under test: Aaron Brown Afzal Mohammed Alden Tondettar Alexander Potapenko Alexandre Belloni Alexey Brodkin Alexey Brodkin Andreas Klinger Andrew Morton Anna Schumaker Ansis Atteka Archit Taneja Ard Biesheuvel Arnd Bergmann Arvind Yadav Axel Köllhofer Balbir Singh Bart Van Assche Bartlomiej Zolnierkiewicz Bartosz Golaszewski Benjamin Tissoires Bob Peterson Brian Starkey Chanwoo Choi Charles Keepax Chen-Yu Tsai Christophe JAILLET Colin Ian King Dan Carpenter Daniel Vetter Darrick J. Wong David E. Box David S. Miller David Sterba Dou Liyang Doug Ledford Edward Cree Erez Shitrit Feras Daoud Florian Fainelli Gerald Schaefer Greg Kroah-Hartman Guenter Roeck Guilherme G Piccoli Gwendal Grignou Hans de Goede Heiner Kallweit Helge Deller Helmut Klein Hillf Danton Ido Schimmel Ira Weiny James Liao Jarkko Nikula Jason Gerecke Jason Yan Javier Martinez Canillas Jeff Kirsher Jens Axboe Jerome Brunet Jes Sorensen Jiancheng Xue Jiri Kosina Jiri Pirko Jitendra Bhivare Joerg Roedel Johan Hovold Johannes Weiner John Crispin Jon Mason Jonathan Cameron Jose Abreu Jose Abreu Juerg Haefliger Kalle Valo Kalle Valo Kees Cook Kristian H. Kristensen Kristian H. Kristensen Krzysztof Hałasa Krzysztof Kozlowski Laurent Dufour Len Brown Leon Romanovsky Linus Torvalds Linus Walleij Liping Zhang Liu Bo Liviu Dudau Lutz Sammer Marcin Niestroj Marek Szyprowski Mark Brown Martin K. Petersen Martin Schwidefsky Matt Redfearn Matthew Whitehead Matthias Brugger Matwey V. Kornilov Mauro Carvalho Chehab Maxime Ripard Michael Turquette Michal Hocko Michal Kazior Mike Galbraith Mike Kravetz Myungho Jung Nagaraju, Vathsala Nathan Fontenot Nicholas Mc Guire Nicolas Pitre Niklas Söderlund Nikolay Aleksandrov Oded Gabbay Oleksandr Tyshchenko Ondrej Jirman Ondrej Zary Pablo Neira Ayuso Pan Bian Paul Burton Paul Moore Peter Chen Peter V. Saveliev Philipp Zabel Rafael J. Wysocki Ralf Baechle Randy Dunlap Richard Guy Briggs Rob Herring Rodrigo Vivi Roman Spychała Russell King Sagi Grimberg Santosh Shilimkar Sasha Levin Sebastian Reichel Shaohua Li Simon Horman Sricharan R Stephen Boyd Sudarsana Reddy Kalluru sudarsana.kalluru@cavium.com Sylwester Nawrocki Takashi Iwai Tejun Heo Thibault Saunier Thomas Gleixner Tony Lindgren Ulf Hansson Vathsala Nagaraju Ville Syrjälä Viresh Kumar Will Deacon Wolfram Sang Xiaolong Ye Yuval Mintz Zhu Yanjun jobs: build-amd64-xsm pass build-armhf-xsm pass build-i386-xsm pass build-amd64 pass build-armhf pass build-i386 pass build-amd64-libvirt pass build-armhf-libvirt pass build-i386-libvirt pass build-amd64-pvops pass build-armhf-pvops pass build-i386-pvops pass build-amd64-rumprun pass build-i386-rumprun pass test-amd64-amd64-xl pass test-armhf-armhf-xl pass test-amd64-i386-xl pass test-amd64-amd64-xl-qemut-debianhvm-amd64-xsm pass test-amd64-i386-xl-qemut-debianhvm-amd64-xsm pass test-amd64-amd64-libvirt-qemuu-debianhvm-amd64-xsm pass test-amd64-i386-libvirt-qemuu-debianhvm-amd64-xsm pass test-amd64-amd64-xl-qemuu-debianhvm-amd64-xsm pass test-amd64-i386-xl-qemuu-debianhvm-amd64-xsm pass test-amd64-amd64-xl-qemut-stubdom-debianhvm-amd64-xsm pass test-amd64-i386-xl-qemut-stubdom-debianhvm-amd64-xsm pass test-amd64-amd64-libvirt-xsm pass test-armhf-armhf-libvirt-xsm pass test-amd64-i386-libvirt-xsm pass test-amd64-amd64-xl-xsm pass test-armhf-armhf-xl-xsm pass test-amd64-i386-xl-xsm pass test-amd64-amd64-qemuu-nested-amd fail test-amd64-amd64-xl-pvh-amd fail test-amd64-i386-qemut-rhel6hvm-amd pass test-amd64-i386-qemuu-rhel6hvm-amd pass test-amd64-amd64-xl-qemut-debianhvm-amd64 pass test-amd64-i386-xl-qemut-debianhvm-amd64 pass test-amd64-amd64-xl-qemuu-debianhvm-amd64 pass test-amd64-i386-xl-qemuu-debianhvm-amd64 pass test-amd64-i386-freebsd10-amd64 pass test-amd64-amd64-xl-qemuu-ovmf-amd64 pass test-amd64-i386-xl-qemuu-ovmf-amd64 pass test-amd64-amd64-rumprun-amd64 pass test-amd64-amd64-xl-qemut-win7-amd64 pass test-amd64-i386-xl-qemut-win7-amd64 fail test-amd64-amd64-xl-qemuu-win7-amd64 pass test-amd64-i386-xl-qemuu-win7-amd64 fail test-amd64-amd64-xl-qemut-ws16-amd64 fail test-amd64-i386-xl-qemut-ws16-amd64 fail test-amd64-amd64-xl-qemuu-ws16-amd64 fail test-amd64-i386-xl-qemuu-ws16-amd64 fail test-armhf-armhf-xl-arndale pass test-amd64-amd64-xl-credit2 pass test-armhf-armhf-xl-credit2 pass test-armhf-armhf-xl-cubietruck pass test-amd64-amd64-examine pass test-armhf-armhf-examine pass test-amd64-i386-examine pass test-amd64-i386-freebsd10-i386 pass test-amd64-i386-rumprun-i386 pass test-amd64-amd64-xl-qemut-win10-i386 fail test-amd64-i386-xl-qemut-win10-i386 fail test-amd64-amd64-xl-qemuu-win10-i386 fail test-amd64-i386-xl-qemuu-win10-i386 fail test-amd64-amd64-qemuu-nested-intel pass test-amd64-amd64-xl-pvh-intel fail test-amd64-i386-qemut-rhel6hvm-intel pass test-amd64-i386-qemuu-rhel6hvm-intel pass test-amd64-amd64-libvirt pass test-armhf-armhf-libvirt pass test-amd64-i386-libvirt pass test-amd64-amd64-xl-multivcpu pass test-armhf-armhf-xl-multivcpu pass test-amd64-amd64-pair pass test-amd64-i386-pair pass test-amd64-amd64-libvirt-pair pass test-amd64-i386-libvirt-pair pass test-amd64-amd64-amd64-pvgrub pass test-amd64-amd64-i386-pvgrub pass test-amd64-amd64-pygrub pass test-amd64-i386-libvirt-qcow2 pass test-amd64-amd64-xl-qcow2 pass test-armhf-armhf-libvirt-raw pass test-amd64-i386-xl-raw pass test-amd64-amd64-xl-rtds fail test-armhf-armhf-xl-rtds fail test-amd64-amd64-libvirt-vhd pass test-armhf-armhf-xl-vhd pass ------------------------------------------------------------ sg-report-flight on osstest.test-lab.xenproject.org logs: /home/logs/logs images: /home/logs/images Logs, config files, etc. are available at http://logs.test-lab.xenproject.org/osstest/logs Explanation of these reports, and of osstest in general, is at http://xenbits.xen.org/gitweb/?p=osstest.git;a=blob;f=README.email;hb=master http://xenbits.xen.org/gitweb/?p=osstest.git;a=blob;f=README;hb=master Test harness code can be found at http://xenbits.xen.org/gitweb?p=osstest.git;a=summary Not pushing. (No revision log; it would be 2563 lines long.) --===============1939244821905249773== Content-Type: text/plain; charset="utf-8" MIME-Version: 1.0 Content-Transfer-Encoding: base64 Content-Disposition: inline X19fX19fX19fX19fX19fX19fX19fX19fX19fX19fX19fX19fX19fX19fX19fX18KWGVuLWRldmVs IG1haWxpbmcgbGlzdApYZW4tZGV2ZWxAbGlzdHMueGVuLm9yZwpodHRwczovL2xpc3RzLnhlbi5v cmcveGVuLWRldmVsCg== --===============1939244821905249773==--