* [ovmf test] 114197: regressions - FAIL
@ 2017-10-10 10:38 osstest service owner
0 siblings, 0 replies; only message in thread
From: osstest service owner @ 2017-10-10 10:38 UTC (permalink / raw)
To: xen-devel, osstest-admin
flight 114197 ovmf real [real]
http://logs.test-lab.xenproject.org/osstest/logs/114197/
Regressions :-(
Tests which did not succeed and are blocking,
including tests which could not be run:
build-i386-libvirt 6 libvirt-build fail REGR. vs. 114172
version targeted for testing:
ovmf c9b094f61029efff45c8d555d3eff6b061f77b8a
baseline version:
ovmf 728d74973c9262b6c7b7ef4be213223d55affec3
Last test of basis 114172 2017-10-09 02:47:37 Z 1 days
Testing same since 114197 2017-10-09 14:48:23 Z 0 days 1 attempts
------------------------------------------------------------
People who touched revisions under test:
Eric Dong <eric.dong@intel.com>
Hao Wu <hao.a.wu@intel.com>
jobs:
build-amd64-xsm pass
build-i386-xsm pass
build-amd64 pass
build-i386 pass
build-amd64-libvirt pass
build-i386-libvirt fail
build-amd64-pvops pass
build-i386-pvops pass
test-amd64-amd64-xl-qemuu-ovmf-amd64 pass
test-amd64-i386-xl-qemuu-ovmf-amd64 pass
------------------------------------------------------------
sg-report-flight on osstest.test-lab.xenproject.org
logs: /home/logs/logs
images: /home/logs/images
Logs, config files, etc. are available at
http://logs.test-lab.xenproject.org/osstest/logs
Explanation of these reports, and of osstest in general, is at
http://xenbits.xen.org/gitweb/?p=osstest.git;a=blob;f=README.email;hb=master
http://xenbits.xen.org/gitweb/?p=osstest.git;a=blob;f=README;hb=master
Test harness code can be found at
http://xenbits.xen.org/gitweb?p=osstest.git;a=summary
Not pushing.
------------------------------------------------------------
commit c9b094f61029efff45c8d555d3eff6b061f77b8a
Author: Eric Dong <eric.dong@intel.com>
Date: Mon Oct 9 13:23:27 2017 +0800
UefiCpuPkg/PiSmmCpuDxeSmm: Add check to void use null pointer.
Current code logic not check the pointer before use it. This may
has potential issue, this patch add code to check it.
Cc: Ruiyu Ni <ruiyu.ni@intel.com>
Contributed-under: TianoCore Contribution Agreement 1.1
Signed-off-by: Eric Dong <eric.dong@intel.com>
Reviewed-by: Ruiyu Ni <ruiyu.ni@intel.com>
Reviewed-by: Hao Wu <hao.a.wu@intel.com>
commit ab3f3d7027483f030b92a665c92d5b07eeee2297
Author: Hao Wu <hao.a.wu@intel.com>
Date: Thu Sep 28 09:11:36 2017 +0800
MdeModulePkg/DxeCore: Add comments for the ASSERT to check NULL ptr
Commit 8932679df5be046feba30fae80776c5815232a08 adds an ASSERT for
checking NULL pointer dereference.
The ASSERT added here is for addressing a false positive NULL pointer
dereference issue raised from static analysis.
This commit adds comments to clarify the reason for using ASSERT as the
check.
Cc: Star Zeng <star.zeng@intel.com>
Cc: Michael D Kinney <michael.d.kinney@intel.com>
Contributed-under: TianoCore Contribution Agreement 1.1
Signed-off-by: Hao Wu <hao.a.wu@intel.com>
Reviewed-by: Jiewen Yao <jiewen.yao@intel.com>
_______________________________________________
Xen-devel mailing list
Xen-devel@lists.xen.org
https://lists.xen.org/xen-devel
^ permalink raw reply [flat|nested] only message in thread
only message in thread, other threads:[~2017-10-10 10:38 UTC | newest]
Thread overview: (only message) (download: mbox.gz follow: Atom feed
-- links below jump to the message on this page --
2017-10-10 10:38 [ovmf test] 114197: regressions - FAIL osstest service owner
This is a public inbox, see mirroring instructions
for how to clone and mirror all data and code used for this inbox;
as well as URLs for NNTP newsgroup(s).