From mboxrd@z Thu Jan 1 00:00:00 1970 From: osstest service owner Subject: [xen-unstable-smoke test] 114199: regressions - trouble: blocked/broken/fail Date: Mon, 09 Oct 2017 16:53:19 +0000 Message-ID: Mime-Version: 1.0 Content-Type: multipart/mixed; boundary="===============1725650909821525179==" Return-path: List-Unsubscribe: , List-Post: List-Help: List-Subscribe: , Errors-To: xen-devel-bounces@lists.xen.org Sender: "Xen-devel" To: xen-devel@lists.xensource.com, osstest-admin@xenproject.org List-Id: xen-devel@lists.xenproject.org --===============1725650909821525179== Content-Type: text/plain flight 114199 xen-unstable-smoke real [real] http://logs.test-lab.xenproject.org/osstest/logs/114199/ Regressions :-( Tests which did not succeed and are blocking, including tests which could not be run: build-armhf broken build-amd64 6 xen-build fail REGR. vs. 113972 build-armhf 5 host-build-prep fail REGR. vs. 113972 Tests which did not succeed, but are not blocking: test-armhf-armhf-xl 1 build-check(1) blocked n/a test-amd64-amd64-libvirt 1 build-check(1) blocked n/a build-amd64-libvirt 1 build-check(1) blocked n/a test-amd64-amd64-xl-qemuu-debianhvm-i386 1 build-check(1) blocked n/a version targeted for testing: xen e43aad54fc89bb77a369430a37a2d4949dfa3d9e baseline version: xen dbc4b6e13a5d0dd8967cde7ff7000ab1ed88625e Last test of basis 113972 2017-10-03 21:02:43 Z 5 days Failing since 113979 2017-10-04 00:10:13 Z 5 days 60 attempts Testing same since 114199 2017-10-09 16:01:19 Z 0 days 1 attempts ------------------------------------------------------------ People who touched revisions under test: Andrew Cooper Awais Masood Bhupinder Thakur Dario Faggioli Dario Faggioli George Dunlap Ian Jackson Jan Beulich Joao Martins Juergen Gross Julien Grall Julien Grall Jun Nakajima Konrad Rzeszutek Wilk Meng Xu ? Roger Pau Monne Roger Pau Monné Ross Lagerwall Sergey Dyasli Stefano Stabellini Tamas K Lengyel Tim Deegan Wei Liu jobs: build-amd64 fail build-armhf broken build-amd64-libvirt blocked test-armhf-armhf-xl blocked test-amd64-amd64-xl-qemuu-debianhvm-i386 blocked test-amd64-amd64-libvirt blocked ------------------------------------------------------------ sg-report-flight on osstest.test-lab.xenproject.org logs: /home/logs/logs images: /home/logs/images Logs, config files, etc. are available at http://logs.test-lab.xenproject.org/osstest/logs Explanation of these reports, and of osstest in general, is at http://xenbits.xen.org/gitweb/?p=osstest.git;a=blob;f=README.email;hb=master http://xenbits.xen.org/gitweb/?p=osstest.git;a=blob;f=README;hb=master Test harness code can be found at http://xenbits.xen.org/gitweb?p=osstest.git;a=summary broken-job build-armhf broken Not pushing. (No revision log; it would be 1286 lines long.) --===============1725650909821525179== Content-Type: text/plain; charset="utf-8" MIME-Version: 1.0 Content-Transfer-Encoding: base64 Content-Disposition: inline X19fX19fX19fX19fX19fX19fX19fX19fX19fX19fX19fX19fX19fX19fX19fX18KWGVuLWRldmVs IG1haWxpbmcgbGlzdApYZW4tZGV2ZWxAbGlzdHMueGVuLm9yZwpodHRwczovL2xpc3RzLnhlbi5v cmcveGVuLWRldmVsCg== --===============1725650909821525179==--