xen-devel.lists.xenproject.org archive mirror
 help / color / mirror / Atom feed
* [xen-unstable-smoke test] 114199: regressions - trouble: blocked/broken/fail
@ 2017-10-09 16:53 osstest service owner
  0 siblings, 0 replies; only message in thread
From: osstest service owner @ 2017-10-09 16:53 UTC (permalink / raw)
  To: xen-devel, osstest-admin

[-- Attachment #1: Type: text/plain, Size: 3312 bytes --]

flight 114199 xen-unstable-smoke real [real]
http://logs.test-lab.xenproject.org/osstest/logs/114199/

Regressions :-(

Tests which did not succeed and are blocking,
including tests which could not be run:
 build-armhf                     <job status>                 broken
 build-amd64                   6 xen-build                fail REGR. vs. 113972
 build-armhf                   5 host-build-prep          fail REGR. vs. 113972

Tests which did not succeed, but are not blocking:
 test-armhf-armhf-xl           1 build-check(1)               blocked  n/a
 test-amd64-amd64-libvirt      1 build-check(1)               blocked  n/a
 build-amd64-libvirt           1 build-check(1)               blocked  n/a
 test-amd64-amd64-xl-qemuu-debianhvm-i386  1 build-check(1)         blocked n/a

version targeted for testing:
 xen                  e43aad54fc89bb77a369430a37a2d4949dfa3d9e
baseline version:
 xen                  dbc4b6e13a5d0dd8967cde7ff7000ab1ed88625e

Last test of basis   113972  2017-10-03 21:02:43 Z    5 days
Failing since        113979  2017-10-04 00:10:13 Z    5 days   60 attempts
Testing same since   114199  2017-10-09 16:01:19 Z    0 days    1 attempts

------------------------------------------------------------
People who touched revisions under test:
  Andrew Cooper <andrew.cooper3@citrix.com>
  Awais Masood <awais.masood@vadion.com>
  Bhupinder Thakur <bhupinder.thakur@linaro.org>
  Dario Faggioli <dario.faggioli@citrix.com>
  Dario Faggioli <raistlin@linux.it>
  George Dunlap <george.dunlap@citrix.com>
  Ian Jackson <ian.jackson@eu.citrix.com>
  Jan Beulich <jbeulich@suse.com>
  Joao Martins <joao.m.martins@oracle.com>
  Juergen Gross <jgross@suse.com>
  Julien Grall <julien.grall@arm.com>
  Julien Grall <julien.grall@linaro.org>
  Jun Nakajima <jun.nakajima@intel.com>
  Konrad Rzeszutek Wilk <konrad.wilk@oracle.com>
  Meng Xu <mengxu@cis.upenn.edu>?
  Roger Pau Monne <roger.pau@citrix.com>
  Roger Pau Monné <roger.pau@citrix.com>
  Ross Lagerwall <ross.lagerwall@citrix.com>
  Sergey Dyasli <sergey.dyasli@citrix.com>
  Stefano Stabellini <sstabellini@kernel.org>
  Tamas K Lengyel <tamas@tklengyel.com>
  Tim Deegan <tim@xen.org>
  Wei Liu <wei.liu2@citrix.com>

jobs:
 build-amd64                                                  fail    
 build-armhf                                                  broken  
 build-amd64-libvirt                                          blocked 
 test-armhf-armhf-xl                                          blocked 
 test-amd64-amd64-xl-qemuu-debianhvm-i386                     blocked 
 test-amd64-amd64-libvirt                                     blocked 


------------------------------------------------------------
sg-report-flight on osstest.test-lab.xenproject.org
logs: /home/logs/logs
images: /home/logs/images

Logs, config files, etc. are available at
    http://logs.test-lab.xenproject.org/osstest/logs

Explanation of these reports, and of osstest in general, is at
    http://xenbits.xen.org/gitweb/?p=osstest.git;a=blob;f=README.email;hb=master
    http://xenbits.xen.org/gitweb/?p=osstest.git;a=blob;f=README;hb=master

Test harness code can be found at
    http://xenbits.xen.org/gitweb?p=osstest.git;a=summary

broken-job build-armhf broken

Not pushing.

(No revision log; it would be 1286 lines long.)


[-- Attachment #2: Type: text/plain, Size: 127 bytes --]

_______________________________________________
Xen-devel mailing list
Xen-devel@lists.xen.org
https://lists.xen.org/xen-devel

^ permalink raw reply	[flat|nested] only message in thread

only message in thread, other threads:[~2017-10-09 16:53 UTC | newest]

Thread overview: (only message) (download: mbox.gz follow: Atom feed
-- links below jump to the message on this page --
2017-10-09 16:53 [xen-unstable-smoke test] 114199: regressions - trouble: blocked/broken/fail osstest service owner

This is a public inbox, see mirroring instructions
for how to clone and mirror all data and code used for this inbox;
as well as URLs for NNTP newsgroup(s).