From: osstest service owner <osstest-admin@xenproject.org>
To: xen-devel@lists.xensource.com, osstest-admin@xenproject.org
Subject: [linux-linus test] 114218: regressions - FAIL
Date: Tue, 10 Oct 2017 20:07:00 +0000 [thread overview]
Message-ID: <osstest-114218-mainreport@xen.org> (raw)
flight 114218 linux-linus real [real]
http://logs.test-lab.xenproject.org/osstest/logs/114218/
Regressions :-(
Tests which did not succeed and are blocking,
including tests which could not be run:
test-amd64-amd64-xl-qemut-stubdom-debianhvm-amd64-xsm 15 guest-saverestore.2 fail REGR. vs. 114175
Regressions which are regarded as allowable (not blocking):
test-amd64-amd64-xl-qemuu-win7-amd64 17 guest-stop fail REGR. vs. 114175
Tests which did not succeed, but are not blocking:
test-armhf-armhf-libvirt 14 saverestore-support-check fail like 114175
test-amd64-i386-xl-qemut-win7-amd64 17 guest-stop fail like 114175
test-amd64-amd64-xl-qemut-win7-amd64 17 guest-stop fail like 114175
test-armhf-armhf-libvirt-raw 13 saverestore-support-check fail like 114175
test-amd64-i386-xl-qemuu-win7-amd64 17 guest-stop fail like 114175
test-armhf-armhf-libvirt-xsm 14 saverestore-support-check fail like 114175
test-amd64-amd64-xl-rtds 10 debian-install fail like 114175
test-armhf-armhf-xl-rtds 16 guest-start/debian.repeat fail like 114175
test-amd64-amd64-xl-qemut-ws16-amd64 10 windows-install fail never pass
test-amd64-amd64-xl-qemuu-ws16-amd64 10 windows-install fail never pass
test-amd64-amd64-libvirt-xsm 13 migrate-support-check fail never pass
test-amd64-i386-libvirt-xsm 13 migrate-support-check fail never pass
test-amd64-i386-libvirt 13 migrate-support-check fail never pass
test-amd64-amd64-libvirt-qemuu-debianhvm-amd64-xsm 11 migrate-support-check fail never pass
test-amd64-i386-libvirt-qemuu-debianhvm-amd64-xsm 11 migrate-support-check fail never pass
test-amd64-i386-libvirt-qcow2 12 migrate-support-check fail never pass
test-amd64-amd64-libvirt-vhd 12 migrate-support-check fail never pass
test-amd64-amd64-qemuu-nested-amd 17 debian-hvm-install/l1/l2 fail never pass
test-armhf-armhf-xl-xsm 13 migrate-support-check fail never pass
test-armhf-armhf-xl-xsm 14 saverestore-support-check fail never pass
test-armhf-armhf-libvirt 13 migrate-support-check fail never pass
test-armhf-armhf-xl-cubietruck 13 migrate-support-check fail never pass
test-armhf-armhf-xl-cubietruck 14 saverestore-support-check fail never pass
test-armhf-armhf-xl-credit2 13 migrate-support-check fail never pass
test-armhf-armhf-xl-credit2 14 saverestore-support-check fail never pass
test-armhf-armhf-xl-multivcpu 13 migrate-support-check fail never pass
test-armhf-armhf-xl-multivcpu 14 saverestore-support-check fail never pass
test-armhf-armhf-xl-arndale 13 migrate-support-check fail never pass
test-armhf-armhf-xl-arndale 14 saverestore-support-check fail never pass
test-amd64-i386-xl-qemut-ws16-amd64 13 guest-saverestore fail never pass
test-amd64-amd64-libvirt 13 migrate-support-check fail never pass
test-armhf-armhf-xl-rtds 13 migrate-support-check fail never pass
test-armhf-armhf-xl-rtds 14 saverestore-support-check fail never pass
test-armhf-armhf-libvirt-raw 12 migrate-support-check fail never pass
test-armhf-armhf-xl 13 migrate-support-check fail never pass
test-armhf-armhf-xl 14 saverestore-support-check fail never pass
test-armhf-armhf-libvirt-xsm 13 migrate-support-check fail never pass
test-amd64-i386-xl-qemuu-ws16-amd64 13 guest-saverestore fail never pass
test-armhf-armhf-xl-vhd 12 migrate-support-check fail never pass
test-armhf-armhf-xl-vhd 13 saverestore-support-check fail never pass
test-amd64-amd64-xl-qemut-win10-i386 10 windows-install fail never pass
test-amd64-i386-xl-qemuu-win10-i386 10 windows-install fail never pass
test-amd64-i386-xl-qemut-win10-i386 10 windows-install fail never pass
test-amd64-amd64-xl-qemuu-win10-i386 10 windows-install fail never pass
version targeted for testing:
linux 68ebe3cbe786a954481d6ded0dc83f7d551640bf
baseline version:
linux 8a5776a5f49812d29fe4b2d0a2d71675c3facf3f
Last test of basis 114175 2017-10-09 04:18:47 Z 1 days
Testing same since 114218 2017-10-09 23:00:07 Z 0 days 1 attempts
------------------------------------------------------------
People who touched revisions under test:
Benjamin Coddington <bcodding@redhat.com>
Colin Ian King <colin.king@canonical.com>
Dan Carpenter <dan.carpenter@oracle.com>
J. Bruce Fields <bfields@redhat.com>
Linus Torvalds <torvalds@linux-foundation.org>
Scott Mayhew <smayhew@redhat.com>
Trond Myklebust <trond.myklebust@primarydata.com>
jobs:
build-amd64-xsm pass
build-armhf-xsm pass
build-i386-xsm pass
build-amd64 pass
build-armhf pass
build-i386 pass
build-amd64-libvirt pass
build-armhf-libvirt pass
build-i386-libvirt pass
build-amd64-pvops pass
build-armhf-pvops pass
build-i386-pvops pass
build-amd64-rumprun pass
build-i386-rumprun pass
test-amd64-amd64-xl pass
test-armhf-armhf-xl pass
test-amd64-i386-xl pass
test-amd64-amd64-xl-qemut-debianhvm-amd64-xsm pass
test-amd64-i386-xl-qemut-debianhvm-amd64-xsm pass
test-amd64-amd64-libvirt-qemuu-debianhvm-amd64-xsm pass
test-amd64-i386-libvirt-qemuu-debianhvm-amd64-xsm pass
test-amd64-amd64-xl-qemuu-debianhvm-amd64-xsm pass
test-amd64-i386-xl-qemuu-debianhvm-amd64-xsm pass
test-amd64-amd64-xl-qemut-stubdom-debianhvm-amd64-xsm fail
test-amd64-i386-xl-qemut-stubdom-debianhvm-amd64-xsm pass
test-amd64-amd64-libvirt-xsm pass
test-armhf-armhf-libvirt-xsm pass
test-amd64-i386-libvirt-xsm pass
test-amd64-amd64-xl-xsm pass
test-armhf-armhf-xl-xsm pass
test-amd64-i386-xl-xsm pass
test-amd64-amd64-qemuu-nested-amd fail
test-amd64-amd64-xl-pvh-amd pass
test-amd64-i386-qemut-rhel6hvm-amd pass
test-amd64-i386-qemuu-rhel6hvm-amd pass
test-amd64-amd64-xl-qemut-debianhvm-amd64 pass
test-amd64-i386-xl-qemut-debianhvm-amd64 pass
test-amd64-amd64-xl-qemuu-debianhvm-amd64 pass
test-amd64-i386-xl-qemuu-debianhvm-amd64 pass
test-amd64-i386-freebsd10-amd64 pass
test-amd64-amd64-xl-qemuu-ovmf-amd64 pass
test-amd64-i386-xl-qemuu-ovmf-amd64 pass
test-amd64-amd64-rumprun-amd64 pass
test-amd64-amd64-xl-qemut-win7-amd64 fail
test-amd64-i386-xl-qemut-win7-amd64 fail
test-amd64-amd64-xl-qemuu-win7-amd64 fail
test-amd64-i386-xl-qemuu-win7-amd64 fail
test-amd64-amd64-xl-qemut-ws16-amd64 fail
test-amd64-i386-xl-qemut-ws16-amd64 fail
test-amd64-amd64-xl-qemuu-ws16-amd64 fail
test-amd64-i386-xl-qemuu-ws16-amd64 fail
test-armhf-armhf-xl-arndale pass
test-amd64-amd64-xl-credit2 pass
test-armhf-armhf-xl-credit2 pass
test-armhf-armhf-xl-cubietruck pass
test-amd64-amd64-examine pass
test-armhf-armhf-examine pass
test-amd64-i386-examine pass
test-amd64-i386-freebsd10-i386 pass
test-amd64-i386-rumprun-i386 pass
test-amd64-amd64-xl-qemut-win10-i386 fail
test-amd64-i386-xl-qemut-win10-i386 fail
test-amd64-amd64-xl-qemuu-win10-i386 fail
test-amd64-i386-xl-qemuu-win10-i386 fail
test-amd64-amd64-qemuu-nested-intel pass
test-amd64-amd64-xl-pvh-intel pass
test-amd64-i386-qemut-rhel6hvm-intel pass
test-amd64-i386-qemuu-rhel6hvm-intel pass
test-amd64-amd64-libvirt pass
test-armhf-armhf-libvirt pass
test-amd64-i386-libvirt pass
test-amd64-amd64-xl-multivcpu pass
test-armhf-armhf-xl-multivcpu pass
test-amd64-amd64-pair pass
test-amd64-i386-pair pass
test-amd64-amd64-libvirt-pair pass
test-amd64-i386-libvirt-pair pass
test-amd64-amd64-amd64-pvgrub pass
test-amd64-amd64-i386-pvgrub pass
test-amd64-amd64-pygrub pass
test-amd64-i386-libvirt-qcow2 pass
test-amd64-amd64-xl-qcow2 pass
test-armhf-armhf-libvirt-raw pass
test-amd64-i386-xl-raw pass
test-amd64-amd64-xl-rtds fail
test-armhf-armhf-xl-rtds fail
test-amd64-amd64-libvirt-vhd pass
test-armhf-armhf-xl-vhd pass
------------------------------------------------------------
sg-report-flight on osstest.test-lab.xenproject.org
logs: /home/logs/logs
images: /home/logs/images
Logs, config files, etc. are available at
http://logs.test-lab.xenproject.org/osstest/logs
Explanation of these reports, and of osstest in general, is at
http://xenbits.xen.org/gitweb/?p=osstest.git;a=blob;f=README.email;hb=master
http://xenbits.xen.org/gitweb/?p=osstest.git;a=blob;f=README;hb=master
Test harness code can be found at
http://xenbits.xen.org/gitweb?p=osstest.git;a=summary
Not pushing.
------------------------------------------------------------
commit 68ebe3cbe786a954481d6ded0dc83f7d551640bf
Merge: 8a5776a e8fa33a
Author: Linus Torvalds <torvalds@linux-foundation.org>
Date: Mon Oct 9 10:55:37 2017 -0700
Merge tag 'nfs-for-4.14-3' of git://git.linux-nfs.org/projects/trondmy/linux-nfs
Pull NFS client bugfixes from Trond Myklebust:
"Hightlights include:
stable fixes:
- nfs/filelayout: fix oops when freeing filelayout segment
- NFS: Fix uninitialized rpc_wait_queue
bugfixes:
- NFSv4/pnfs: Fix an infinite layoutget loop
- nfs: RPC_MAX_AUTH_SIZE is in bytes"
* tag 'nfs-for-4.14-3' of git://git.linux-nfs.org/projects/trondmy/linux-nfs:
NFSv4/pnfs: Fix an infinite layoutget loop
nfs/filelayout: fix oops when freeing filelayout segment
sunrpc: remove redundant initialization of sock
NFS: Fix uninitialized rpc_wait_queue
NFS: Cleanup error handling in nfs_idmap_request_key()
nfs: RPC_MAX_AUTH_SIZE is in bytes
commit e8fa33a6f6c7688591542db955794b69b8cecc55
Author: Trond Myklebust <trond.myklebust@primarydata.com>
Date: Wed Oct 4 13:49:12 2017 -0400
NFSv4/pnfs: Fix an infinite layoutget loop
Since we can now use a lock stateid or a delegation stateid, that
differs from the context stateid, we need to change the test in
nfs4_layoutget_handle_exception() to take this into account.
This fixes an infinite layoutget loop in the NFS client whereby
it keeps retrying the initial layoutget using the same broken
stateid.
Fixes: 70d2f7b1ea19b ("pNFS: Use the standard I/O stateid when...")
Signed-off-by: Trond Myklebust <trond.myklebust@primarydata.com>
commit 0a47df11bfc31e1ceae7f91cea84d3bff500475d
Author: Scott Mayhew <smayhew@redhat.com>
Date: Fri Sep 29 09:36:43 2017 -0400
nfs/filelayout: fix oops when freeing filelayout segment
Check for a NULL dsaddr in filelayout_free_lseg() before calling
nfs4_fl_put_deviceid(). This fixes the following oops:
[ 1967.645207] BUG: unable to handle kernel NULL pointer dereference at 0000000000000030
[ 1967.646010] IP: [<ffffffffc06d6aea>] nfs4_put_deviceid_node+0xa/0x90 [nfsv4]
[ 1967.646010] PGD c08bc067 PUD 915d3067 PMD 0
[ 1967.753036] Oops: 0000 [#1] SMP
[ 1967.753036] Modules linked in: nfs_layout_nfsv41_files ext4 mbcache jbd2 loop rpcsec_gss_krb5 nfsv4 dns_resolver nfs fscache amd64_edac_mod ipmi_ssif edac_mce_amd edac_core kvm_amd sg kvm ipmi_si ipmi_devintf irqbypass pcspkr k8temp ipmi_msghandler i2c_piix4 shpchp nfsd auth_rpcgss nfs_acl lockd grace sunrpc ip_tables xfs libcrc32c sd_mod crc_t10dif crct10dif_generic crct10dif_common amdkfd amd_iommu_v2 radeon i2c_algo_bit drm_kms_helper syscopyarea sysfillrect sysimgblt fb_sys_fops mptsas ttm scsi_transport_sas mptscsih drm mptbase serio_raw i2c_core bnx2 dm_mirror dm_region_hash dm_log dm_mod
[ 1967.790031] CPU: 2 PID: 1370 Comm: ls Not tainted 3.10.0-709.el7.test.bz1463784.x86_64 #1
[ 1967.790031] Hardware name: IBM BladeCenter LS21 -[7971AC1]-/Server Blade, BIOS -[BAE155AUS-1.10]- 06/03/2009
[ 1967.790031] task: ffff8800c42a3f40 ti: ffff8800c4064000 task.ti: ffff8800c4064000
[ 1967.790031] RIP: 0010:[<ffffffffc06d6aea>] [<ffffffffc06d6aea>] nfs4_put_deviceid_node+0xa/0x90 [nfsv4]
[ 1967.790031] RSP: 0000:ffff8800c4067978 EFLAGS: 00010246
[ 1967.790031] RAX: ffffffffc062f000 RBX: ffff8801d468a540 RCX: dead000000000200
[ 1967.790031] RDX: ffff8800c40679f8 RSI: ffff8800c4067a0c RDI: 0000000000000000
[ 1967.790031] RBP: ffff8800c4067980 R08: ffff8801d468a540 R09: 0000000000000000
[ 1967.790031] R10: 0000000000000000 R11: ffffffffffffffff R12: ffff8801d468a540
[ 1967.790031] R13: ffff8800c40679f8 R14: ffff8801d5645300 R15: ffff880126f15ff0
[ 1967.790031] FS: 00007f11053c9800(0000) GS:ffff88012bd00000(0000) knlGS:0000000000000000
[ 1967.790031] CS: 0010 DS: 0000 ES: 0000 CR0: 000000008005003b
[ 1967.790031] CR2: 0000000000000030 CR3: 0000000094b55000 CR4: 00000000000007e0
[ 1967.790031] Stack:
[ 1967.790031] ffff8801d468a540 ffff8800c4067990 ffffffffc062d2fe ffff8800c40679b0
[ 1967.790031] ffffffffc062b5b4 ffff8800c40679f8 ffff8801d468a540 ffff8800c40679d8
[ 1967.790031] ffffffffc06d39af ffff8800c40679f8 ffff880126f16078 0000000000000001
[ 1967.790031] Call Trace:
[ 1967.790031] [<ffffffffc062d2fe>] nfs4_fl_put_deviceid+0xe/0x10 [nfs_layout_nfsv41_files]
[ 1967.790031] [<ffffffffc062b5b4>] filelayout_free_lseg+0x24/0x90 [nfs_layout_nfsv41_files]
[ 1967.790031] [<ffffffffc06d39af>] pnfs_free_lseg_list+0x5f/0x80 [nfsv4]
[ 1967.790031] [<ffffffffc06d5a67>] _pnfs_return_layout+0x157/0x270 [nfsv4]
[ 1967.790031] [<ffffffffc06c17dd>] nfs4_evict_inode+0x4d/0x70 [nfsv4]
[ 1967.790031] [<ffffffff8121de19>] evict+0xa9/0x180
[ 1967.790031] [<ffffffff8121e729>] iput+0xf9/0x190
[ 1967.790031] [<ffffffffc0652cea>] nfs_dentry_iput+0x3a/0x50 [nfs]
[ 1967.790031] [<ffffffff8121ab4f>] shrink_dentry_list+0x20f/0x490
[ 1967.790031] [<ffffffff8121b018>] d_invalidate+0xd8/0x150
[ 1967.790031] [<ffffffffc065446b>] nfs_readdir_page_filler+0x40b/0x600 [nfs]
[ 1967.790031] [<ffffffffc0654bbd>] nfs_readdir_xdr_to_array+0x20d/0x3b0 [nfs]
[ 1967.790031] [<ffffffff811f3482>] ? __mem_cgroup_commit_charge+0xe2/0x2f0
[ 1967.790031] [<ffffffff81183208>] ? __add_to_page_cache_locked+0x48/0x170
[ 1967.790031] [<ffffffffc0654d60>] ? nfs_readdir_xdr_to_array+0x3b0/0x3b0 [nfs]
[ 1967.790031] [<ffffffffc0654d82>] nfs_readdir_filler+0x22/0x90 [nfs]
[ 1967.790031] [<ffffffff8118351f>] do_read_cache_page+0x7f/0x190
[ 1967.790031] [<ffffffff81215d30>] ? fillonedir+0xe0/0xe0
[ 1967.790031] [<ffffffff8118366c>] read_cache_page+0x1c/0x30
[ 1967.790031] [<ffffffffc0654f9b>] nfs_readdir+0x1ab/0x6b0 [nfs]
[ 1967.790031] [<ffffffffc06bd1c0>] ? nfs4_xdr_dec_layoutget+0x270/0x270 [nfsv4]
[ 1967.790031] [<ffffffff81215d30>] ? fillonedir+0xe0/0xe0
[ 1967.790031] [<ffffffff81215c20>] vfs_readdir+0xb0/0xe0
[ 1967.790031] [<ffffffff81216045>] SyS_getdents+0x95/0x120
[ 1967.790031] [<ffffffff816b9449>] system_call_fastpath+0x16/0x1b
[ 1967.790031] Code: 90 31 d2 48 89 d0 5d c3 85 f6 74 f5 8d 4e 01 89 f0 f0 0f b1 0f 39 f0 74 e2 89 c6 eb eb 0f 1f 40 00 66 66 66 66 90 55 48 89 e5 53 <48> 8b 47 30 48 89 fb a8 04 74 3b 8b 57 60 83 fa 02 74 19 8d 4a
[ 1967.790031] RIP [<ffffffffc06d6aea>] nfs4_put_deviceid_node+0xa/0x90 [nfsv4]
[ 1967.790031] RSP <ffff8800c4067978>
[ 1967.790031] CR2: 0000000000000030
Signed-off-by: Scott Mayhew <smayhew@redhat.com>
Fixes: 1ebf98012792 ("NFS/filelayout: Fix racy setting of fl->dsaddr...")
Cc: stable@vger.kernel.org # v4.13+
Signed-off-by: Trond Myklebust <trond.myklebust@primarydata.com>
commit d099b8af46f5e1e37182eff988f9373dcc2b0128
Author: Colin Ian King <colin.king@canonical.com>
Date: Mon Sep 18 12:21:14 2017 +0100
sunrpc: remove redundant initialization of sock
sock is being initialized and then being almost immediately updated
hence the initialized value is not being used and is redundant. Remove
the initialization. Cleans up clang warning:
warning: Value stored to 'sock' during its initialization is never read
Signed-off-by: Colin Ian King <colin.king@canonical.com>
Signed-off-by: Trond Myklebust <trond.myklebust@primarydata.com>
commit 68ebf8fe3bce8c167cf83fbd681c1eb1ed419c6c
Author: Benjamin Coddington <bcodding@redhat.com>
Date: Fri Sep 22 07:57:10 2017 -0400
NFS: Fix uninitialized rpc_wait_queue
Michael Sterrett reports a NULL pointer dereference on NFSv3 mounts when
CONFIG_NFS_V4 is not set because the NFS UOC rpc_wait_queue has not been
initialized. Move the initialization of the queue out of the CONFIG_NFS_V4
conditional setion.
Fixes: 7d6ddf88c4db ("NFS: Add an iocounter wait function for async RPC tasks")
Cc: stable@vger.kernel.org # 4.11+
Signed-off-by: Benjamin Coddington <bcodding@redhat.com>
Signed-off-by: Trond Myklebust <trond.myklebust@primarydata.com>
commit cdb2e53fd6dc715c5b45d0967fcb6dc574cb28f8
Author: Dan Carpenter <dan.carpenter@oracle.com>
Date: Thu Sep 21 00:53:46 2017 +0300
NFS: Cleanup error handling in nfs_idmap_request_key()
nfs_idmap_get_desc() can't actually return zero. But if it did then
we would return ERR_PTR(0) which is NULL and the caller,
nfs_idmap_get_key(), doesn't expect that so it leads to a NULL pointer
dereference.
I've cleaned this up by changing the "<=" to "<" so it's more clear that
we don't return ERR_PTR(0).
Signed-off-by: Dan Carpenter <dan.carpenter@oracle.com>
Signed-off-by: Trond Myklebust <trond.myklebust@primarydata.com>
commit 35c036ef4a722e953e17884f4f4325f78eeab475
Author: J. Bruce Fields <bfields@redhat.com>
Date: Wed Sep 20 12:42:13 2017 -0400
nfs: RPC_MAX_AUTH_SIZE is in bytes
The units of RPC_MAX_AUTH_SIZE is bytes, not 4-byte words. This causes
the client to request a larger-than-necessary session replay slot size.
Signed-off-by: J. Bruce Fields <bfields@redhat.com>
Signed-off-by: Trond Myklebust <trond.myklebust@primarydata.com>
_______________________________________________
Xen-devel mailing list
Xen-devel@lists.xen.org
https://lists.xen.org/xen-devel
reply other threads:[~2017-10-10 20:07 UTC|newest]
Thread overview: [no followups] expand[flat|nested] mbox.gz Atom feed
Reply instructions:
You may reply publicly to this message via plain-text email
using any one of the following methods:
* Save the following mbox file, import it into your mail client,
and reply-to-all from there: mbox
Avoid top-posting and favor interleaved quoting:
https://en.wikipedia.org/wiki/Posting_style#Interleaved_style
* Reply using the --to, --cc, and --in-reply-to
switches of git-send-email(1):
git send-email \
--in-reply-to=osstest-114218-mainreport@xen.org \
--to=osstest-admin@xenproject.org \
--cc=xen-devel@lists.xensource.com \
/path/to/YOUR_REPLY
https://kernel.org/pub/software/scm/git/docs/git-send-email.html
* If your mail client supports setting the In-Reply-To header
via mailto: links, try the mailto: link
Be sure your reply has a Subject: header at the top and a blank line
before the message body.
This is a public inbox, see mirroring instructions
for how to clone and mirror all data and code used for this inbox;
as well as URLs for NNTP newsgroup(s).