xen-devel.lists.xenproject.org archive mirror
 help / color / mirror / Atom feed
* [qemu-upstream-unstable test] 114273: regressions - FAIL
@ 2017-10-11  4:33 osstest service owner
  2017-10-11 11:34 ` Anthony PERARD
  0 siblings, 1 reply; 3+ messages in thread
From: osstest service owner @ 2017-10-11  4:33 UTC (permalink / raw)
  To: xen-devel, osstest-admin

[-- Attachment #1: Type: text/plain, Size: 10606 bytes --]

flight 114273 qemu-upstream-unstable real [real]
http://logs.test-lab.xenproject.org/osstest/logs/114273/

Regressions :-(

Tests which did not succeed and are blocking,
including tests which could not be run:
 test-amd64-amd64-xl-pvh-intel 12 guest-start             fail REGR. vs. 114029
 test-amd64-amd64-xl-pvh-amd  12 guest-start              fail REGR. vs. 114029

Regressions which are regarded as allowable (not blocking):
 test-amd64-amd64-xl-rtds     10 debian-install           fail REGR. vs. 114029

Tests which did not succeed, but are not blocking:
 test-armhf-armhf-xl-rtds     16 guest-start/debian.repeat    fail  like 114014
 test-armhf-armhf-libvirt     14 saverestore-support-check    fail  like 114029
 test-armhf-armhf-libvirt-xsm 14 saverestore-support-check    fail  like 114029
 test-armhf-armhf-libvirt-raw 13 saverestore-support-check    fail  like 114029
 test-amd64-amd64-xl-qemuu-ws16-amd64 10 windows-install        fail never pass
 test-amd64-amd64-libvirt-xsm 13 migrate-support-check        fail   never pass
 test-amd64-i386-libvirt      13 migrate-support-check        fail   never pass
 test-amd64-i386-libvirt-xsm  13 migrate-support-check        fail   never pass
 test-amd64-amd64-libvirt     13 migrate-support-check        fail   never pass
 test-amd64-amd64-libvirt-qemuu-debianhvm-amd64-xsm 11 migrate-support-check fail never pass
 test-amd64-i386-libvirt-qcow2 12 migrate-support-check        fail  never pass
 test-armhf-armhf-libvirt     13 migrate-support-check        fail   never pass
 test-amd64-i386-libvirt-qemuu-debianhvm-amd64-xsm 11 migrate-support-check fail never pass
 test-amd64-amd64-libvirt-vhd 12 migrate-support-check        fail   never pass
 test-amd64-amd64-qemuu-nested-amd 17 debian-hvm-install/l1/l2  fail never pass
 test-armhf-armhf-xl-rtds     13 migrate-support-check        fail   never pass
 test-armhf-armhf-xl-rtds     14 saverestore-support-check    fail   never pass
 test-amd64-i386-xl-qemuu-ws16-amd64 13 guest-saverestore       fail never pass
 test-armhf-armhf-xl-credit2  13 migrate-support-check        fail   never pass
 test-armhf-armhf-xl-credit2  14 saverestore-support-check    fail   never pass
 test-armhf-armhf-libvirt-xsm 13 migrate-support-check        fail   never pass
 test-armhf-armhf-xl          13 migrate-support-check        fail   never pass
 test-armhf-armhf-xl          14 saverestore-support-check    fail   never pass
 test-armhf-armhf-xl-multivcpu 13 migrate-support-check        fail  never pass
 test-armhf-armhf-xl-multivcpu 14 saverestore-support-check    fail  never pass
 test-armhf-armhf-xl-cubietruck 13 migrate-support-check        fail never pass
 test-armhf-armhf-xl-cubietruck 14 saverestore-support-check    fail never pass
 test-armhf-armhf-xl-xsm      13 migrate-support-check        fail   never pass
 test-armhf-armhf-xl-xsm      14 saverestore-support-check    fail   never pass
 test-armhf-armhf-libvirt-raw 12 migrate-support-check        fail   never pass
 test-armhf-armhf-xl-vhd      12 migrate-support-check        fail   never pass
 test-armhf-armhf-xl-vhd      13 saverestore-support-check    fail   never pass
 test-armhf-armhf-xl-arndale  13 migrate-support-check        fail   never pass
 test-armhf-armhf-xl-arndale  14 saverestore-support-check    fail   never pass
 test-amd64-i386-xl-qemuu-win10-i386 10 windows-install         fail never pass
 test-amd64-amd64-xl-qemuu-win10-i386 10 windows-install        fail never pass

version targeted for testing:
 qemuu                5cd7ce5dde3f228b3b669ed9ca432f588947bd40
baseline version:
 qemuu                7434775abf8fb2ca3b9e805d30656f4da8c08816

Last test of basis   114029  2017-10-05 04:17:58 Z    6 days
Testing same since   114273  2017-10-10 11:03:21 Z    0 days    1 attempts

------------------------------------------------------------
People who touched revisions under test:
  Alex Bennée <alex.bennee@linaro.org>
  Alex Williamson <alex.williamson@redhat.com>
  Anthony PERARD <anthony.perard@citrix.com>
  Christian Borntraeger <borntraeger@de.ibm.com>
  Cornelia Huck <cohuck@redhat.com>
  Dr. David Alan Gilbert <dgilbert@redhat.com>
  Eric Blake <eblake@redhat.com>
  Farhan Ali <alifm@linux.vnet.ibm.com>
  Gerd Hoffmann <kraxel@redhat.com>
  Greg Kurz <groug@kaod.org>
  Hannes Reinecke <hare@suse.com>
  Hannes Reinecke <hare@suse.de>
  Igor Mammedov <imammedo@redhat.com>
  Jan Dakinevich <jan.dakinevich@gmail.com>
  John Snow <jsnow@redhat.com>
  Kevin Wolf <kwolf@redhat.com>
  Manos Pitsidianakis <el13635@mail.ntua.gr>
  Marc-André Lureau <marcandre.lureau@redhat.com>
  Max Reitz <mreitz@redhat.com>
  Michael Roth <mdroth@linux.vnet.ibm.com>
  Michael S. Tsirkin <mst@redhat.com>
  Michael Tokarev <mjt@tls.msk.ru>
  Paolo Bonzini <pbonzini@redhat.com>
  Pavel Butsykin <pbutsykin@virtuozzo.com>
  Peter Lieven <pl@kamp.de>
  Peter Maydell <peter.maydell@linaro.org>
  Pranith Kumar <bobby.prani@gmail.com>
  Prasad J Pandit <pjp@fedoraproject.org>
  Richard Henderson <richard.henderson@linaro.org>
  Samuel Thibault <samuel.thibault@ens-lyon.org>
  Stefan Hajnoczi <stefanha@redhat.com>
  Thomas Huth <thuth@redhat.com>
  Vladimir Sementsov-Ogievskiy <vsementsov@virtuozzo.com>

jobs:
 build-amd64-xsm                                              pass    
 build-armhf-xsm                                              pass    
 build-i386-xsm                                               pass    
 build-amd64                                                  pass    
 build-armhf                                                  pass    
 build-i386                                                   pass    
 build-amd64-libvirt                                          pass    
 build-armhf-libvirt                                          pass    
 build-i386-libvirt                                           pass    
 build-amd64-pvops                                            pass    
 build-armhf-pvops                                            pass    
 build-i386-pvops                                             pass    
 test-amd64-amd64-xl                                          pass    
 test-armhf-armhf-xl                                          pass    
 test-amd64-i386-xl                                           pass    
 test-amd64-amd64-libvirt-qemuu-debianhvm-amd64-xsm           pass    
 test-amd64-i386-libvirt-qemuu-debianhvm-amd64-xsm            pass    
 test-amd64-amd64-xl-qemuu-debianhvm-amd64-xsm                pass    
 test-amd64-i386-xl-qemuu-debianhvm-amd64-xsm                 pass    
 test-amd64-amd64-libvirt-xsm                                 pass    
 test-armhf-armhf-libvirt-xsm                                 pass    
 test-amd64-i386-libvirt-xsm                                  pass    
 test-amd64-amd64-xl-xsm                                      pass    
 test-armhf-armhf-xl-xsm                                      pass    
 test-amd64-i386-xl-xsm                                       pass    
 test-amd64-amd64-qemuu-nested-amd                            fail    
 test-amd64-amd64-xl-pvh-amd                                  fail    
 test-amd64-i386-qemuu-rhel6hvm-amd                           pass    
 test-amd64-amd64-xl-qemuu-debianhvm-amd64                    pass    
 test-amd64-i386-xl-qemuu-debianhvm-amd64                     pass    
 test-amd64-i386-freebsd10-amd64                              pass    
 test-amd64-amd64-xl-qemuu-ovmf-amd64                         pass    
 test-amd64-i386-xl-qemuu-ovmf-amd64                          pass    
 test-amd64-amd64-xl-qemuu-win7-amd64                         pass    
 test-amd64-i386-xl-qemuu-win7-amd64                          pass    
 test-amd64-amd64-xl-qemuu-ws16-amd64                         fail    
 test-amd64-i386-xl-qemuu-ws16-amd64                          fail    
 test-armhf-armhf-xl-arndale                                  pass    
 test-amd64-amd64-xl-credit2                                  pass    
 test-armhf-armhf-xl-credit2                                  pass    
 test-armhf-armhf-xl-cubietruck                               pass    
 test-amd64-i386-freebsd10-i386                               pass    
 test-amd64-amd64-xl-qemuu-win10-i386                         fail    
 test-amd64-i386-xl-qemuu-win10-i386                          fail    
 test-amd64-amd64-qemuu-nested-intel                          pass    
 test-amd64-amd64-xl-pvh-intel                                fail    
 test-amd64-i386-qemuu-rhel6hvm-intel                         pass    
 test-amd64-amd64-libvirt                                     pass    
 test-armhf-armhf-libvirt                                     pass    
 test-amd64-i386-libvirt                                      pass    
 test-amd64-amd64-xl-multivcpu                                pass    
 test-armhf-armhf-xl-multivcpu                                pass    
 test-amd64-amd64-pair                                        pass    
 test-amd64-i386-pair                                         pass    
 test-amd64-amd64-libvirt-pair                                pass    
 test-amd64-i386-libvirt-pair                                 pass    
 test-amd64-amd64-amd64-pvgrub                                pass    
 test-amd64-amd64-i386-pvgrub                                 pass    
 test-amd64-amd64-pygrub                                      pass    
 test-amd64-i386-libvirt-qcow2                                pass    
 test-amd64-amd64-xl-qcow2                                    pass    
 test-armhf-armhf-libvirt-raw                                 pass    
 test-amd64-i386-xl-raw                                       pass    
 test-amd64-amd64-xl-rtds                                     fail    
 test-armhf-armhf-xl-rtds                                     fail    
 test-amd64-amd64-libvirt-vhd                                 pass    
 test-armhf-armhf-xl-vhd                                      pass    


------------------------------------------------------------
sg-report-flight on osstest.test-lab.xenproject.org
logs: /home/logs/logs
images: /home/logs/images

Logs, config files, etc. are available at
    http://logs.test-lab.xenproject.org/osstest/logs

Explanation of these reports, and of osstest in general, is at
    http://xenbits.xen.org/gitweb/?p=osstest.git;a=blob;f=README.email;hb=master
    http://xenbits.xen.org/gitweb/?p=osstest.git;a=blob;f=README;hb=master

Test harness code can be found at
    http://xenbits.xen.org/gitweb?p=osstest.git;a=summary


Not pushing.

(No revision log; it would be 904 lines long.)


[-- Attachment #2: Type: text/plain, Size: 127 bytes --]

_______________________________________________
Xen-devel mailing list
Xen-devel@lists.xen.org
https://lists.xen.org/xen-devel

^ permalink raw reply	[flat|nested] 3+ messages in thread

* Re: [qemu-upstream-unstable test] 114273: regressions - FAIL
  2017-10-11  4:33 [qemu-upstream-unstable test] 114273: regressions - FAIL osstest service owner
@ 2017-10-11 11:34 ` Anthony PERARD
  2017-10-11 11:38   ` Roger Pau Monné
  0 siblings, 1 reply; 3+ messages in thread
From: Anthony PERARD @ 2017-10-11 11:34 UTC (permalink / raw)
  To: Roger Pau Monné, Ian Jackson; +Cc: xen-devel

On Wed, Oct 11, 2017 at 04:33:26AM +0000, osstest service owner wrote:
> flight 114273 qemu-upstream-unstable real [real]
> http://logs.test-lab.xenproject.org/osstest/logs/114273/
> 
> Regressions :-(
> 
> Tests which did not succeed and are blocking,
> including tests which could not be run:
>  test-amd64-amd64-xl-pvh-intel 12 guest-start             fail REGR. vs. 114029
>  test-amd64-amd64-xl-pvh-amd  12 guest-start              fail REGR. vs. 114029

Hi,

Is this an expected failure due to recent change about pvh (in libxl)?

In the logs, `xl create` fails with this:
xc: error: panic: xc_dom_x86.c:1587: bootlate_pv: pin_table failed (pfn 0x2374, rc=1): Internal error
libxl: error: libxl_dom.c:745:libxl__build_dom: xc_dom_boot_image failed: Invalid argument
domainbuilder: detail: xc_dom_release: called


Can we force push? as this error does not seems to be related to QEMU.

Thanks,

-- 
Anthony PERARD

_______________________________________________
Xen-devel mailing list
Xen-devel@lists.xen.org
https://lists.xen.org/xen-devel

^ permalink raw reply	[flat|nested] 3+ messages in thread

* Re: [qemu-upstream-unstable test] 114273: regressions - FAIL
  2017-10-11 11:34 ` Anthony PERARD
@ 2017-10-11 11:38   ` Roger Pau Monné
  0 siblings, 0 replies; 3+ messages in thread
From: Roger Pau Monné @ 2017-10-11 11:38 UTC (permalink / raw)
  To: Anthony PERARD; +Cc: xen-devel, Ian Jackson

On Wed, Oct 11, 2017 at 11:34:23AM +0000, Anthony PERARD wrote:
> On Wed, Oct 11, 2017 at 04:33:26AM +0000, osstest service owner wrote:
> > flight 114273 qemu-upstream-unstable real [real]
> > http://logs.test-lab.xenproject.org/osstest/logs/114273/
> > 
> > Regressions :-(
> > 
> > Tests which did not succeed and are blocking,
> > including tests which could not be run:
> >  test-amd64-amd64-xl-pvh-intel 12 guest-start             fail REGR. vs. 114029
> >  test-amd64-amd64-xl-pvh-amd  12 guest-start              fail REGR. vs. 114029
> 
> Hi,
> 
> Is this an expected failure due to recent change about pvh (in libxl)?
> 
> In the logs, `xl create` fails with this:
> xc: error: panic: xc_dom_x86.c:1587: bootlate_pv: pin_table failed (pfn 0x2374, rc=1): Internal error
> libxl: error: libxl_dom.c:745:libxl__build_dom: xc_dom_boot_image failed: Invalid argument
> domainbuilder: detail: xc_dom_release: called
> 
> 
> Can we force push? as this error does not seems to be related to QEMU.

I've sent a patch for osstest this morning that should solve this:

https://lists.xenproject.org/archives/html/xen-devel/2017-10/msg01328.html

Ian has already pushed it, so it shouldn't take long before this is
fixed, sorry for the breakage.

Roger.

_______________________________________________
Xen-devel mailing list
Xen-devel@lists.xen.org
https://lists.xen.org/xen-devel

^ permalink raw reply	[flat|nested] 3+ messages in thread

end of thread, other threads:[~2017-10-11 11:38 UTC | newest]

Thread overview: 3+ messages (download: mbox.gz follow: Atom feed
-- links below jump to the message on this page --
2017-10-11  4:33 [qemu-upstream-unstable test] 114273: regressions - FAIL osstest service owner
2017-10-11 11:34 ` Anthony PERARD
2017-10-11 11:38   ` Roger Pau Monné

This is a public inbox, see mirroring instructions
for how to clone and mirror all data and code used for this inbox;
as well as URLs for NNTP newsgroup(s).