From mboxrd@z Thu Jan 1 00:00:00 1970 From: osstest service owner Subject: [qemu-upstream-unstable test] 114327: regressions - trouble: broken/fail/pass Date: Thu, 12 Oct 2017 06:03:21 +0000 Message-ID: Mime-Version: 1.0 Content-Type: multipart/mixed; boundary="===============1352448090888582522==" Return-path: List-Unsubscribe: , List-Post: List-Help: List-Subscribe: , Errors-To: xen-devel-bounces@lists.xen.org Sender: "Xen-devel" To: xen-devel@lists.xensource.com, osstest-admin@xenproject.org List-Id: xen-devel@lists.xenproject.org --===============1352448090888582522== Content-Type: text/plain flight 114327 qemu-upstream-unstable real [real] http://logs.test-lab.xenproject.org/osstest/logs/114327/ Regressions :-( Tests which did not succeed and are blocking, including tests which could not be run: test-armhf-armhf-xl-cubietruck broken test-armhf-armhf-xl-vhd broken test-amd64-amd64-xl-pvh-intel 12 guest-start fail REGR. vs. 114029 test-amd64-amd64-xl-pvh-amd 12 guest-start fail REGR. vs. 114029 Tests which are failing intermittently (not blocking): test-armhf-armhf-xl-cubietruck 4 host-install(4) broken pass in 114273 test-armhf-armhf-xl-vhd 4 host-install(4) broken pass in 114273 Regressions which are regarded as allowable (not blocking): test-amd64-amd64-xl-rtds 10 debian-install fail REGR. vs. 114029 Tests which did not succeed, but are not blocking: test-armhf-armhf-xl-cubietruck 13 migrate-support-check fail in 114273 never pass test-armhf-armhf-xl-cubietruck 14 saverestore-support-check fail in 114273 never pass test-armhf-armhf-xl-vhd 12 migrate-support-check fail in 114273 never pass test-armhf-armhf-xl-vhd 13 saverestore-support-check fail in 114273 never pass test-armhf-armhf-xl-rtds 16 guest-start/debian.repeat fail like 114014 test-armhf-armhf-libvirt-xsm 14 saverestore-support-check fail like 114029 test-armhf-armhf-libvirt 14 saverestore-support-check fail like 114029 test-armhf-armhf-libvirt-raw 13 saverestore-support-check fail like 114029 test-amd64-amd64-xl-qemuu-ws16-amd64 10 windows-install fail never pass test-amd64-i386-libvirt 13 migrate-support-check fail never pass test-amd64-i386-libvirt-xsm 13 migrate-support-check fail never pass test-amd64-amd64-libvirt 13 migrate-support-check fail never pass test-amd64-amd64-libvirt-xsm 13 migrate-support-check fail never pass test-amd64-amd64-libvirt-qemuu-debianhvm-amd64-xsm 11 migrate-support-check fail never pass test-amd64-i386-libvirt-qcow2 12 migrate-support-check fail never pass test-amd64-i386-libvirt-qemuu-debianhvm-amd64-xsm 11 migrate-support-check fail never pass test-amd64-amd64-libvirt-vhd 12 migrate-support-check fail never pass test-amd64-amd64-qemuu-nested-amd 17 debian-hvm-install/l1/l2 fail never pass test-armhf-armhf-xl-rtds 13 migrate-support-check fail never pass test-armhf-armhf-xl-rtds 14 saverestore-support-check fail never pass test-amd64-i386-xl-qemuu-ws16-amd64 13 guest-saverestore fail never pass test-armhf-armhf-xl-credit2 13 migrate-support-check fail never pass test-armhf-armhf-xl-credit2 14 saverestore-support-check fail never pass test-armhf-armhf-libvirt-xsm 13 migrate-support-check fail never pass test-armhf-armhf-xl 13 migrate-support-check fail never pass test-armhf-armhf-xl 14 saverestore-support-check fail never pass test-armhf-armhf-xl-multivcpu 13 migrate-support-check fail never pass test-armhf-armhf-xl-multivcpu 14 saverestore-support-check fail never pass test-armhf-armhf-libvirt 13 migrate-support-check fail never pass test-armhf-armhf-xl-xsm 13 migrate-support-check fail never pass test-armhf-armhf-xl-xsm 14 saverestore-support-check fail never pass test-armhf-armhf-libvirt-raw 12 migrate-support-check fail never pass test-armhf-armhf-xl-arndale 13 migrate-support-check fail never pass test-armhf-armhf-xl-arndale 14 saverestore-support-check fail never pass test-amd64-i386-xl-qemuu-win10-i386 10 windows-install fail never pass test-amd64-amd64-xl-qemuu-win10-i386 10 windows-install fail never pass version targeted for testing: qemuu 5cd7ce5dde3f228b3b669ed9ca432f588947bd40 baseline version: qemuu 7434775abf8fb2ca3b9e805d30656f4da8c08816 Last test of basis 114029 2017-10-05 04:17:58 Z 7 days Testing same since 114273 2017-10-10 11:03:21 Z 1 days 2 attempts ------------------------------------------------------------ People who touched revisions under test: Alex Bennée Alex Williamson Anthony PERARD Christian Borntraeger Cornelia Huck Dr. David Alan Gilbert Eric Blake Farhan Ali Gerd Hoffmann Greg Kurz Hannes Reinecke Hannes Reinecke Igor Mammedov Jan Dakinevich John Snow Kevin Wolf Manos Pitsidianakis Marc-André Lureau Max Reitz Michael Roth Michael S. Tsirkin Michael Tokarev Paolo Bonzini Pavel Butsykin Peter Lieven Peter Maydell Pranith Kumar Prasad J Pandit Richard Henderson Samuel Thibault Stefan Hajnoczi Thomas Huth Vladimir Sementsov-Ogievskiy jobs: build-amd64-xsm pass build-armhf-xsm pass build-i386-xsm pass build-amd64 pass build-armhf pass build-i386 pass build-amd64-libvirt pass build-armhf-libvirt pass build-i386-libvirt pass build-amd64-pvops pass build-armhf-pvops pass build-i386-pvops pass test-amd64-amd64-xl pass test-armhf-armhf-xl pass test-amd64-i386-xl pass test-amd64-amd64-libvirt-qemuu-debianhvm-amd64-xsm pass test-amd64-i386-libvirt-qemuu-debianhvm-amd64-xsm pass test-amd64-amd64-xl-qemuu-debianhvm-amd64-xsm pass test-amd64-i386-xl-qemuu-debianhvm-amd64-xsm pass test-amd64-amd64-libvirt-xsm pass test-armhf-armhf-libvirt-xsm pass test-amd64-i386-libvirt-xsm pass test-amd64-amd64-xl-xsm pass test-armhf-armhf-xl-xsm pass test-amd64-i386-xl-xsm pass test-amd64-amd64-qemuu-nested-amd fail test-amd64-amd64-xl-pvh-amd fail test-amd64-i386-qemuu-rhel6hvm-amd pass test-amd64-amd64-xl-qemuu-debianhvm-amd64 pass test-amd64-i386-xl-qemuu-debianhvm-amd64 pass test-amd64-i386-freebsd10-amd64 pass test-amd64-amd64-xl-qemuu-ovmf-amd64 pass test-amd64-i386-xl-qemuu-ovmf-amd64 pass test-amd64-amd64-xl-qemuu-win7-amd64 pass test-amd64-i386-xl-qemuu-win7-amd64 pass test-amd64-amd64-xl-qemuu-ws16-amd64 fail test-amd64-i386-xl-qemuu-ws16-amd64 fail test-armhf-armhf-xl-arndale pass test-amd64-amd64-xl-credit2 pass test-armhf-armhf-xl-credit2 pass test-armhf-armhf-xl-cubietruck broken test-amd64-i386-freebsd10-i386 pass test-amd64-amd64-xl-qemuu-win10-i386 fail test-amd64-i386-xl-qemuu-win10-i386 fail test-amd64-amd64-qemuu-nested-intel pass test-amd64-amd64-xl-pvh-intel fail test-amd64-i386-qemuu-rhel6hvm-intel pass test-amd64-amd64-libvirt pass test-armhf-armhf-libvirt pass test-amd64-i386-libvirt pass test-amd64-amd64-xl-multivcpu pass test-armhf-armhf-xl-multivcpu pass test-amd64-amd64-pair pass test-amd64-i386-pair pass test-amd64-amd64-libvirt-pair pass test-amd64-i386-libvirt-pair pass test-amd64-amd64-amd64-pvgrub pass test-amd64-amd64-i386-pvgrub pass test-amd64-amd64-pygrub pass test-amd64-i386-libvirt-qcow2 pass test-amd64-amd64-xl-qcow2 pass test-armhf-armhf-libvirt-raw pass test-amd64-i386-xl-raw pass test-amd64-amd64-xl-rtds fail test-armhf-armhf-xl-rtds fail test-amd64-amd64-libvirt-vhd pass test-armhf-armhf-xl-vhd broken ------------------------------------------------------------ sg-report-flight on osstest.test-lab.xenproject.org logs: /home/logs/logs images: /home/logs/images Logs, config files, etc. are available at http://logs.test-lab.xenproject.org/osstest/logs Explanation of these reports, and of osstest in general, is at http://xenbits.xen.org/gitweb/?p=osstest.git;a=blob;f=README.email;hb=master http://xenbits.xen.org/gitweb/?p=osstest.git;a=blob;f=README;hb=master Test harness code can be found at http://xenbits.xen.org/gitweb?p=osstest.git;a=summary broken-job test-armhf-armhf-xl-cubietruck broken broken-job test-armhf-armhf-xl-vhd broken broken-step test-armhf-armhf-xl-cubietruck host-install(4) broken-step test-armhf-armhf-xl-vhd host-install(4) Not pushing. (No revision log; it would be 904 lines long.) --===============1352448090888582522== Content-Type: text/plain; charset="utf-8" MIME-Version: 1.0 Content-Transfer-Encoding: base64 Content-Disposition: inline X19fX19fX19fX19fX19fX19fX19fX19fX19fX19fX19fX19fX19fX19fX19fX18KWGVuLWRldmVs IG1haWxpbmcgbGlzdApYZW4tZGV2ZWxAbGlzdHMueGVuLm9yZwpodHRwczovL2xpc3RzLnhlbi5v cmcveGVuLWRldmVsCg== --===============1352448090888582522==--