From mboxrd@z Thu Jan 1 00:00:00 1970 From: osstest service owner Subject: [qemu-mainline test] 114336: regressions - trouble: blocked/broken/fail/pass Date: Thu, 12 Oct 2017 09:14:40 +0000 Message-ID: Mime-Version: 1.0 Content-Type: multipart/mixed; boundary="===============6857231130860598070==" Return-path: List-Unsubscribe: , List-Post: List-Help: List-Subscribe: , Errors-To: xen-devel-bounces@lists.xen.org Sender: "Xen-devel" To: xen-devel@lists.xensource.com, osstest-admin@xenproject.org List-Id: xen-devel@lists.xenproject.org --===============6857231130860598070== Content-Type: text/plain flight 114336 qemu-mainline real [real] http://logs.test-lab.xenproject.org/osstest/logs/114336/ Regressions :-( Tests which did not succeed and are blocking, including tests which could not be run: build-armhf-libvirt broken test-armhf-armhf-xl-xsm broken build-armhf-libvirt 4 host-install(4) broken REGR. vs. 114042 test-armhf-armhf-xl-xsm 4 host-install(4) broken REGR. vs. 114042 test-amd64-amd64-xl-pvh-amd 12 guest-start fail REGR. vs. 114042 test-amd64-amd64-xl-pvh-intel 12 guest-start fail REGR. vs. 114042 Regressions which are regarded as allowable (not blocking): test-amd64-amd64-xl-qemuu-win7-amd64 17 guest-stop fail REGR. vs. 114042 Tests which did not succeed, but are not blocking: test-armhf-armhf-libvirt 1 build-check(1) blocked n/a test-armhf-armhf-libvirt-raw 1 build-check(1) blocked n/a test-armhf-armhf-libvirt-xsm 1 build-check(1) blocked n/a test-amd64-i386-xl-qemuu-win7-amd64 17 guest-stop fail like 114042 test-amd64-amd64-xl-rtds 10 debian-install fail like 114042 test-amd64-i386-libvirt-xsm 13 migrate-support-check fail never pass test-amd64-amd64-xl-qemuu-ws16-amd64 10 windows-install fail never pass test-amd64-i386-libvirt 13 migrate-support-check fail never pass test-amd64-amd64-libvirt-xsm 13 migrate-support-check fail never pass test-amd64-i386-libvirt-qcow2 12 migrate-support-check fail never pass test-amd64-i386-libvirt-qemuu-debianhvm-amd64-xsm 11 migrate-support-check fail never pass test-amd64-amd64-qemuu-nested-amd 17 debian-hvm-install/l1/l2 fail never pass test-amd64-amd64-libvirt-vhd 12 migrate-support-check fail never pass test-armhf-armhf-xl-credit2 13 migrate-support-check fail never pass test-armhf-armhf-xl-credit2 14 saverestore-support-check fail never pass test-armhf-armhf-xl-multivcpu 13 migrate-support-check fail never pass test-armhf-armhf-xl-multivcpu 14 saverestore-support-check fail never pass test-armhf-armhf-xl-cubietruck 13 migrate-support-check fail never pass test-armhf-armhf-xl-cubietruck 14 saverestore-support-check fail never pass test-amd64-i386-xl-qemuu-ws16-amd64 13 guest-saverestore fail never pass test-armhf-armhf-xl 13 migrate-support-check fail never pass test-armhf-armhf-xl 14 saverestore-support-check fail never pass test-amd64-amd64-libvirt 13 migrate-support-check fail never pass test-armhf-armhf-xl-vhd 12 migrate-support-check fail never pass test-armhf-armhf-xl-vhd 13 saverestore-support-check fail never pass test-amd64-amd64-libvirt-qemuu-debianhvm-amd64-xsm 11 migrate-support-check fail never pass test-armhf-armhf-xl-arndale 13 migrate-support-check fail never pass test-armhf-armhf-xl-arndale 14 saverestore-support-check fail never pass test-armhf-armhf-xl-rtds 13 migrate-support-check fail never pass test-armhf-armhf-xl-rtds 14 saverestore-support-check fail never pass test-amd64-i386-xl-qemuu-win10-i386 10 windows-install fail never pass test-amd64-amd64-xl-qemuu-win10-i386 10 windows-install fail never pass version targeted for testing: qemuu 567d0a19c7998fa366598b83d5a6e5f0759d3ea9 baseline version: qemuu 5456c6a4ec9cd8fc314ddc303e88bf85c110975c Last test of basis 114042 2017-10-05 12:15:47 Z 6 days Failing since 114060 2017-10-06 05:53:34 Z 6 days 7 attempts Testing same since 114336 2017-10-11 08:19:24 Z 1 days 1 attempts ------------------------------------------------------------ People who touched revisions under test: Alex Williamson Alistair Francis Brandon Carpenter Christian Borntraeger Collin L. Walling Cornelia Huck Daniel P. Berrange David Hildenbrand Dr. David Alan Gilbert Eduardo Habkost Eric Blake Fam Zheng Gerd Hoffmann Halil Pasic Igor Mammedov Jan Kiszka Jason J . Herne Kevin Wolf Markus Armbruster Max Reitz Michael Olbrich Paolo Bonzini Pavel Butsykin Peter Maydell Philippe Mathieu-Daudé Seeteena Thoufeek Stefan Hajnoczi Thomas Huth Todd Eisenberger Vladimir Sementsov-Ogievskiy jobs: build-amd64-xsm pass build-armhf-xsm pass build-i386-xsm pass build-amd64 pass build-armhf pass build-i386 pass build-amd64-libvirt pass build-armhf-libvirt broken build-i386-libvirt pass build-amd64-pvops pass build-armhf-pvops pass build-i386-pvops pass test-amd64-amd64-xl pass test-armhf-armhf-xl pass test-amd64-i386-xl pass test-amd64-amd64-libvirt-qemuu-debianhvm-amd64-xsm pass test-amd64-i386-libvirt-qemuu-debianhvm-amd64-xsm pass test-amd64-amd64-xl-qemuu-debianhvm-amd64-xsm pass test-amd64-i386-xl-qemuu-debianhvm-amd64-xsm pass test-amd64-amd64-libvirt-xsm pass test-armhf-armhf-libvirt-xsm blocked test-amd64-i386-libvirt-xsm pass test-amd64-amd64-xl-xsm pass test-armhf-armhf-xl-xsm broken test-amd64-i386-xl-xsm pass test-amd64-amd64-qemuu-nested-amd fail test-amd64-amd64-xl-pvh-amd fail test-amd64-i386-qemuu-rhel6hvm-amd pass test-amd64-amd64-xl-qemuu-debianhvm-amd64 pass test-amd64-i386-xl-qemuu-debianhvm-amd64 pass test-amd64-i386-freebsd10-amd64 pass test-amd64-amd64-xl-qemuu-ovmf-amd64 pass test-amd64-i386-xl-qemuu-ovmf-amd64 pass test-amd64-amd64-xl-qemuu-win7-amd64 fail test-amd64-i386-xl-qemuu-win7-amd64 fail test-amd64-amd64-xl-qemuu-ws16-amd64 fail test-amd64-i386-xl-qemuu-ws16-amd64 fail test-armhf-armhf-xl-arndale pass test-amd64-amd64-xl-credit2 pass test-armhf-armhf-xl-credit2 pass test-armhf-armhf-xl-cubietruck pass test-amd64-i386-freebsd10-i386 pass test-amd64-amd64-xl-qemuu-win10-i386 fail test-amd64-i386-xl-qemuu-win10-i386 fail test-amd64-amd64-qemuu-nested-intel pass test-amd64-amd64-xl-pvh-intel fail test-amd64-i386-qemuu-rhel6hvm-intel pass test-amd64-amd64-libvirt pass test-armhf-armhf-libvirt blocked test-amd64-i386-libvirt pass test-amd64-amd64-xl-multivcpu pass test-armhf-armhf-xl-multivcpu pass test-amd64-amd64-pair pass test-amd64-i386-pair pass test-amd64-amd64-libvirt-pair pass test-amd64-i386-libvirt-pair pass test-amd64-amd64-amd64-pvgrub pass test-amd64-amd64-i386-pvgrub pass test-amd64-amd64-pygrub pass test-amd64-i386-libvirt-qcow2 pass test-amd64-amd64-xl-qcow2 pass test-armhf-armhf-libvirt-raw blocked test-amd64-i386-xl-raw pass test-amd64-amd64-xl-rtds fail test-armhf-armhf-xl-rtds pass test-amd64-amd64-libvirt-vhd pass test-armhf-armhf-xl-vhd pass ------------------------------------------------------------ sg-report-flight on osstest.test-lab.xenproject.org logs: /home/logs/logs images: /home/logs/images Logs, config files, etc. are available at http://logs.test-lab.xenproject.org/osstest/logs Explanation of these reports, and of osstest in general, is at http://xenbits.xen.org/gitweb/?p=osstest.git;a=blob;f=README.email;hb=master http://xenbits.xen.org/gitweb/?p=osstest.git;a=blob;f=README;hb=master Test harness code can be found at http://xenbits.xen.org/gitweb?p=osstest.git;a=summary broken-job build-armhf-libvirt broken broken-job test-armhf-armhf-xl-xsm broken broken-step build-armhf-libvirt host-install(4) broken-step test-armhf-armhf-xl-xsm host-install(4) Not pushing. (No revision log; it would be 2933 lines long.) --===============6857231130860598070== Content-Type: text/plain; charset="utf-8" MIME-Version: 1.0 Content-Transfer-Encoding: base64 Content-Disposition: inline X19fX19fX19fX19fX19fX19fX19fX19fX19fX19fX19fX19fX19fX19fX19fX18KWGVuLWRldmVs IG1haWxpbmcgbGlzdApYZW4tZGV2ZWxAbGlzdHMueGVuLm9yZwpodHRwczovL2xpc3RzLnhlbi5v cmcveGVuLWRldmVsCg== --===============6857231130860598070==--