* [xen-unstable-smoke test] 114354: regressions - FAIL
@ 2017-10-11 15:41 osstest service owner
0 siblings, 0 replies; only message in thread
From: osstest service owner @ 2017-10-11 15:41 UTC (permalink / raw)
To: xen-devel, osstest-admin
flight 114354 xen-unstable-smoke real [real]
http://logs.test-lab.xenproject.org/osstest/logs/114354/
Regressions :-(
Tests which did not succeed and are blocking,
including tests which could not be run:
build-amd64 6 xen-build fail REGR. vs. 114299
test-armhf-armhf-xl 7 xen-boot fail REGR. vs. 114299
Tests which did not succeed, but are not blocking:
test-amd64-amd64-libvirt 1 build-check(1) blocked n/a
build-amd64-libvirt 1 build-check(1) blocked n/a
test-amd64-amd64-xl-qemuu-debianhvm-i386 1 build-check(1) blocked n/a
version targeted for testing:
xen b80050b38e533fd3984bd3a706564d55711db124
baseline version:
xen 3b40cfcd1a1912c2e4c4eb353dc77cbf35c63c3a
Last test of basis 114299 2017-10-10 21:02:54 Z 0 days
Failing since 114308 2017-10-10 23:01:10 Z 0 days 6 attempts
Testing same since 114354 2017-10-11 14:01:13 Z 0 days 1 attempts
------------------------------------------------------------
People who touched revisions under test:
Alexandru Isaila <aisaila@bitdefender.com>
Andre Przywara <andre.przywara@arm.com>
Andrew Cooper <andrew.cooper3@citrix.com>
Boris Ostrovsky <boris.ostrovsky@oracle.com>
Ian Jackson <Ian.Jackson@eu.citrix.com>
Jan Beulich <JBeulich@suse.com>
Julien Grall <julien.grall@arm.com>
Meng Xu <mengxu@cis.upenn.edu>
Stefano Stabellini <sstabellini@kernel.org>
Wei Liu <wei.liu2@citrix.com>
Yi Sun <yi.y.sun@linux.intel.com>
jobs:
build-amd64 fail
build-armhf pass
build-amd64-libvirt blocked
test-armhf-armhf-xl fail
test-amd64-amd64-xl-qemuu-debianhvm-i386 blocked
test-amd64-amd64-libvirt blocked
------------------------------------------------------------
sg-report-flight on osstest.test-lab.xenproject.org
logs: /home/logs/logs
images: /home/logs/images
Logs, config files, etc. are available at
http://logs.test-lab.xenproject.org/osstest/logs
Explanation of these reports, and of osstest in general, is at
http://xenbits.xen.org/gitweb/?p=osstest.git;a=blob;f=README.email;hb=master
http://xenbits.xen.org/gitweb/?p=osstest.git;a=blob;f=README;hb=master
Test harness code can be found at
http://xenbits.xen.org/gitweb?p=osstest.git;a=summary
Not pushing.
(No revision log; it would be 719 lines long.)
_______________________________________________
Xen-devel mailing list
Xen-devel@lists.xen.org
https://lists.xen.org/xen-devel
^ permalink raw reply [flat|nested] only message in thread
only message in thread, other threads:[~2017-10-11 15:41 UTC | newest]
Thread overview: (only message) (download: mbox.gz follow: Atom feed
-- links below jump to the message on this page --
2017-10-11 15:41 [xen-unstable-smoke test] 114354: regressions - FAIL osstest service owner
This is a public inbox, see mirroring instructions
for how to clone and mirror all data and code used for this inbox;
as well as URLs for NNTP newsgroup(s).