* [xen-unstable test] 114357: regressions - FAIL
@ 2017-10-12 22:03 osstest service owner
0 siblings, 0 replies; only message in thread
From: osstest service owner @ 2017-10-12 22:03 UTC (permalink / raw)
To: xen-devel, osstest-admin
[-- Attachment #1: Type: text/plain, Size: 18174 bytes --]
flight 114357 xen-unstable real [real]
http://logs.test-lab.xenproject.org/osstest/logs/114357/
Regressions :-(
Tests which did not succeed and are blocking,
including tests which could not be run:
test-armhf-armhf-xl-cubietruck 17 guest-start.2 fail REGR. vs. 114204
Tests which did not succeed, but are not blocking:
test-amd64-amd64-xl-pvh-intel 12 guest-start fail like 114204
test-amd64-amd64-xl-pvh-amd 12 guest-start fail like 114204
test-armhf-armhf-libvirt-xsm 14 saverestore-support-check fail like 114204
test-armhf-armhf-libvirt 14 saverestore-support-check fail like 114204
test-amd64-amd64-xl-qemuu-win7-amd64 17 guest-stop fail like 114204
test-amd64-amd64-xl-qemut-win7-amd64 17 guest-stop fail like 114204
test-armhf-armhf-libvirt-raw 13 saverestore-support-check fail like 114204
test-amd64-amd64-xl-rtds 10 debian-install fail like 114204
test-amd64-amd64-xl-qemut-ws16-amd64 10 windows-install fail never pass
test-amd64-amd64-xl-qemuu-ws16-amd64 10 windows-install fail never pass
test-amd64-i386-libvirt-xsm 13 migrate-support-check fail never pass
test-amd64-i386-libvirt 13 migrate-support-check fail never pass
test-amd64-amd64-libvirt-xsm 13 migrate-support-check fail never pass
test-amd64-amd64-libvirt 13 migrate-support-check fail never pass
test-amd64-i386-libvirt-qemuu-debianhvm-amd64-xsm 11 migrate-support-check fail never pass
test-amd64-amd64-libvirt-qemuu-debianhvm-amd64-xsm 11 migrate-support-check fail never pass
test-amd64-i386-libvirt-qcow2 12 migrate-support-check fail never pass
test-armhf-armhf-xl-arndale 13 migrate-support-check fail never pass
test-armhf-armhf-xl-arndale 14 saverestore-support-check fail never pass
test-amd64-amd64-libvirt-vhd 12 migrate-support-check fail never pass
test-amd64-amd64-qemuu-nested-amd 17 debian-hvm-install/l1/l2 fail never pass
test-armhf-armhf-libvirt-xsm 13 migrate-support-check fail never pass
test-amd64-i386-xl-qemuu-ws16-amd64 13 guest-saverestore fail never pass
test-armhf-armhf-xl-credit2 13 migrate-support-check fail never pass
test-armhf-armhf-xl-cubietruck 13 migrate-support-check fail never pass
test-armhf-armhf-xl-credit2 14 saverestore-support-check fail never pass
test-armhf-armhf-xl-cubietruck 14 saverestore-support-check fail never pass
test-armhf-armhf-xl 13 migrate-support-check fail never pass
test-armhf-armhf-xl 14 saverestore-support-check fail never pass
test-armhf-armhf-libvirt 13 migrate-support-check fail never pass
test-armhf-armhf-xl-multivcpu 13 migrate-support-check fail never pass
test-armhf-armhf-xl-multivcpu 14 saverestore-support-check fail never pass
test-amd64-i386-xl-qemut-ws16-amd64 13 guest-saverestore fail never pass
test-armhf-armhf-libvirt-raw 12 migrate-support-check fail never pass
test-armhf-armhf-xl-xsm 13 migrate-support-check fail never pass
test-armhf-armhf-xl-xsm 14 saverestore-support-check fail never pass
test-armhf-armhf-xl-rtds 13 migrate-support-check fail never pass
test-armhf-armhf-xl-rtds 14 saverestore-support-check fail never pass
test-armhf-armhf-xl-vhd 12 migrate-support-check fail never pass
test-armhf-armhf-xl-vhd 13 saverestore-support-check fail never pass
test-amd64-i386-xl-qemut-win10-i386 10 windows-install fail never pass
test-amd64-i386-xl-qemuu-win10-i386 10 windows-install fail never pass
test-amd64-amd64-xl-qemuu-win10-i386 10 windows-install fail never pass
test-amd64-amd64-xl-qemut-win10-i386 10 windows-install fail never pass
version targeted for testing:
xen 3b40cfcd1a1912c2e4c4eb353dc77cbf35c63c3a
baseline version:
xen 572a78190403e5f2acbd01fa72c35fafe9700169
Last test of basis 114204 2017-10-09 19:19:08 Z 3 days
Failing since 114288 2017-10-10 17:02:59 Z 2 days 2 attempts
Testing same since 114357 2017-10-11 14:33:38 Z 1 days 1 attempts
------------------------------------------------------------
People who touched revisions under test:
Andrew Cooper <andrew.cooper3@citrix.com>
Jan Beulich <jbeulich@suse.com>
Julien Grall <julien.grall@arm.com>
Julien Grall <julien.grall@linaro.org>
Kevin Tian <kevin.tian@intel.com>
Manish Jaggi <mjaggi@cavium.com>
Stefano Stabellini <sstabellini@kernel.org>
Tim Deegan <tim@xen.org>
Wei Liu <wei.liu2@citrix.com>
jobs:
build-amd64-xsm pass
build-armhf-xsm pass
build-i386-xsm pass
build-amd64-xtf pass
build-amd64 pass
build-armhf pass
build-i386 pass
build-amd64-libvirt pass
build-armhf-libvirt pass
build-i386-libvirt pass
build-amd64-prev pass
build-i386-prev pass
build-amd64-pvops pass
build-armhf-pvops pass
build-i386-pvops pass
build-amd64-rumprun pass
build-i386-rumprun pass
test-xtf-amd64-amd64-1 pass
test-xtf-amd64-amd64-2 pass
test-xtf-amd64-amd64-3 pass
test-xtf-amd64-amd64-4 pass
test-xtf-amd64-amd64-5 pass
test-amd64-amd64-xl pass
test-armhf-armhf-xl pass
test-amd64-i386-xl pass
test-amd64-amd64-xl-qemut-debianhvm-amd64-xsm pass
test-amd64-i386-xl-qemut-debianhvm-amd64-xsm pass
test-amd64-amd64-libvirt-qemuu-debianhvm-amd64-xsm pass
test-amd64-i386-libvirt-qemuu-debianhvm-amd64-xsm pass
test-amd64-amd64-xl-qemuu-debianhvm-amd64-xsm pass
test-amd64-i386-xl-qemuu-debianhvm-amd64-xsm pass
test-amd64-amd64-xl-qemut-stubdom-debianhvm-amd64-xsm pass
test-amd64-i386-xl-qemut-stubdom-debianhvm-amd64-xsm pass
test-amd64-amd64-libvirt-xsm pass
test-armhf-armhf-libvirt-xsm pass
test-amd64-i386-libvirt-xsm pass
test-amd64-amd64-xl-xsm pass
test-armhf-armhf-xl-xsm pass
test-amd64-i386-xl-xsm pass
test-amd64-amd64-qemuu-nested-amd fail
test-amd64-amd64-xl-pvh-amd fail
test-amd64-i386-qemut-rhel6hvm-amd pass
test-amd64-i386-qemuu-rhel6hvm-amd pass
test-amd64-amd64-xl-qemut-debianhvm-amd64 pass
test-amd64-i386-xl-qemut-debianhvm-amd64 pass
test-amd64-amd64-xl-qemuu-debianhvm-amd64 pass
test-amd64-i386-xl-qemuu-debianhvm-amd64 pass
test-amd64-i386-freebsd10-amd64 pass
test-amd64-amd64-xl-qemuu-ovmf-amd64 pass
test-amd64-i386-xl-qemuu-ovmf-amd64 pass
test-amd64-amd64-rumprun-amd64 pass
test-amd64-amd64-xl-qemut-win7-amd64 fail
test-amd64-i386-xl-qemut-win7-amd64 pass
test-amd64-amd64-xl-qemuu-win7-amd64 fail
test-amd64-i386-xl-qemuu-win7-amd64 pass
test-amd64-amd64-xl-qemut-ws16-amd64 fail
test-amd64-i386-xl-qemut-ws16-amd64 fail
test-amd64-amd64-xl-qemuu-ws16-amd64 fail
test-amd64-i386-xl-qemuu-ws16-amd64 fail
test-armhf-armhf-xl-arndale pass
test-amd64-amd64-xl-credit2 pass
test-armhf-armhf-xl-credit2 pass
test-armhf-armhf-xl-cubietruck fail
test-amd64-amd64-examine pass
test-armhf-armhf-examine pass
test-amd64-i386-examine pass
test-amd64-i386-freebsd10-i386 pass
test-amd64-i386-rumprun-i386 pass
test-amd64-amd64-xl-qemut-win10-i386 fail
test-amd64-i386-xl-qemut-win10-i386 fail
test-amd64-amd64-xl-qemuu-win10-i386 fail
test-amd64-i386-xl-qemuu-win10-i386 fail
test-amd64-amd64-qemuu-nested-intel pass
test-amd64-amd64-xl-pvh-intel fail
test-amd64-i386-qemut-rhel6hvm-intel pass
test-amd64-i386-qemuu-rhel6hvm-intel pass
test-amd64-amd64-libvirt pass
test-armhf-armhf-libvirt pass
test-amd64-i386-libvirt pass
test-amd64-amd64-livepatch pass
test-amd64-i386-livepatch pass
test-amd64-amd64-migrupgrade pass
test-amd64-i386-migrupgrade pass
test-amd64-amd64-xl-multivcpu pass
test-armhf-armhf-xl-multivcpu pass
test-amd64-amd64-pair pass
test-amd64-i386-pair pass
test-amd64-amd64-libvirt-pair pass
test-amd64-i386-libvirt-pair pass
test-amd64-amd64-amd64-pvgrub pass
test-amd64-amd64-i386-pvgrub pass
test-amd64-amd64-pygrub pass
test-amd64-i386-libvirt-qcow2 pass
test-amd64-amd64-xl-qcow2 pass
test-armhf-armhf-libvirt-raw pass
test-amd64-i386-xl-raw pass
test-amd64-amd64-xl-rtds fail
test-armhf-armhf-xl-rtds pass
test-amd64-amd64-libvirt-vhd pass
test-armhf-armhf-xl-vhd pass
------------------------------------------------------------
sg-report-flight on osstest.test-lab.xenproject.org
logs: /home/logs/logs
images: /home/logs/images
Logs, config files, etc. are available at
http://logs.test-lab.xenproject.org/osstest/logs
Explanation of these reports, and of osstest in general, is at
http://xenbits.xen.org/gitweb/?p=osstest.git;a=blob;f=README.email;hb=master
http://xenbits.xen.org/gitweb/?p=osstest.git;a=blob;f=README;hb=master
Test harness code can be found at
http://xenbits.xen.org/gitweb?p=osstest.git;a=summary
Not pushing.
------------------------------------------------------------
commit 3b40cfcd1a1912c2e4c4eb353dc77cbf35c63c3a
Author: Stefano Stabellini <sstabellini@kernel.org>
Date: Tue Oct 10 13:14:19 2017 -0700
ARM: replace ACPI_MEMCPY with memcpy
ACPI_MEMCPY is defined as memcpy. The macro is for the benefit of
drivers/acpi and shouldn't be used elsewhere.
Signed-off-by: Stefano Stabellini <sstabellini@kernel.org>
Acked-by: Julien Grall <julien.grall@arm.com>
commit 888ce824f240a29e9ddd9d39b641d8dfae8cc839
Author: Manish Jaggi <mjaggi@cavium.com>
Date: Tue Oct 10 18:22:32 2017 +0530
ARM: ITS: Expose ITS in the MADT table
Add gicv3_its_make_hwdom_madt to update hwdom MADT ITS information.
Signed-off-by: Manish Jaggi <mjaggi@cavium.com>
Reviewed-by: Andre Przywara <andre.przywara@arm.com>
Reviewed-by: Stefano Stabellini <sstabellini@kernel.org>
commit d9c8167c815e91945444fc455c65d79355ce87a3
Author: Manish Jaggi <mjaggi@cavium.com>
Date: Tue Oct 10 18:22:31 2017 +0530
ARM: Update Formula to compute MADT size using new callbacks in gic_hw_operations
estimate_acpi_efi_size needs to be updated to provide correct size of
hardware domains MADT, which now adds ITS information as well.
This patch updates the formula to compute extra MADT size, as per GICv2/3
by calling gic_get_hwdom_extra_madt_size.
Signed-off-by: Manish Jaggi <mjaggi@cavium.com>
Acked-by: Julien Grall <julien.grall@arm.com>
Reviewed-by: Stefano Stabellini <sstabellini@kernel.org>
commit 66158be4654a60dc039760990ed33e8d04c5c56d
Author: Manish Jaggi <mjaggi@cavium.com>
Date: Tue Oct 10 18:22:30 2017 +0530
ARM: ITS: Deny hardware domain access to ITS
This patch extends the gicv3_iomem_deny_access functionality by adding
support for ITS region as well. Add function gicv3_its_deny_access.
Signed-off-by: Manish Jaggi <mjaggi@cavium.com>
Reviewed-by: Andre Przywara <andre.przywara@arm.com>
Acked-by: Julien Grall <julien.grall@arm.com>
commit 1421ddad4a1cce7b4c9e1788a6936140feee43f4
Author: Manish Jaggi <mjaggi@cavium.com>
Date: Tue Oct 10 18:22:29 2017 +0530
ARM: ITS: Populate host_its_list from ACPI MADT Table
Added gicv3_its_acpi_init to update host_its_list from MADT table.
For ACPI, host_its structure stores dt_node as NULL.
Signed-off-by: Manish Jaggi <mjaggi@cavium.com>
Reviewed-by: Andre Przywara <andre.przywara@arm.com>
Acked-by: Julien Grall <julien.grall@linaro.org>
commit a609e3f3244c39accd6915dd193b339ed907eef9
Author: Manish Jaggi <mjaggi@cavium.com>
Date: Tue Oct 10 18:22:28 2017 +0530
ARM: ITS: Introduce common function add_to_host_its_list
add_to_host_its_list will update the host_its_list. This common
function to be invoked from gicv3_its_dt_init and gic_v3_its_acpi_probe.
Signed-off-by: Manish Jaggi <mjaggi@cavium.com>
Reviewed-by: Andre Przywara <andre.przywara@arm.com>
Acked-by: Julien Grall <julien.grall@arm.com>
commit a164e14c6e140d792aee644990f8fea0fa8f8da2
Author: Wei Liu <wei.liu2@citrix.com>
Date: Tue Oct 10 18:23:33 2017 +0100
travis: disable UBSAN
The stock compiler in travis doesn't support -fsanitize=undefined.
Signed-off-by: Wei Liu <wei.liu2@citrix.com>
Reviewed-by: Doug Goldstein <cardoe@cardoe.com>
commit 3c1ca29bd53570ffce049a297d18956f5d93ec8a
Author: Andrew Cooper <andrew.cooper3@citrix.com>
Date: Tue Sep 26 17:08:33 2017 +0100
x86/vmx: Better description of CR4 settings outside of paged mode
This rearanges the logic to avoid the double !hvm_paging_enabled(v) check, but
is otherwise identical.
Signed-off-by: Andrew Cooper <andrew.cooper3@citrix.com>
Reviewed-by: Roger Pau Monné <roger.pau@citrix.com>
Acked-by: Kevin Tian <kevin.tian@intel.com>
commit 8ef6793a2cd5c78b474bf44f20ef0da5811c402c
Author: Andrew Cooper <andrew.cooper3@citrix.com>
Date: Wed Sep 27 15:55:09 2017 +0000
x86/vmx: Don't self-recurse in vmx_update_guest_cr()
An update to CR4 following a CR0 update can be done easily by falling
through into the CR4 case. This avoids unnecessary passes through
vmx_vmcs_{enter,exit}() and unnecessary stack usage (as the compiler
cannot optimise this use to a tailcall).
No behavioural change.
Signed-off-by: Andrew Cooper <andrew.cooper3@citrix.com>
Reviewed-by: Roger Pau Monné <roger.pau@citrix.com>
Acked-by: Kevin Tian <kevin.tian@intel.com>
commit b2db183d9a82d00a30beb91e137113492be59c39
Author: Andrew Cooper <andrew.cooper3@citrix.com>
Date: Wed Sep 27 15:54:12 2017 +0000
x86/vmx: Misc cleanup to vmx_update_guest_cr()
* Drop trailing whitespace
* Fix indendation and newlines
* Use bool where appropriate
No functional change.
Signed-off-by: Andrew Cooper <andrew.cooper3@citrix.com>
Reviewed-by: Roger Pau Monné <roger.pau@citrix.com>
Acked-by: Kevin Tian <kevin.tian@intel.com>
commit 04d03973926db34c3c16a32c763f6ccb78a84d01
Author: Andrew Cooper <andrew.cooper3@citrix.com>
Date: Wed Sep 27 14:30:13 2017 +0000
x86: Make use of pagetable_get_mfn() where appropriate
... instead of the opencoded _mfn(pagetable_get_pfn(...)) construct.
Fix two overly long lines; no functional change.
Signed-off-by: Andrew Cooper <andrew.cooper3@citrix.com>
Reviewed-by: George Dunlap <george.dunlap@citrix.com>
Release-acked-by: Julien Grall <julien.grall@arm.com>
Reviewed-by: Wei Liu <wei.liu2@citrix.com>
Acked-by: Jan Beulich <jbeulich@suse.com>
Acked-by: Tim Deegan <tim@xen.org>
Acked-by: Kevin Tian <kevin.tian@intel.com>
(qemu changes not included)
[-- Attachment #2: Type: text/plain, Size: 127 bytes --]
_______________________________________________
Xen-devel mailing list
Xen-devel@lists.xen.org
https://lists.xen.org/xen-devel
^ permalink raw reply [flat|nested] only message in thread
only message in thread, other threads:[~2017-10-12 22:03 UTC | newest]
Thread overview: (only message) (download: mbox.gz follow: Atom feed
-- links below jump to the message on this page --
2017-10-12 22:03 [xen-unstable test] 114357: regressions - FAIL osstest service owner
This is a public inbox, see mirroring instructions
for how to clone and mirror all data and code used for this inbox;
as well as URLs for NNTP newsgroup(s).