* [linux-3.18 test] 114368: regressions - trouble: blocked/broken/fail/pass
@ 2017-10-13 1:37 osstest service owner
0 siblings, 0 replies; only message in thread
From: osstest service owner @ 2017-10-13 1:37 UTC (permalink / raw)
To: xen-devel, osstest-admin
[-- Attachment #1: Type: text/plain, Size: 14840 bytes --]
flight 114368 linux-3.18 real [real]
http://logs.test-lab.xenproject.org/osstest/logs/114368/
Regressions :-(
Tests which did not succeed and are blocking,
including tests which could not be run:
build-armhf <job status> broken
build-armhf 4 host-install(4) broken REGR. vs. 114034
test-amd64-amd64-xl-pvh-intel 12 guest-start fail REGR. vs. 114034
test-amd64-amd64-xl-pvh-amd 12 guest-start fail REGR. vs. 114034
Tests which are failing intermittently (not blocking):
test-amd64-i386-xl-raw 19 guest-start/debian.repeat fail in 114133 pass in 114368
test-amd64-i386-xl-qemuu-win7-amd64 17 guest-stop fail pass in 114133
Tests which did not succeed, but are not blocking:
test-armhf-armhf-xl-multivcpu 1 build-check(1) blocked n/a
test-armhf-armhf-libvirt 1 build-check(1) blocked n/a
build-armhf-libvirt 1 build-check(1) blocked n/a
test-armhf-armhf-libvirt-raw 1 build-check(1) blocked n/a
test-armhf-armhf-examine 1 build-check(1) blocked n/a
test-armhf-armhf-xl 1 build-check(1) blocked n/a
test-armhf-armhf-xl-vhd 1 build-check(1) blocked n/a
test-armhf-armhf-xl-credit2 1 build-check(1) blocked n/a
test-armhf-armhf-xl-cubietruck 1 build-check(1) blocked n/a
test-armhf-armhf-xl-rtds 1 build-check(1) blocked n/a
test-armhf-armhf-xl-arndale 1 build-check(1) blocked n/a
test-armhf-armhf-libvirt-xsm 1 build-check(1) blocked n/a
test-armhf-armhf-libvirt 14 saverestore-support-check fail in 114133 like 114034
test-armhf-armhf-libvirt-raw 13 saverestore-support-check fail in 114133 like 114034
test-armhf-armhf-libvirt-xsm 14 saverestore-support-check fail in 114133 like 114034
test-armhf-armhf-xl-arndale 13 migrate-support-check fail in 114133 never pass
test-armhf-armhf-xl-arndale 14 saverestore-support-check fail in 114133 never pass
test-armhf-armhf-xl-multivcpu 13 migrate-support-check fail in 114133 never pass
test-armhf-armhf-xl-multivcpu 14 saverestore-support-check fail in 114133 never pass
test-armhf-armhf-xl 13 migrate-support-check fail in 114133 never pass
test-armhf-armhf-libvirt 13 migrate-support-check fail in 114133 never pass
test-armhf-armhf-xl 14 saverestore-support-check fail in 114133 never pass
test-armhf-armhf-xl-cubietruck 13 migrate-support-check fail in 114133 never pass
test-armhf-armhf-xl-cubietruck 14 saverestore-support-check fail in 114133 never pass
test-armhf-armhf-xl-credit2 13 migrate-support-check fail in 114133 never pass
test-armhf-armhf-xl-credit2 14 saverestore-support-check fail in 114133 never pass
test-armhf-armhf-libvirt-raw 12 migrate-support-check fail in 114133 never pass
test-armhf-armhf-xl-rtds 13 migrate-support-check fail in 114133 never pass
test-armhf-armhf-xl-rtds 14 saverestore-support-check fail in 114133 never pass
test-armhf-armhf-xl-vhd 12 migrate-support-check fail in 114133 never pass
test-armhf-armhf-xl-vhd 13 saverestore-support-check fail in 114133 never pass
test-armhf-armhf-libvirt-xsm 13 migrate-support-check fail in 114133 never pass
test-amd64-amd64-xl-qemuu-win7-amd64 17 guest-stop fail like 114034
test-amd64-i386-xl-qemut-win7-amd64 17 guest-stop fail like 114034
test-amd64-amd64-xl-qemut-win7-amd64 17 guest-stop fail like 114034
test-amd64-amd64-xl-rtds 10 debian-install fail like 114034
test-amd64-amd64-xl-qemuu-ws16-amd64 10 windows-install fail never pass
test-amd64-amd64-xl-qemut-ws16-amd64 10 windows-install fail never pass
test-amd64-i386-libvirt-xsm 13 migrate-support-check fail never pass
test-amd64-amd64-libvirt-xsm 13 migrate-support-check fail never pass
test-amd64-amd64-libvirt 13 migrate-support-check fail never pass
test-amd64-i386-libvirt 13 migrate-support-check fail never pass
test-amd64-i386-libvirt-qemuu-debianhvm-amd64-xsm 11 migrate-support-check fail never pass
test-amd64-amd64-libvirt-qemuu-debianhvm-amd64-xsm 11 migrate-support-check fail never pass
test-amd64-i386-libvirt-qcow2 12 migrate-support-check fail never pass
test-amd64-amd64-libvirt-vhd 12 migrate-support-check fail never pass
test-amd64-i386-xl-qemuu-ws16-amd64 13 guest-saverestore fail never pass
test-amd64-amd64-qemuu-nested-amd 17 debian-hvm-install/l1/l2 fail never pass
test-armhf-armhf-xl-xsm 13 migrate-support-check fail never pass
test-armhf-armhf-xl-xsm 14 saverestore-support-check fail never pass
test-amd64-i386-xl-qemut-ws16-amd64 13 guest-saverestore fail never pass
test-amd64-amd64-xl-qemut-win10-i386 10 windows-install fail never pass
test-amd64-amd64-xl-qemuu-win10-i386 10 windows-install fail never pass
test-amd64-i386-xl-qemuu-win10-i386 10 windows-install fail never pass
test-amd64-i386-xl-qemut-win10-i386 10 windows-install fail never pass
version targeted for testing:
linux ac0058305d83e8e50a9652a003bc2ec468df9f87
baseline version:
linux ffc97d4dde1d3c77beebddbbd2a0be5f8f18236a
Last test of basis 114034 2017-10-05 07:56:53 Z 7 days
Testing same since 114133 2017-10-08 09:26:23 Z 4 days 5 attempts
------------------------------------------------------------
People who touched revisions under test:
Afzal Mohammed <afzal.mohd.ma@gmail.com>
Alden Tondettar <alden.tondettar@gmail.com>
Alexander Potapenko <glider@google.com>
Andrey Ryabinin <aryabinin@virtuozzo.com>
Archit Taneja <architt@codeaurora.org>
Ard Biesheuvel <ard.biesheuvel@linaro.org>
Arnd Bergmann <arnd@arndb.de>
Arvind Yadav <arvind.yadav.cs@gmail.com>
Bartosz Golaszewski <bgolaszewski@baylibre.com>
Christophe JAILLET <christophe.jaillet@wanadoo.fr>
Connor O'Brien <connoro@google.com>
Darrick J. Wong <darrick.wong@oracle.com>
David Howells <dhowells@redhat.com>
David S. Miller <davem@davemloft.net>
Dmitry Vyukov <dvyukov@google.com>
Doug Ledford <dledford@redhat.com>
Erez Shitrit <erezsh@mellanox.com>
Feras Daoud <ferasda@mellanox.com>
Greg Kroah-Hartman <gregkh@linuxfoundation.org>
Guenter Roeck <linux@roeck-us.net>
Gwendal Grignou <gwendal@chromium.org>
Heiner Kallweit <hkallweit1@gmail.com>
Helge Deller <deller@gmx.de>
Helmut Klein <hgkr.klein@gmail.com>
Herbert Xu <herbert@gondor.apana.org.au>
Ira Weiny <ira.weiny@intel.com>
James Morris <james.l.morris@oracle.com>
Javier Martinez Canillas <javier@osg.samsung.com>
Jens Axboe <axboe@fb.com>
Jiri Pirko <jiri@mellanox.com>
Johan Hovold <johan@kernel.org>
Leon Romanovsky <leon@kernel.org>
Liping Zhang <zlpnobody@gmail.com>
Marc Dietrich <marvin24@gmx.de>
Matthew Whitehead <tedheadster@gmail.com>
Mauro Carvalho Chehab <mchehab@s-opensource.com>
Myungho Jung <mhjungk@gmail.com>
Niklas Söderlund <niklas.soderlund+renesas@ragnatech.se>
Pablo Neira Ayuso <pablo@netfilter.org>
Pan Bian <bianpan2016@163.com>
Paul Burton <paul.burton@imgtec.com>
Paul Moore <paul@paul-moore.com>
Peng Fan <van.freenix@gmail.com>
Ralf Baechle <ralf@linux-mips.org>
Richard Guy Briggs <rgb@redhat.com>
Rob Herring <robh@kernel.org>
Roman SpychaÅa <roed@onet.eu>
Russell King <rmk+kernel@arm.linux.org.uk>
Santosh Shilimkar <santosh.shilimkar@oracle.com>
Sasha Levin <alexander.levin@verizon.com>
Shaohua Li <shli@fb.com>
Sylwester Nawrocki <s.nawrocki@samsung.com>
Takashi Iwai <tiwai@suse.de>
Tejun Heo <tj@kernel.org>
Thibault Saunier <thibault.saunier@osg.samsung.com>
Ulf Hansson <ulf.hansson@linaro.org>
Zhu Yanjun <yanjun.zhu@oracle.com>
jobs:
build-amd64-xsm pass
build-armhf-xsm pass
build-i386-xsm pass
build-amd64 pass
build-armhf broken
build-i386 pass
build-amd64-libvirt pass
build-armhf-libvirt blocked
build-i386-libvirt pass
build-amd64-pvops pass
build-armhf-pvops pass
build-i386-pvops pass
build-amd64-rumprun pass
build-i386-rumprun pass
test-amd64-amd64-xl pass
test-armhf-armhf-xl blocked
test-amd64-i386-xl pass
test-amd64-amd64-xl-qemut-debianhvm-amd64-xsm pass
test-amd64-i386-xl-qemut-debianhvm-amd64-xsm pass
test-amd64-amd64-libvirt-qemuu-debianhvm-amd64-xsm pass
test-amd64-i386-libvirt-qemuu-debianhvm-amd64-xsm pass
test-amd64-amd64-xl-qemuu-debianhvm-amd64-xsm pass
test-amd64-i386-xl-qemuu-debianhvm-amd64-xsm pass
test-amd64-amd64-xl-qemut-stubdom-debianhvm-amd64-xsm pass
test-amd64-i386-xl-qemut-stubdom-debianhvm-amd64-xsm pass
test-amd64-amd64-libvirt-xsm pass
test-armhf-armhf-libvirt-xsm blocked
test-amd64-i386-libvirt-xsm pass
test-amd64-amd64-xl-xsm pass
test-armhf-armhf-xl-xsm pass
test-amd64-i386-xl-xsm pass
test-amd64-amd64-qemuu-nested-amd fail
test-amd64-amd64-xl-pvh-amd fail
test-amd64-i386-qemut-rhel6hvm-amd pass
test-amd64-i386-qemuu-rhel6hvm-amd pass
test-amd64-amd64-xl-qemut-debianhvm-amd64 pass
test-amd64-i386-xl-qemut-debianhvm-amd64 pass
test-amd64-amd64-xl-qemuu-debianhvm-amd64 pass
test-amd64-i386-xl-qemuu-debianhvm-amd64 pass
test-amd64-i386-freebsd10-amd64 pass
test-amd64-amd64-xl-qemuu-ovmf-amd64 pass
test-amd64-i386-xl-qemuu-ovmf-amd64 pass
test-amd64-amd64-rumprun-amd64 pass
test-amd64-amd64-xl-qemut-win7-amd64 fail
test-amd64-i386-xl-qemut-win7-amd64 fail
test-amd64-amd64-xl-qemuu-win7-amd64 fail
test-amd64-i386-xl-qemuu-win7-amd64 fail
test-amd64-amd64-xl-qemut-ws16-amd64 fail
test-amd64-i386-xl-qemut-ws16-amd64 fail
test-amd64-amd64-xl-qemuu-ws16-amd64 fail
test-amd64-i386-xl-qemuu-ws16-amd64 fail
test-armhf-armhf-xl-arndale blocked
test-amd64-amd64-xl-credit2 pass
test-armhf-armhf-xl-credit2 blocked
test-armhf-armhf-xl-cubietruck blocked
test-amd64-amd64-examine pass
test-armhf-armhf-examine blocked
test-amd64-i386-examine pass
test-amd64-i386-freebsd10-i386 pass
test-amd64-i386-rumprun-i386 pass
test-amd64-amd64-xl-qemut-win10-i386 fail
test-amd64-i386-xl-qemut-win10-i386 fail
test-amd64-amd64-xl-qemuu-win10-i386 fail
test-amd64-i386-xl-qemuu-win10-i386 fail
test-amd64-amd64-qemuu-nested-intel pass
test-amd64-amd64-xl-pvh-intel fail
test-amd64-i386-qemut-rhel6hvm-intel pass
test-amd64-i386-qemuu-rhel6hvm-intel pass
test-amd64-amd64-libvirt pass
test-armhf-armhf-libvirt blocked
test-amd64-i386-libvirt pass
test-amd64-amd64-xl-multivcpu pass
test-armhf-armhf-xl-multivcpu blocked
test-amd64-amd64-pair pass
test-amd64-i386-pair pass
test-amd64-amd64-libvirt-pair pass
test-amd64-i386-libvirt-pair pass
test-amd64-amd64-amd64-pvgrub pass
test-amd64-amd64-i386-pvgrub pass
test-amd64-amd64-pygrub pass
test-amd64-i386-libvirt-qcow2 pass
test-amd64-amd64-xl-qcow2 pass
test-armhf-armhf-libvirt-raw blocked
test-amd64-i386-xl-raw pass
test-amd64-amd64-xl-rtds fail
test-armhf-armhf-xl-rtds blocked
test-amd64-amd64-libvirt-vhd pass
test-armhf-armhf-xl-vhd blocked
------------------------------------------------------------
sg-report-flight on osstest.test-lab.xenproject.org
logs: /home/logs/logs
images: /home/logs/images
Logs, config files, etc. are available at
http://logs.test-lab.xenproject.org/osstest/logs
Explanation of these reports, and of osstest in general, is at
http://xenbits.xen.org/gitweb/?p=osstest.git;a=blob;f=README.email;hb=master
http://xenbits.xen.org/gitweb/?p=osstest.git;a=blob;f=README;hb=master
Test harness code can be found at
http://xenbits.xen.org/gitweb?p=osstest.git;a=summary
broken-job build-armhf broken
broken-step build-armhf host-install(4)
Not pushing.
(No revision log; it would be 824 lines long.)
[-- Attachment #2: Type: text/plain, Size: 127 bytes --]
_______________________________________________
Xen-devel mailing list
Xen-devel@lists.xen.org
https://lists.xen.org/xen-devel
^ permalink raw reply [flat|nested] only message in thread
only message in thread, other threads:[~2017-10-13 1:37 UTC | newest]
Thread overview: (only message) (download: mbox.gz follow: Atom feed
-- links below jump to the message on this page --
2017-10-13 1:37 [linux-3.18 test] 114368: regressions - trouble: blocked/broken/fail/pass osstest service owner
This is a public inbox, see mirroring instructions
for how to clone and mirror all data and code used for this inbox;
as well as URLs for NNTP newsgroup(s).