xen-devel.lists.xenproject.org archive mirror
 help / color / mirror / Atom feed
* [xen-unstable-smoke test] 114418: regressions - FAIL
@ 2017-10-12 13:48 osstest service owner
  0 siblings, 0 replies; only message in thread
From: osstest service owner @ 2017-10-12 13:48 UTC (permalink / raw)
  To: xen-devel, osstest-admin

flight 114418 xen-unstable-smoke real [real]
http://logs.test-lab.xenproject.org/osstest/logs/114418/

Regressions :-(

Tests which did not succeed and are blocking,
including tests which could not be run:
 test-amd64-amd64-libvirt     12 guest-start              fail REGR. vs. 114299

Tests which did not succeed, but are not blocking:
 test-armhf-armhf-xl          13 migrate-support-check        fail   never pass
 test-armhf-armhf-xl          14 saverestore-support-check    fail   never pass

version targeted for testing:
 xen                  c4e365a0eb3cb6c9dedfaf0c13b0a2ce62f49cf6
baseline version:
 xen                  3b40cfcd1a1912c2e4c4eb353dc77cbf35c63c3a

Last test of basis   114299  2017-10-10 21:02:54 Z    1 days
Failing since        114308  2017-10-10 23:01:10 Z    1 days   15 attempts
Testing same since   114376  2017-10-11 23:01:15 Z    0 days    6 attempts

------------------------------------------------------------
People who touched revisions under test:
  Alexandru Isaila <aisaila@bitdefender.com>
  Andre Przywara <andre.przywara@arm.com>
  Andrew Cooper <andrew.cooper3@citrix.com>
  Boris Ostrovsky <boris.ostrovsky@oracle.com>
  George Dunlap <george.dunlap@citrix.com>
  Ian Jackson <Ian.Jackson@eu.citrix.com>
  Jan Beulich <JBeulich@suse.com>
  Julien Grall <julien.grall@arm.com>
  Julien Grall <julien.grall@linaro.org>
  Konrad Rzeszutek Wilk <konrad.wilk@oracle.com>
  Meng Xu <mengxu@cis.upenn.edu>
  Ross Lagerwall <ross.lagerwall@citrix.com>
  Stefano Stabellini <sstabellini@kernel.org>
  Volodymyr Babchuk <volodymyr_babchuk@epam.com>
  Wei Liu <wei.liu2@citrix.com>
  Yi Sun <yi.y.sun@linux.intel.com>

jobs:
 build-amd64                                                  pass    
 build-armhf                                                  pass    
 build-amd64-libvirt                                          pass    
 test-armhf-armhf-xl                                          pass    
 test-amd64-amd64-xl-qemuu-debianhvm-i386                     pass    
 test-amd64-amd64-libvirt                                     fail    


------------------------------------------------------------
sg-report-flight on osstest.test-lab.xenproject.org
logs: /home/logs/logs
images: /home/logs/images

Logs, config files, etc. are available at
    http://logs.test-lab.xenproject.org/osstest/logs

Explanation of these reports, and of osstest in general, is at
    http://xenbits.xen.org/gitweb/?p=osstest.git;a=blob;f=README.email;hb=master
    http://xenbits.xen.org/gitweb/?p=osstest.git;a=blob;f=README;hb=master

Test harness code can be found at
    http://xenbits.xen.org/gitweb?p=osstest.git;a=summary


Not pushing.

(No revision log; it would be 1175 lines long.)

_______________________________________________
Xen-devel mailing list
Xen-devel@lists.xen.org
https://lists.xen.org/xen-devel

^ permalink raw reply	[flat|nested] only message in thread

only message in thread, other threads:[~2017-10-12 13:48 UTC | newest]

Thread overview: (only message) (download: mbox.gz follow: Atom feed
-- links below jump to the message on this page --
2017-10-12 13:48 [xen-unstable-smoke test] 114418: regressions - FAIL osstest service owner

This is a public inbox, see mirroring instructions
for how to clone and mirror all data and code used for this inbox;
as well as URLs for NNTP newsgroup(s).