From mboxrd@z Thu Jan 1 00:00:00 1970 From: osstest service owner Subject: [linux-linus test] 114442: regressions - FAIL Date: Sat, 14 Oct 2017 10:47:36 +0000 Message-ID: Mime-Version: 1.0 Content-Type: multipart/mixed; boundary="===============0743499748832148321==" Return-path: List-Unsubscribe: , List-Post: List-Help: List-Subscribe: , Errors-To: xen-devel-bounces@lists.xen.org Sender: "Xen-devel" To: xen-devel@lists.xensource.com, osstest-admin@xenproject.org List-Id: xen-devel@lists.xenproject.org --===============0743499748832148321== Content-Type: text/plain flight 114442 linux-linus real [real] http://logs.test-lab.xenproject.org/osstest/logs/114442/ Regressions :-( Tests which did not succeed and are blocking, including tests which could not be run: test-amd64-i386-xl 10 debian-install fail REGR. vs. 114362 test-amd64-amd64-xl-qemuu-ovmf-amd64 10 debian-hvm-install fail REGR. vs. 114362 test-amd64-amd64-xl-qemuu-debianhvm-amd64 10 debian-hvm-install fail REGR. vs. 114362 test-amd64-amd64-qemuu-nested-intel 17 debian-hvm-install/l1/l2 fail REGR. vs. 114362 test-amd64-i386-xl-qemut-debianhvm-amd64 10 debian-hvm-install fail REGR. vs. 114362 test-amd64-amd64-pygrub 10 debian-di-install fail REGR. vs. 114362 Tests which did not succeed, but are not blocking: test-armhf-armhf-libvirt 14 saverestore-support-check fail like 114362 test-amd64-i386-xl-qemut-win7-amd64 17 guest-stop fail like 114362 test-amd64-i386-xl-qemuu-win7-amd64 17 guest-stop fail like 114362 test-amd64-amd64-xl-qemut-win7-amd64 17 guest-stop fail like 114362 test-armhf-armhf-libvirt-raw 13 saverestore-support-check fail like 114362 test-armhf-armhf-libvirt-xsm 14 saverestore-support-check fail like 114362 test-amd64-amd64-xl-rtds 10 debian-install fail like 114362 test-armhf-armhf-xl-rtds 16 guest-start/debian.repeat fail like 114362 test-amd64-amd64-xl-qemuu-win7-amd64 17 guest-stop fail like 114362 test-amd64-amd64-xl-qemut-ws16-amd64 10 windows-install fail never pass test-amd64-amd64-xl-qemuu-ws16-amd64 10 windows-install fail never pass test-amd64-i386-libvirt-xsm 13 migrate-support-check fail never pass test-amd64-amd64-libvirt-xsm 13 migrate-support-check fail never pass test-amd64-amd64-libvirt-qemuu-debianhvm-amd64-xsm 11 migrate-support-check fail never pass test-amd64-i386-libvirt-qemuu-debianhvm-amd64-xsm 11 migrate-support-check fail never pass test-amd64-i386-libvirt-qcow2 12 migrate-support-check fail never pass test-amd64-amd64-libvirt-vhd 12 migrate-support-check fail never pass test-amd64-amd64-qemuu-nested-amd 17 debian-hvm-install/l1/l2 fail never pass test-armhf-armhf-libvirt 13 migrate-support-check fail never pass test-armhf-armhf-xl-multivcpu 13 migrate-support-check fail never pass test-armhf-armhf-xl-multivcpu 14 saverestore-support-check fail never pass test-armhf-armhf-xl-credit2 13 migrate-support-check fail never pass test-armhf-armhf-xl-credit2 14 saverestore-support-check fail never pass test-armhf-armhf-xl-xsm 13 migrate-support-check fail never pass test-armhf-armhf-xl-xsm 14 saverestore-support-check fail never pass test-amd64-i386-libvirt 13 migrate-support-check fail never pass test-amd64-i386-xl-qemuu-ws16-amd64 13 guest-saverestore fail never pass test-armhf-armhf-xl-arndale 13 migrate-support-check fail never pass test-armhf-armhf-xl-arndale 14 saverestore-support-check fail never pass test-amd64-i386-xl-qemut-ws16-amd64 13 guest-saverestore fail never pass test-amd64-amd64-libvirt 13 migrate-support-check fail never pass test-armhf-armhf-xl-rtds 13 migrate-support-check fail never pass test-armhf-armhf-xl-rtds 14 saverestore-support-check fail never pass test-armhf-armhf-libvirt-raw 12 migrate-support-check fail never pass test-armhf-armhf-xl-vhd 12 migrate-support-check fail never pass test-armhf-armhf-xl-vhd 13 saverestore-support-check fail never pass test-armhf-armhf-xl 13 migrate-support-check fail never pass test-armhf-armhf-xl 14 saverestore-support-check fail never pass test-armhf-armhf-libvirt-xsm 13 migrate-support-check fail never pass test-amd64-i386-xl-qemuu-win10-i386 10 windows-install fail never pass test-amd64-i386-xl-qemut-win10-i386 10 windows-install fail never pass test-armhf-armhf-xl-cubietruck 13 migrate-support-check fail never pass test-armhf-armhf-xl-cubietruck 14 saverestore-support-check fail never pass test-amd64-amd64-xl-qemut-win10-i386 10 windows-install fail never pass test-amd64-amd64-xl-qemuu-win10-i386 10 windows-install fail never pass version targeted for testing: linux 8ff0b97cf2c56247e246167b4ab602469354e917 baseline version: linux a957fd420ca8774f1a6708c64a867f056e67c46e Last test of basis 114362 2017-10-11 17:01:10 Z 2 days Testing same since 114442 2017-10-13 00:26:53 Z 1 days 1 attempts ------------------------------------------------------------ People who touched revisions under test: Al Viro Alan Stern Alex Manoussakis Alexander Levin Andreas Gruenbacher Andrey Konovalov Arnd Bergmann Bjorn Andersson Brian Foster Chris Gorman Christophe JAILLET Corentin Labbe Dan Carpenter Darrick J. Wong Dave Chinner David Daney Eric Sandeen Eric Sandeen Grygorii Strashko Haozhong Zhang Herbert Xu Jaejoong Kim Jan Kara Jia-Ju Bai Jiri Kosina Joe Lawrence Josh Poimboeuf Kai-Heng Feng Kees Cook Ladi Prosek Ladislav Michl Lars Persson Linus Torvalds Linus Walleij Masahiro Yamada Mika Westerberg NeilBrown Paolo Bonzini Petr Mladek Santosh Shilimkar Sricharan R Stefan Wahren Stephan Müller Takashi Iwai Tetsuo Handa Thomas Huth Thomas Meyer Vitaly Mayatskikh Wei Yongjun jobs: build-amd64-xsm pass build-armhf-xsm pass build-i386-xsm pass build-amd64 pass build-armhf pass build-i386 pass build-amd64-libvirt pass build-armhf-libvirt pass build-i386-libvirt pass build-amd64-pvops pass build-armhf-pvops pass build-i386-pvops pass build-amd64-rumprun pass build-i386-rumprun pass test-amd64-amd64-xl pass test-armhf-armhf-xl pass test-amd64-i386-xl fail test-amd64-amd64-xl-qemut-debianhvm-amd64-xsm pass test-amd64-i386-xl-qemut-debianhvm-amd64-xsm pass test-amd64-amd64-libvirt-qemuu-debianhvm-amd64-xsm pass test-amd64-i386-libvirt-qemuu-debianhvm-amd64-xsm pass test-amd64-amd64-xl-qemuu-debianhvm-amd64-xsm pass test-amd64-i386-xl-qemuu-debianhvm-amd64-xsm pass test-amd64-amd64-xl-qemut-stubdom-debianhvm-amd64-xsm pass test-amd64-i386-xl-qemut-stubdom-debianhvm-amd64-xsm pass test-amd64-amd64-libvirt-xsm pass test-armhf-armhf-libvirt-xsm pass test-amd64-i386-libvirt-xsm pass test-amd64-amd64-xl-xsm pass test-armhf-armhf-xl-xsm pass test-amd64-i386-xl-xsm pass test-amd64-amd64-qemuu-nested-amd fail test-amd64-amd64-xl-pvhv2-amd pass test-amd64-i386-qemut-rhel6hvm-amd pass test-amd64-i386-qemuu-rhel6hvm-amd pass test-amd64-amd64-xl-qemut-debianhvm-amd64 pass test-amd64-i386-xl-qemut-debianhvm-amd64 fail test-amd64-amd64-xl-qemuu-debianhvm-amd64 fail test-amd64-i386-xl-qemuu-debianhvm-amd64 pass test-amd64-i386-freebsd10-amd64 pass test-amd64-amd64-xl-qemuu-ovmf-amd64 fail test-amd64-i386-xl-qemuu-ovmf-amd64 pass test-amd64-amd64-rumprun-amd64 pass test-amd64-amd64-xl-qemut-win7-amd64 fail test-amd64-i386-xl-qemut-win7-amd64 fail test-amd64-amd64-xl-qemuu-win7-amd64 fail test-amd64-i386-xl-qemuu-win7-amd64 fail test-amd64-amd64-xl-qemut-ws16-amd64 fail test-amd64-i386-xl-qemut-ws16-amd64 fail test-amd64-amd64-xl-qemuu-ws16-amd64 fail test-amd64-i386-xl-qemuu-ws16-amd64 fail test-armhf-armhf-xl-arndale pass test-amd64-amd64-xl-credit2 pass test-armhf-armhf-xl-credit2 pass test-armhf-armhf-xl-cubietruck pass test-amd64-amd64-examine pass test-armhf-armhf-examine pass test-amd64-i386-examine pass test-amd64-i386-freebsd10-i386 pass test-amd64-i386-rumprun-i386 pass test-amd64-amd64-xl-qemut-win10-i386 fail test-amd64-i386-xl-qemut-win10-i386 fail test-amd64-amd64-xl-qemuu-win10-i386 fail test-amd64-i386-xl-qemuu-win10-i386 fail test-amd64-amd64-qemuu-nested-intel fail test-amd64-amd64-xl-pvhv2-intel pass test-amd64-i386-qemut-rhel6hvm-intel pass test-amd64-i386-qemuu-rhel6hvm-intel pass test-amd64-amd64-libvirt pass test-armhf-armhf-libvirt pass test-amd64-i386-libvirt pass test-amd64-amd64-xl-multivcpu pass test-armhf-armhf-xl-multivcpu pass test-amd64-amd64-pair pass test-amd64-i386-pair pass test-amd64-amd64-libvirt-pair pass test-amd64-i386-libvirt-pair pass test-amd64-amd64-amd64-pvgrub pass test-amd64-amd64-i386-pvgrub pass test-amd64-amd64-pygrub fail test-amd64-i386-libvirt-qcow2 pass test-amd64-amd64-xl-qcow2 pass test-armhf-armhf-libvirt-raw pass test-amd64-i386-xl-raw pass test-amd64-amd64-xl-rtds fail test-armhf-armhf-xl-rtds fail test-amd64-amd64-libvirt-vhd pass test-armhf-armhf-xl-vhd pass ------------------------------------------------------------ sg-report-flight on osstest.test-lab.xenproject.org logs: /home/logs/logs images: /home/logs/images Logs, config files, etc. are available at http://logs.test-lab.xenproject.org/osstest/logs Explanation of these reports, and of osstest in general, is at http://xenbits.xen.org/gitweb/?p=osstest.git;a=blob;f=README.email;hb=master http://xenbits.xen.org/gitweb/?p=osstest.git;a=blob;f=README;hb=master Test harness code can be found at http://xenbits.xen.org/gitweb?p=osstest.git;a=summary Not pushing. (No revision log; it would be 1395 lines long.) --===============0743499748832148321== Content-Type: text/plain; charset="utf-8" MIME-Version: 1.0 Content-Transfer-Encoding: base64 Content-Disposition: inline X19fX19fX19fX19fX19fX19fX19fX19fX19fX19fX19fX19fX19fX19fX19fX18KWGVuLWRldmVs IG1haWxpbmcgbGlzdApYZW4tZGV2ZWxAbGlzdHMueGVuLm9yZwpodHRwczovL2xpc3RzLnhlbi5v cmcveGVuLWRldmVsCg== --===============0743499748832148321==--