xen-devel.lists.xenproject.org archive mirror
 help / color / mirror / Atom feed
* [linux-linus test] 114442: regressions - FAIL
@ 2017-10-14 10:47 osstest service owner
  0 siblings, 0 replies; only message in thread
From: osstest service owner @ 2017-10-14 10:47 UTC (permalink / raw)
  To: xen-devel, osstest-admin

[-- Attachment #1: Type: text/plain, Size: 13651 bytes --]

flight 114442 linux-linus real [real]
http://logs.test-lab.xenproject.org/osstest/logs/114442/

Regressions :-(

Tests which did not succeed and are blocking,
including tests which could not be run:
 test-amd64-i386-xl           10 debian-install           fail REGR. vs. 114362
 test-amd64-amd64-xl-qemuu-ovmf-amd64 10 debian-hvm-install fail REGR. vs. 114362
 test-amd64-amd64-xl-qemuu-debianhvm-amd64 10 debian-hvm-install fail REGR. vs. 114362
 test-amd64-amd64-qemuu-nested-intel 17 debian-hvm-install/l1/l2 fail REGR. vs. 114362
 test-amd64-i386-xl-qemut-debianhvm-amd64 10 debian-hvm-install fail REGR. vs. 114362
 test-amd64-amd64-pygrub      10 debian-di-install        fail REGR. vs. 114362

Tests which did not succeed, but are not blocking:
 test-armhf-armhf-libvirt     14 saverestore-support-check    fail  like 114362
 test-amd64-i386-xl-qemut-win7-amd64 17 guest-stop             fail like 114362
 test-amd64-i386-xl-qemuu-win7-amd64 17 guest-stop             fail like 114362
 test-amd64-amd64-xl-qemut-win7-amd64 17 guest-stop            fail like 114362
 test-armhf-armhf-libvirt-raw 13 saverestore-support-check    fail  like 114362
 test-armhf-armhf-libvirt-xsm 14 saverestore-support-check    fail  like 114362
 test-amd64-amd64-xl-rtds     10 debian-install               fail  like 114362
 test-armhf-armhf-xl-rtds     16 guest-start/debian.repeat    fail  like 114362
 test-amd64-amd64-xl-qemuu-win7-amd64 17 guest-stop            fail like 114362
 test-amd64-amd64-xl-qemut-ws16-amd64 10 windows-install        fail never pass
 test-amd64-amd64-xl-qemuu-ws16-amd64 10 windows-install        fail never pass
 test-amd64-i386-libvirt-xsm  13 migrate-support-check        fail   never pass
 test-amd64-amd64-libvirt-xsm 13 migrate-support-check        fail   never pass
 test-amd64-amd64-libvirt-qemuu-debianhvm-amd64-xsm 11 migrate-support-check fail never pass
 test-amd64-i386-libvirt-qemuu-debianhvm-amd64-xsm 11 migrate-support-check fail never pass
 test-amd64-i386-libvirt-qcow2 12 migrate-support-check        fail  never pass
 test-amd64-amd64-libvirt-vhd 12 migrate-support-check        fail   never pass
 test-amd64-amd64-qemuu-nested-amd 17 debian-hvm-install/l1/l2  fail never pass
 test-armhf-armhf-libvirt     13 migrate-support-check        fail   never pass
 test-armhf-armhf-xl-multivcpu 13 migrate-support-check        fail  never pass
 test-armhf-armhf-xl-multivcpu 14 saverestore-support-check    fail  never pass
 test-armhf-armhf-xl-credit2  13 migrate-support-check        fail   never pass
 test-armhf-armhf-xl-credit2  14 saverestore-support-check    fail   never pass
 test-armhf-armhf-xl-xsm      13 migrate-support-check        fail   never pass
 test-armhf-armhf-xl-xsm      14 saverestore-support-check    fail   never pass
 test-amd64-i386-libvirt      13 migrate-support-check        fail   never pass
 test-amd64-i386-xl-qemuu-ws16-amd64 13 guest-saverestore       fail never pass
 test-armhf-armhf-xl-arndale  13 migrate-support-check        fail   never pass
 test-armhf-armhf-xl-arndale  14 saverestore-support-check    fail   never pass
 test-amd64-i386-xl-qemut-ws16-amd64 13 guest-saverestore       fail never pass
 test-amd64-amd64-libvirt     13 migrate-support-check        fail   never pass
 test-armhf-armhf-xl-rtds     13 migrate-support-check        fail   never pass
 test-armhf-armhf-xl-rtds     14 saverestore-support-check    fail   never pass
 test-armhf-armhf-libvirt-raw 12 migrate-support-check        fail   never pass
 test-armhf-armhf-xl-vhd      12 migrate-support-check        fail   never pass
 test-armhf-armhf-xl-vhd      13 saverestore-support-check    fail   never pass
 test-armhf-armhf-xl          13 migrate-support-check        fail   never pass
 test-armhf-armhf-xl          14 saverestore-support-check    fail   never pass
 test-armhf-armhf-libvirt-xsm 13 migrate-support-check        fail   never pass
 test-amd64-i386-xl-qemuu-win10-i386 10 windows-install         fail never pass
 test-amd64-i386-xl-qemut-win10-i386 10 windows-install         fail never pass
 test-armhf-armhf-xl-cubietruck 13 migrate-support-check        fail never pass
 test-armhf-armhf-xl-cubietruck 14 saverestore-support-check    fail never pass
 test-amd64-amd64-xl-qemut-win10-i386 10 windows-install        fail never pass
 test-amd64-amd64-xl-qemuu-win10-i386 10 windows-install        fail never pass

version targeted for testing:
 linux                8ff0b97cf2c56247e246167b4ab602469354e917
baseline version:
 linux                a957fd420ca8774f1a6708c64a867f056e67c46e

Last test of basis   114362  2017-10-11 17:01:10 Z    2 days
Testing same since   114442  2017-10-13 00:26:53 Z    1 days    1 attempts

------------------------------------------------------------
People who touched revisions under test:
  Al Viro <viro@zeniv.linux.org.uk>
  Alan Stern <stern@rowland.harvard.edu>
  Alex Manoussakis <amanou@gnu.org>
  Alexander Levin <alexander.levin@verizon.com>
  Andreas Gruenbacher <agruenba@redhat.com>
  Andrey Konovalov <andreyknvl@google.com>
  Arnd Bergmann <arnd@arndb.de>
  Bjorn Andersson <bjorn.andersson@linaro.org>
  Brian Foster <bfoster@redhat.com>
  Chris Gorman <chrisjohgorman@gmail.com>
  Christophe JAILLET <christophe.jaillet@wanadoo.fr>
  Corentin Labbe <clabbe.montjoie@gmail.com>
  Dan Carpenter <dan.carpenter@oracle.com>
  Darrick J. Wong <darrick.wong@oracle.com>
  Dave Chinner <dchinner@redhat.com>
  David Daney <david.daney@cavium.com>
  Eric Sandeen <sandeen@redhat.com>
  Eric Sandeen <sandeen@sandeen.net>
  Grygorii Strashko <grygorii.strashko@ti.com>
  Haozhong Zhang <haozhong.zhang@intel.com>
  Herbert Xu <herbert@gondor.apana.org.au>
  Jaejoong Kim <climbbb.kim@gmail.com>
  Jan Kara <jack@suse.cz>
  Jia-Ju Bai <baijiaju1990@163.com>
  Jiri Kosina <jkosina@suse.cz>
  Joe Lawrence <joe.lawrence@redhat.com>
  Josh Poimboeuf <jpoimboe@redhat.com>
  Kai-Heng Feng <kai.heng.feng@canonical.com>
  Kees Cook <keescook@chromium.org>
  Ladi Prosek <lprosek@redhat.com>
  Ladislav Michl <ladis@linux-mips.org>
  Lars Persson <larper@axis.com>
  Linus Torvalds <torvalds@linux-foundation.org>
  Linus Walleij <linus.walleij@linaro.org>
  Masahiro Yamada <yamada.masahiro@socionext.com>
  Mika Westerberg <mika.westerberg@linux.intel.com>
  NeilBrown <neilb@suse.com>
  Paolo Bonzini <pbonzini@redhat.com>
  Petr Mladek <pmladek@suse.com>
  Santosh Shilimkar <ssantosh@kernel.org>
  Sricharan R <sricharan@codeaurora.org>
  Stefan Wahren <stefan.wahren@i2se.com>
  Stephan Müller <smueller@chronox.de>
  Takashi Iwai <tiwai@suse.de>
  Tetsuo Handa <penguin-kernel@I-love.SAKURA.ne.jp>
  Thomas Huth <thuth@redhat.com>
  Thomas Meyer <thomas@m3y3r.de>
  Vitaly Mayatskikh <v.mayatskih@gmail.com>
  Wei Yongjun <weiyongjun1@huawei.com>

jobs:
 build-amd64-xsm                                              pass    
 build-armhf-xsm                                              pass    
 build-i386-xsm                                               pass    
 build-amd64                                                  pass    
 build-armhf                                                  pass    
 build-i386                                                   pass    
 build-amd64-libvirt                                          pass    
 build-armhf-libvirt                                          pass    
 build-i386-libvirt                                           pass    
 build-amd64-pvops                                            pass    
 build-armhf-pvops                                            pass    
 build-i386-pvops                                             pass    
 build-amd64-rumprun                                          pass    
 build-i386-rumprun                                           pass    
 test-amd64-amd64-xl                                          pass    
 test-armhf-armhf-xl                                          pass    
 test-amd64-i386-xl                                           fail    
 test-amd64-amd64-xl-qemut-debianhvm-amd64-xsm                pass    
 test-amd64-i386-xl-qemut-debianhvm-amd64-xsm                 pass    
 test-amd64-amd64-libvirt-qemuu-debianhvm-amd64-xsm           pass    
 test-amd64-i386-libvirt-qemuu-debianhvm-amd64-xsm            pass    
 test-amd64-amd64-xl-qemuu-debianhvm-amd64-xsm                pass    
 test-amd64-i386-xl-qemuu-debianhvm-amd64-xsm                 pass    
 test-amd64-amd64-xl-qemut-stubdom-debianhvm-amd64-xsm        pass    
 test-amd64-i386-xl-qemut-stubdom-debianhvm-amd64-xsm         pass    
 test-amd64-amd64-libvirt-xsm                                 pass    
 test-armhf-armhf-libvirt-xsm                                 pass    
 test-amd64-i386-libvirt-xsm                                  pass    
 test-amd64-amd64-xl-xsm                                      pass    
 test-armhf-armhf-xl-xsm                                      pass    
 test-amd64-i386-xl-xsm                                       pass    
 test-amd64-amd64-qemuu-nested-amd                            fail    
 test-amd64-amd64-xl-pvhv2-amd                                pass    
 test-amd64-i386-qemut-rhel6hvm-amd                           pass    
 test-amd64-i386-qemuu-rhel6hvm-amd                           pass    
 test-amd64-amd64-xl-qemut-debianhvm-amd64                    pass    
 test-amd64-i386-xl-qemut-debianhvm-amd64                     fail    
 test-amd64-amd64-xl-qemuu-debianhvm-amd64                    fail    
 test-amd64-i386-xl-qemuu-debianhvm-amd64                     pass    
 test-amd64-i386-freebsd10-amd64                              pass    
 test-amd64-amd64-xl-qemuu-ovmf-amd64                         fail    
 test-amd64-i386-xl-qemuu-ovmf-amd64                          pass    
 test-amd64-amd64-rumprun-amd64                               pass    
 test-amd64-amd64-xl-qemut-win7-amd64                         fail    
 test-amd64-i386-xl-qemut-win7-amd64                          fail    
 test-amd64-amd64-xl-qemuu-win7-amd64                         fail    
 test-amd64-i386-xl-qemuu-win7-amd64                          fail    
 test-amd64-amd64-xl-qemut-ws16-amd64                         fail    
 test-amd64-i386-xl-qemut-ws16-amd64                          fail    
 test-amd64-amd64-xl-qemuu-ws16-amd64                         fail    
 test-amd64-i386-xl-qemuu-ws16-amd64                          fail    
 test-armhf-armhf-xl-arndale                                  pass    
 test-amd64-amd64-xl-credit2                                  pass    
 test-armhf-armhf-xl-credit2                                  pass    
 test-armhf-armhf-xl-cubietruck                               pass    
 test-amd64-amd64-examine                                     pass    
 test-armhf-armhf-examine                                     pass    
 test-amd64-i386-examine                                      pass    
 test-amd64-i386-freebsd10-i386                               pass    
 test-amd64-i386-rumprun-i386                                 pass    
 test-amd64-amd64-xl-qemut-win10-i386                         fail    
 test-amd64-i386-xl-qemut-win10-i386                          fail    
 test-amd64-amd64-xl-qemuu-win10-i386                         fail    
 test-amd64-i386-xl-qemuu-win10-i386                          fail    
 test-amd64-amd64-qemuu-nested-intel                          fail    
 test-amd64-amd64-xl-pvhv2-intel                              pass    
 test-amd64-i386-qemut-rhel6hvm-intel                         pass    
 test-amd64-i386-qemuu-rhel6hvm-intel                         pass    
 test-amd64-amd64-libvirt                                     pass    
 test-armhf-armhf-libvirt                                     pass    
 test-amd64-i386-libvirt                                      pass    
 test-amd64-amd64-xl-multivcpu                                pass    
 test-armhf-armhf-xl-multivcpu                                pass    
 test-amd64-amd64-pair                                        pass    
 test-amd64-i386-pair                                         pass    
 test-amd64-amd64-libvirt-pair                                pass    
 test-amd64-i386-libvirt-pair                                 pass    
 test-amd64-amd64-amd64-pvgrub                                pass    
 test-amd64-amd64-i386-pvgrub                                 pass    
 test-amd64-amd64-pygrub                                      fail    
 test-amd64-i386-libvirt-qcow2                                pass    
 test-amd64-amd64-xl-qcow2                                    pass    
 test-armhf-armhf-libvirt-raw                                 pass    
 test-amd64-i386-xl-raw                                       pass    
 test-amd64-amd64-xl-rtds                                     fail    
 test-armhf-armhf-xl-rtds                                     fail    
 test-amd64-amd64-libvirt-vhd                                 pass    
 test-armhf-armhf-xl-vhd                                      pass    


------------------------------------------------------------
sg-report-flight on osstest.test-lab.xenproject.org
logs: /home/logs/logs
images: /home/logs/images

Logs, config files, etc. are available at
    http://logs.test-lab.xenproject.org/osstest/logs

Explanation of these reports, and of osstest in general, is at
    http://xenbits.xen.org/gitweb/?p=osstest.git;a=blob;f=README.email;hb=master
    http://xenbits.xen.org/gitweb/?p=osstest.git;a=blob;f=README;hb=master

Test harness code can be found at
    http://xenbits.xen.org/gitweb?p=osstest.git;a=summary


Not pushing.

(No revision log; it would be 1395 lines long.)


[-- Attachment #2: Type: text/plain, Size: 127 bytes --]

_______________________________________________
Xen-devel mailing list
Xen-devel@lists.xen.org
https://lists.xen.org/xen-devel

^ permalink raw reply	[flat|nested] only message in thread

only message in thread, other threads:[~2017-10-14 10:47 UTC | newest]

Thread overview: (only message) (download: mbox.gz follow: Atom feed
-- links below jump to the message on this page --
2017-10-14 10:47 [linux-linus test] 114442: regressions - FAIL osstest service owner

This is a public inbox, see mirroring instructions
for how to clone and mirror all data and code used for this inbox;
as well as URLs for NNTP newsgroup(s).