* [linux-3.18 test] 114446: tolerable FAIL - PUSHED
@ 2017-10-14 14:01 osstest service owner
0 siblings, 0 replies; only message in thread
From: osstest service owner @ 2017-10-14 14:01 UTC (permalink / raw)
To: xen-devel, osstest-admin
[-- Attachment #1: Type: text/plain, Size: 20067 bytes --]
flight 114446 linux-3.18 real [real]
http://logs.test-lab.xenproject.org/osstest/logs/114446/
Failures :-/ but no regressions.
Regressions which are regarded as allowable (not blocking):
test-amd64-i386-xl-qemuu-win7-amd64 17 guest-stop fail REGR. vs. 114034
Tests which did not succeed, but are not blocking:
test-armhf-armhf-libvirt 14 saverestore-support-check fail like 114034
test-amd64-amd64-xl-qemuu-win7-amd64 17 guest-stop fail like 114034
test-armhf-armhf-libvirt-raw 13 saverestore-support-check fail like 114034
test-amd64-i386-xl-qemut-win7-amd64 17 guest-stop fail like 114034
test-armhf-armhf-libvirt-xsm 14 saverestore-support-check fail like 114034
test-amd64-amd64-xl-qemut-win7-amd64 17 guest-stop fail like 114034
test-amd64-amd64-xl-rtds 10 debian-install fail like 114034
test-amd64-amd64-xl-pvhv2-intel 12 guest-start fail never pass
test-amd64-amd64-xl-pvhv2-amd 12 guest-start fail never pass
test-amd64-amd64-xl-qemuu-ws16-amd64 10 windows-install fail never pass
test-amd64-amd64-xl-qemut-ws16-amd64 10 windows-install fail never pass
test-amd64-i386-libvirt-xsm 13 migrate-support-check fail never pass
test-amd64-amd64-libvirt-xsm 13 migrate-support-check fail never pass
test-amd64-amd64-libvirt 13 migrate-support-check fail never pass
test-amd64-i386-libvirt 13 migrate-support-check fail never pass
test-amd64-i386-libvirt-qemuu-debianhvm-amd64-xsm 11 migrate-support-check fail never pass
test-amd64-amd64-libvirt-qemuu-debianhvm-amd64-xsm 11 migrate-support-check fail never pass
test-amd64-i386-libvirt-qcow2 12 migrate-support-check fail never pass
test-amd64-amd64-libvirt-vhd 12 migrate-support-check fail never pass
test-amd64-i386-xl-qemuu-ws16-amd64 13 guest-saverestore fail never pass
test-amd64-amd64-qemuu-nested-amd 17 debian-hvm-install/l1/l2 fail never pass
test-armhf-armhf-xl-multivcpu 13 migrate-support-check fail never pass
test-armhf-armhf-xl-multivcpu 14 saverestore-support-check fail never pass
test-armhf-armhf-xl 13 migrate-support-check fail never pass
test-armhf-armhf-libvirt 13 migrate-support-check fail never pass
test-armhf-armhf-xl 14 saverestore-support-check fail never pass
test-armhf-armhf-xl-cubietruck 13 migrate-support-check fail never pass
test-armhf-armhf-xl-cubietruck 14 saverestore-support-check fail never pass
test-amd64-i386-xl-qemut-ws16-amd64 13 guest-saverestore fail never pass
test-armhf-armhf-xl-credit2 13 migrate-support-check fail never pass
test-armhf-armhf-xl-credit2 14 saverestore-support-check fail never pass
test-armhf-armhf-libvirt-raw 12 migrate-support-check fail never pass
test-armhf-armhf-xl-rtds 13 migrate-support-check fail never pass
test-armhf-armhf-xl-rtds 14 saverestore-support-check fail never pass
test-armhf-armhf-xl-vhd 12 migrate-support-check fail never pass
test-armhf-armhf-xl-vhd 13 saverestore-support-check fail never pass
test-armhf-armhf-xl-arndale 13 migrate-support-check fail never pass
test-armhf-armhf-xl-arndale 14 saverestore-support-check fail never pass
test-armhf-armhf-libvirt-xsm 13 migrate-support-check fail never pass
test-amd64-amd64-xl-qemut-win10-i386 10 windows-install fail never pass
test-amd64-amd64-xl-qemuu-win10-i386 10 windows-install fail never pass
test-amd64-i386-xl-qemuu-win10-i386 10 windows-install fail never pass
test-amd64-i386-xl-qemut-win10-i386 10 windows-install fail never pass
test-armhf-armhf-xl-xsm 13 migrate-support-check fail never pass
test-armhf-armhf-xl-xsm 14 saverestore-support-check fail never pass
version targeted for testing:
linux 3e2bb7d281edae5a0732023061402e4a7231dffc
baseline version:
linux ffc97d4dde1d3c77beebddbbd2a0be5f8f18236a
Last test of basis 114034 2017-10-05 07:56:53 Z 9 days
Failing since 114133 2017-10-08 09:26:23 Z 6 days 6 attempts
Testing same since 114446 2017-10-13 01:48:04 Z 1 days 1 attempts
------------------------------------------------------------
People who touched revisions under test:
Adrian Salido <salidoa@google.com>
Afzal Mohammed <afzal.mohd.ma@gmail.com>
Al Viro <viro@zeniv.linux.org.uk>
Alan Stern <stern@rowland.harvard.edu>
Alden Tondettar <alden.tondettar@gmail.com>
Alexander Potapenko <glider@google.com>
Andrey Konovalov <andreyknvl@google.com>
Andrey Ryabinin <aryabinin@virtuozzo.com>
Archit Taneja <architt@codeaurora.org>
Ard Biesheuvel <ard.biesheuvel@linaro.org>
Arnd Bergmann <arnd@arndb.de>
Arvind Yadav <arvind.yadav.cs@gmail.com>
Bartosz Golaszewski <bgolaszewski@baylibre.com>
Casey Schaufler <casey@schaufler-ca.com>
Christophe JAILLET <christophe.jaillet@wanadoo.fr>
Connor O'Brien <connoro@google.com>
Dan Carpenter <dan.carpenter@oracle.com>
Daniel Drake <dan@reactivated.net>
Darrick J. Wong <darrick.wong@oracle.com>
David Eccher <d.eccher@gmail.com>
David Howells <dhowells@redhat.com>
David S. Miller <davem@davemloft.net>
Dmitry Fleytman <dmitry@daynix.com>
Dmitry Torokhov <dmitry.torokhov@gmail.com>
Dmitry Vyukov <dvyukov@google.com>
Doug Ledford <dledford@redhat.com>
Dragos Bogdan <dragos.bogdan@analog.com>
Erez Shitrit <erezsh@mellanox.com>
Eryu Guan <guaneryu@gmail.com>
Felipe Balbi <balbi@ti.com>
Felipe Balbi <felipe.balbi@linux.intel.com>
Feras Daoud <ferasda@mellanox.com>
Greg Kroah-Hartman <gregkh@linuxfoundation.org>
Guenter Roeck <groeck@chromium.org>
Guenter Roeck <linux@roeck-us.net>
Gwendal Grignou <gwendal@chromium.org>
Heiner Kallweit <hkallweit1@gmail.com>
Helge Deller <deller@gmx.de>
Helmut Klein <hgkr.klein@gmail.com>
Herbert Xu <herbert@gondor.apana.org.au>
Ira Weiny <ira.weiny@intel.com>
James Morris <james.l.morris@oracle.com>
Jan Kara <jack@suse.cz>
Jani Nikula <jani.nikula@intel.com>
Javier Martinez Canillas <javier@osg.samsung.com>
Jens Axboe <axboe@fb.com>
Jim Dickerson <jim.dickerson@hpe.com>
Jiri Kosina <jkosina@suse.cz>
Jiri Pirko <jiri@mellanox.com>
Johan Hovold <johan@kernel.org>
Jonathan Cameron <Jonathan.Cameron@huawei.com>
Josef Bacik <jbacik@fb.com>
Lars-Peter Clausen <lars@metafoo.de>
Leon Romanovsky <leon@kernel.org>
Liping Zhang <zlpnobody@gmail.com>
Lukas Wunner <lukas@wunner.de>
Marc Dietrich <marvin24@gmx.de>
Mathias Nyman <mathias.nyman@linux.intel.com>
Matt Fornero <matt.fornero@mathworks.com>
Matthew Whitehead <tedheadster@gmail.com>
Mauro Carvalho Chehab <mchehab@s-opensource.com>
Michael Hennerich <michael.hennerich@analog.com>
Myungho Jung <mhjungk@gmail.com>
Nicolai Stange <nstange@suse.de>
Niklas Söderlund <niklas.soderlund+renesas@ragnatech.se>
Oleg Nesterov <oleg@redhat.com>
Pablo Neira Ayuso <pablo@netfilter.org>
Pan Bian <bianpan2016@163.com>
Paul Burton <paul.burton@imgtec.com>
Paul Moore <paul@paul-moore.com>
Peng Fan <van.freenix@gmail.com>
Ralf Baechle <ralf@linux-mips.org>
Richard Guy Briggs <rgb@redhat.com>
Rob Herring <robh@kernel.org>
Rodrigo Vivi <rodrigo.vivi@intel.com>
Roman SpychaÅa <roed@onet.eu>
Russell King <rmk+kernel@arm.linux.org.uk>
Santosh Shilimkar <santosh.shilimkar@oracle.com>
Sasha Levin <alexander.levin@verizon.com>
Shaohua Li <shli@fb.com>
Stefan Popa <stefan.popa@analog.com>
Sylwester Nawrocki <s.nawrocki@samsung.com>
Takashi Iwai <tiwai@suse.de>
Tejun Heo <tj@kernel.org>
Theodore Ts'o <tytso@mit.edu>
Thibault Saunier <thibault.saunier@osg.samsung.com>
Ulf Hansson <ulf.hansson@linaro.org>
Yoshihiro Shimoda <yoshihiro.shimoda.uh@renesas.com>
Zhu Yanjun <yanjun.zhu@oracle.com>
jobs:
build-amd64-xsm pass
build-armhf-xsm pass
build-i386-xsm pass
build-amd64 pass
build-armhf pass
build-i386 pass
build-amd64-libvirt pass
build-armhf-libvirt pass
build-i386-libvirt pass
build-amd64-pvops pass
build-armhf-pvops pass
build-i386-pvops pass
build-amd64-rumprun pass
build-i386-rumprun pass
test-amd64-amd64-xl pass
test-armhf-armhf-xl pass
test-amd64-i386-xl pass
test-amd64-amd64-xl-qemut-debianhvm-amd64-xsm pass
test-amd64-i386-xl-qemut-debianhvm-amd64-xsm pass
test-amd64-amd64-libvirt-qemuu-debianhvm-amd64-xsm pass
test-amd64-i386-libvirt-qemuu-debianhvm-amd64-xsm pass
test-amd64-amd64-xl-qemuu-debianhvm-amd64-xsm pass
test-amd64-i386-xl-qemuu-debianhvm-amd64-xsm pass
test-amd64-amd64-xl-qemut-stubdom-debianhvm-amd64-xsm pass
test-amd64-i386-xl-qemut-stubdom-debianhvm-amd64-xsm pass
test-amd64-amd64-libvirt-xsm pass
test-armhf-armhf-libvirt-xsm pass
test-amd64-i386-libvirt-xsm pass
test-amd64-amd64-xl-xsm pass
test-armhf-armhf-xl-xsm pass
test-amd64-i386-xl-xsm pass
test-amd64-amd64-qemuu-nested-amd fail
test-amd64-amd64-xl-pvhv2-amd fail
test-amd64-i386-qemut-rhel6hvm-amd pass
test-amd64-i386-qemuu-rhel6hvm-amd pass
test-amd64-amd64-xl-qemut-debianhvm-amd64 pass
test-amd64-i386-xl-qemut-debianhvm-amd64 pass
test-amd64-amd64-xl-qemuu-debianhvm-amd64 pass
test-amd64-i386-xl-qemuu-debianhvm-amd64 pass
test-amd64-i386-freebsd10-amd64 pass
test-amd64-amd64-xl-qemuu-ovmf-amd64 pass
test-amd64-i386-xl-qemuu-ovmf-amd64 pass
test-amd64-amd64-rumprun-amd64 pass
test-amd64-amd64-xl-qemut-win7-amd64 fail
test-amd64-i386-xl-qemut-win7-amd64 fail
test-amd64-amd64-xl-qemuu-win7-amd64 fail
test-amd64-i386-xl-qemuu-win7-amd64 fail
test-amd64-amd64-xl-qemut-ws16-amd64 fail
test-amd64-i386-xl-qemut-ws16-amd64 fail
test-amd64-amd64-xl-qemuu-ws16-amd64 fail
test-amd64-i386-xl-qemuu-ws16-amd64 fail
test-armhf-armhf-xl-arndale pass
test-amd64-amd64-xl-credit2 pass
test-armhf-armhf-xl-credit2 pass
test-armhf-armhf-xl-cubietruck pass
test-amd64-amd64-examine pass
test-armhf-armhf-examine pass
test-amd64-i386-examine pass
test-amd64-i386-freebsd10-i386 pass
test-amd64-i386-rumprun-i386 pass
test-amd64-amd64-xl-qemut-win10-i386 fail
test-amd64-i386-xl-qemut-win10-i386 fail
test-amd64-amd64-xl-qemuu-win10-i386 fail
test-amd64-i386-xl-qemuu-win10-i386 fail
test-amd64-amd64-qemuu-nested-intel pass
test-amd64-amd64-xl-pvhv2-intel fail
test-amd64-i386-qemut-rhel6hvm-intel pass
test-amd64-i386-qemuu-rhel6hvm-intel pass
test-amd64-amd64-libvirt pass
test-armhf-armhf-libvirt pass
test-amd64-i386-libvirt pass
test-amd64-amd64-xl-multivcpu pass
test-armhf-armhf-xl-multivcpu pass
test-amd64-amd64-pair pass
test-amd64-i386-pair pass
test-amd64-amd64-libvirt-pair pass
test-amd64-i386-libvirt-pair pass
test-amd64-amd64-amd64-pvgrub pass
test-amd64-amd64-i386-pvgrub pass
test-amd64-amd64-pygrub pass
test-amd64-i386-libvirt-qcow2 pass
test-amd64-amd64-xl-qcow2 pass
test-armhf-armhf-libvirt-raw pass
test-amd64-i386-xl-raw pass
test-amd64-amd64-xl-rtds fail
test-armhf-armhf-xl-rtds pass
test-amd64-amd64-libvirt-vhd pass
test-armhf-armhf-xl-vhd pass
------------------------------------------------------------
sg-report-flight on osstest.test-lab.xenproject.org
logs: /home/logs/logs
images: /home/logs/images
Logs, config files, etc. are available at
http://logs.test-lab.xenproject.org/osstest/logs
Explanation of these reports, and of osstest in general, is at
http://xenbits.xen.org/gitweb/?p=osstest.git;a=blob;f=README.email;hb=master
http://xenbits.xen.org/gitweb/?p=osstest.git;a=blob;f=README;hb=master
Test harness code can be found at
http://xenbits.xen.org/gitweb?p=osstest.git;a=summary
Pushing revision :
+ branch=linux-3.18
+ revision=3e2bb7d281edae5a0732023061402e4a7231dffc
+ . ./cri-lock-repos
++ . ./cri-common
+++ . ./cri-getconfig
++++ export PERLLIB=.:.
++++ PERLLIB=.:.
+++ umask 002
+++ getrepos
++++ getconfig Repos
++++ perl -e '
use Osstest;
readglobalconfig();
print $c{"Repos"} or die $!;
'
+++ local repos=/home/osstest/repos
+++ '[' -z /home/osstest/repos ']'
+++ '[' '!' -d /home/osstest/repos ']'
+++ echo /home/osstest/repos
++ repos=/home/osstest/repos
++ repos_lock=/home/osstest/repos/lock
++ '[' x '!=' x/home/osstest/repos/lock ']'
++ OSSTEST_REPOS_LOCK_LOCKED=/home/osstest/repos/lock
++ exec with-lock-ex -w /home/osstest/repos/lock ./ap-push linux-3.18 3e2bb7d281edae5a0732023061402e4a7231dffc
+ branch=linux-3.18
+ revision=3e2bb7d281edae5a0732023061402e4a7231dffc
+ . ./cri-lock-repos
++ . ./cri-common
+++ . ./cri-getconfig
++++ export PERLLIB=.:.:.
++++ PERLLIB=.:.:.
+++ umask 002
+++ getrepos
++++ getconfig Repos
++++ perl -e '
use Osstest;
readglobalconfig();
print $c{"Repos"} or die $!;
'
+++ local repos=/home/osstest/repos
+++ '[' -z /home/osstest/repos ']'
+++ '[' '!' -d /home/osstest/repos ']'
+++ echo /home/osstest/repos
++ repos=/home/osstest/repos
++ repos_lock=/home/osstest/repos/lock
++ '[' x/home/osstest/repos/lock '!=' x/home/osstest/repos/lock ']'
+ . ./cri-common
++ . ./cri-getconfig
+++ export PERLLIB=.:.:.:.
+++ PERLLIB=.:.:.:.
++ umask 002
+ select_xenbranch
+ case "$branch" in
+ tree=linux
+ xenbranch=xen-unstable
+ '[' xlinux = xlinux ']'
+ linuxbranch=linux-3.18
+ '[' x = x ']'
+ qemuubranch=qemu-upstream-unstable
+ select_prevxenbranch
++ ./cri-getprevxenbranch xen-unstable
+ prevxenbranch=xen-4.9-testing
+ '[' x3e2bb7d281edae5a0732023061402e4a7231dffc = x ']'
+ : tested/2.6.39.x
+ . ./ap-common
++ : osstest@xenbits.xen.org
+++ getconfig OsstestUpstream
+++ perl -e '
use Osstest;
readglobalconfig();
print $c{"OsstestUpstream"} or die $!;
'
++ :
++ : git://xenbits.xen.org/xen.git
++ : osstest@xenbits.xen.org:/home/xen/git/xen.git
++ : git://xenbits.xen.org/qemu-xen-traditional.git
++ : git://git.kernel.org
++ : git://git.kernel.org/pub/scm/linux/kernel/git
++ : git
++ : git://xenbits.xen.org/xtf.git
++ : osstest@xenbits.xen.org:/home/xen/git/xtf.git
++ : git://xenbits.xen.org/xtf.git
++ : git://xenbits.xen.org/libvirt.git
++ : osstest@xenbits.xen.org:/home/xen/git/libvirt.git
++ : git://xenbits.xen.org/libvirt.git
++ : git://xenbits.xen.org/osstest/rumprun.git
++ : git
++ : git://xenbits.xen.org/osstest/rumprun.git
++ : osstest@xenbits.xen.org:/home/xen/git/osstest/rumprun.git
++ : git://git.seabios.org/seabios.git
++ : osstest@xenbits.xen.org:/home/xen/git/osstest/seabios.git
++ : git://xenbits.xen.org/osstest/seabios.git
++ : https://github.com/tianocore/edk2.git
++ : osstest@xenbits.xen.org:/home/xen/git/osstest/ovmf.git
++ : git://xenbits.xen.org/osstest/ovmf.git
++ : git://xenbits.xen.org/osstest/linux-firmware.git
++ : osstest@xenbits.xen.org:/home/osstest/ext/linux-firmware.git
++ : git://git.kernel.org/pub/scm/linux/kernel/git/firmware/linux-firmware.git
++ : osstest@xenbits.xen.org:/home/xen/git/linux-pvops.git
++ : git://xenbits.xen.org/linux-pvops.git
++ : tested/linux-4.9
++ : tested/linux-arm-xen
++ '[' xgit://git.kernel.org/pub/scm/linux/kernel/git/stable/linux-stable.git = x ']'
++ '[' xgit://git.kernel.org/pub/scm/linux/kernel/git/stable/linux-stable.git = x ']'
++ : git://git.kernel.org/pub/scm/linux/kernel/git/konrad/xen.git
++ : tested/2.6.39.x
++ : daily-cron.linux-3.18
++ : daily-cron.linux-3.18
++ : daily-cron.linux-3.18
++ : daily-cron.linux-3.18
++ : daily-cron.linux-3.18
++ : daily-cron.linux-3.18
++ : daily-cron.linux-3.18
++ : http://hg.uk.xensource.com/carbon/trunk/linux-2.6.27
++ : git://xenbits.xen.org/qemu-xen.git
++ : osstest@xenbits.xen.org:/home/xen/git/qemu-xen.git
++ : daily-cron.linux-3.18
++ : git://xenbits.xen.org/qemu-xen.git
++ : git://git.qemu.org/qemu.git
+ TREE_LINUX=osstest@xenbits.xen.org:/home/xen/git/linux-pvops.git
+ TREE_QEMU_UPSTREAM=osstest@xenbits.xen.org:/home/xen/git/qemu-xen.git
+ TREE_XEN=osstest@xenbits.xen.org:/home/xen/git/xen.git
+ TREE_LIBVIRT=osstest@xenbits.xen.org:/home/xen/git/libvirt.git
+ TREE_RUMPRUN=osstest@xenbits.xen.org:/home/xen/git/osstest/rumprun.git
+ TREE_SEABIOS=osstest@xenbits.xen.org:/home/xen/git/osstest/seabios.git
+ TREE_OVMF=osstest@xenbits.xen.org:/home/xen/git/osstest/ovmf.git
+ TREE_XTF=osstest@xenbits.xen.org:/home/xen/git/xtf.git
+ info_linux_tree linux-3.18
+ case $1 in
+ : git://git.kernel.org/pub/scm/linux/kernel/git/stable/linux-stable.git
+ : linux-3.18.y
+ : linux-3.18.y
+ : git
+ : git
+ : git://xenbits.xen.org/linux-pvops.git
+ : osstest@xenbits.xen.org:/home/xen/git/linux-pvops.git
+ : tested/linux-3.18
+ : refs/heads/tested/linux-3.18
+ return 0
+ cd /home/osstest/repos/linux
+ git push osstest@xenbits.xen.org:/home/xen/git/linux-pvops.git 3e2bb7d281edae5a0732023061402e4a7231dffc:refs/heads/tested/linux-3.18
To osstest@xenbits.xen.org:/home/xen/git/linux-pvops.git
ffc97d4..3e2bb7d 3e2bb7d281edae5a0732023061402e4a7231dffc -> tested/linux-3.18
+ exit 0
[-- Attachment #2: Type: text/plain, Size: 127 bytes --]
_______________________________________________
Xen-devel mailing list
Xen-devel@lists.xen.org
https://lists.xen.org/xen-devel
^ permalink raw reply [flat|nested] only message in thread
only message in thread, other threads:[~2017-10-14 14:01 UTC | newest]
Thread overview: (only message) (download: mbox.gz follow: Atom feed
-- links below jump to the message on this page --
2017-10-14 14:01 [linux-3.18 test] 114446: tolerable FAIL - PUSHED osstest service owner
This is a public inbox, see mirroring instructions
for how to clone and mirror all data and code used for this inbox;
as well as URLs for NNTP newsgroup(s).