From: osstest service owner <osstest-admin@xenproject.org>
To: xen-devel@lists.xensource.com, osstest-admin@xenproject.org
Subject: [linux-4.9 test] 114469: tolerable FAIL - PUSHED
Date: Sun, 15 Oct 2017 00:58:35 +0000 [thread overview]
Message-ID: <osstest-114469-mainreport@xen.org> (raw)
[-- Attachment #1: Type: text/plain, Size: 26896 bytes --]
flight 114469 linux-4.9 real [real]
http://logs.test-lab.xenproject.org/osstest/logs/114469/
Failures :-/ but no regressions.
Regressions which are regarded as allowable (not blocking):
test-amd64-amd64-xl-qemut-win7-amd64 17 guest-stop fail REGR. vs. 114036
Tests which did not succeed, but are not blocking:
test-amd64-i386-xl-qemuu-win7-amd64 17 guest-stop fail like 114036
test-amd64-i386-xl-qemut-win7-amd64 17 guest-stop fail like 114036
test-amd64-amd64-xl-rtds 10 debian-install fail like 114036
test-amd64-amd64-xl-pvhv2-intel 12 guest-start fail never pass
test-amd64-amd64-xl-pvhv2-amd 12 guest-start fail never pass
test-amd64-amd64-libvirt 13 migrate-support-check fail never pass
test-amd64-amd64-libvirt-xsm 13 migrate-support-check fail never pass
test-amd64-amd64-xl-qemuu-ws16-amd64 10 windows-install fail never pass
test-amd64-i386-libvirt-xsm 13 migrate-support-check fail never pass
test-amd64-i386-libvirt 13 migrate-support-check fail never pass
test-amd64-amd64-xl-qemut-ws16-amd64 10 windows-install fail never pass
test-amd64-amd64-libvirt-qemuu-debianhvm-amd64-xsm 11 migrate-support-check fail never pass
test-amd64-i386-libvirt-qcow2 12 migrate-support-check fail never pass
test-amd64-i386-libvirt-qemuu-debianhvm-amd64-xsm 11 migrate-support-check fail never pass
test-armhf-armhf-xl-arndale 13 migrate-support-check fail never pass
test-armhf-armhf-xl-arndale 14 saverestore-support-check fail never pass
test-amd64-amd64-libvirt-vhd 12 migrate-support-check fail never pass
test-amd64-amd64-qemuu-nested-amd 17 debian-hvm-install/l1/l2 fail never pass
test-armhf-armhf-libvirt 13 migrate-support-check fail never pass
test-armhf-armhf-libvirt 14 saverestore-support-check fail never pass
test-armhf-armhf-xl-xsm 13 migrate-support-check fail never pass
test-armhf-armhf-xl-xsm 14 saverestore-support-check fail never pass
test-armhf-armhf-xl-cubietruck 13 migrate-support-check fail never pass
test-armhf-armhf-xl-cubietruck 14 saverestore-support-check fail never pass
test-armhf-armhf-xl-multivcpu 13 migrate-support-check fail never pass
test-armhf-armhf-xl-multivcpu 14 saverestore-support-check fail never pass
test-armhf-armhf-xl-credit2 13 migrate-support-check fail never pass
test-armhf-armhf-xl-credit2 14 saverestore-support-check fail never pass
test-amd64-i386-xl-qemuu-ws16-amd64 13 guest-saverestore fail never pass
test-amd64-i386-xl-qemut-ws16-amd64 13 guest-saverestore fail never pass
test-armhf-armhf-libvirt-raw 12 migrate-support-check fail never pass
test-armhf-armhf-libvirt-raw 13 saverestore-support-check fail never pass
test-armhf-armhf-xl-rtds 13 migrate-support-check fail never pass
test-armhf-armhf-xl-rtds 14 saverestore-support-check fail never pass
test-armhf-armhf-xl-vhd 12 migrate-support-check fail never pass
test-armhf-armhf-xl-vhd 13 saverestore-support-check fail never pass
test-armhf-armhf-libvirt-xsm 13 migrate-support-check fail never pass
test-armhf-armhf-libvirt-xsm 14 saverestore-support-check fail never pass
test-amd64-i386-xl-qemut-win10-i386 10 windows-install fail never pass
test-amd64-amd64-xl-qemuu-win10-i386 10 windows-install fail never pass
test-amd64-amd64-xl-qemut-win10-i386 10 windows-install fail never pass
test-amd64-i386-xl-qemuu-win10-i386 10 windows-install fail never pass
test-armhf-armhf-xl 13 migrate-support-check fail never pass
test-armhf-armhf-xl 14 saverestore-support-check fail never pass
version targeted for testing:
linux 9d36d3eff2f85efad0a3b0c6031081654ae33928
baseline version:
linux 1852eae92c460813692808234da35d142a405ab7
Last test of basis 114036 2017-10-05 08:21:13 Z 9 days
Failing since 114134 2017-10-08 09:26:45 Z 6 days 6 attempts
Testing same since 114469 2017-10-13 12:50:00 Z 1 days 1 attempts
------------------------------------------------------------
People who touched revisions under test:
Aaron Armstrong Skomra <aaron.skomra@wacom.com>
Aaron Armstrong Skomra <skomra@gmail.com>
Aaron Brown <aaron.f.brown@intel.com>
Abhishek Shah <abhishek.shah@broadcom.com>
Adrian Salido <salidoa@google.com>
Afzal Mohammed <afzal.mohd.ma@gmail.com>
Alan Stern <stern@rowland.harvard.edu>
Alden Tondettar <alden.tondettar@gmail.com>
Alexander Potapenko <glider@google.com>
Alexander Shishkin <alexander.shishkin@linux.intel.com>
Alexandre Belloni <alexandre.belloni@free-electrons.com>
Alexei Starovoitov <ast@kernel.org>
Alexey Brodkin <abrodkin@synopsys.com>
Alexey Brodkin <Alexey.Brodkin@synopsys.com>
Alexey Kodanev <alexey.kodanev@oracle.com>
Amir Goldstein <amir73il@gmail.com>
Andreas Klinger <ak@it-klinger.de>
Andrew Morton <akpm@linux-foundation.org>
Andrey Konovalov <andreyknvl@google.com>
Anna Schumaker <Anna.Schumaker@Netapp.com>
Ansis Atteka <aatteka@ovn.org>
Archit Taneja <architt@codeaurora.org>
Ard Biesheuvel <ard.biesheuvel@linaro.org>
Arend van Spriel <arend.vanspriel@broadcom.com>
Arnd Bergmann <arnd@arndb.de>
Arvind Yadav <arvind.yadav.cs@gmail.com>
Axel Köllhofer <AxelKoellhofer@web.de>
Balbir Singh <bsingharora@gmail.com>
Bart Van Assche <bart.vanassche@sandisk.com>
Bartlomiej Zolnierkiewicz <b.zolnierkie@samsung.com>
Bartosz Golaszewski <bgolaszewski@baylibre.com>
Benjamin Tissoires <benjamin.tissoires@redhat.com>
Bjørn Mork <bjorn@mork.no>
Bob Peterson <rpeterso@redhat.com>
Breno Leitao <leitao@debian.org>
Brian Starkey <brian.starkey@arm.com>
Casey Schaufler <casey@schaufler-ca.com>
Chanho Min <chanho.min@lge.com>
Chanwoo Choi <cw00.choi@samsung.com>
Charles Keepax <ckeepax@opensource.wolfsonmicro.com>
Chen-Yu Tsai <wens@csie.org>
Christian Lamparter <chunkeey@googlemail.com>
Christoph Hellwig <hch@lst.de>
Christoph Paasch <cpaasch@apple.com>
Christophe JAILLET <christophe.jaillet@wanadoo.fr>
Colin Ian King <colin.king@canonical.com>
Colin Parker <colin.parker@aclima.io>
Cyril Bur <cyrilbur@gmail.com>
Dan Carpenter <dan.carpenter@oracle.com>
Daniel Borkmann <daniel@iogearbox.net>
Daniel Drake <dan@reactivated.net>
Daniel Vetter <daniel.vetter@ffwll.ch>
Darrick J. Wong <darrick.wong@oracle.com>
David E. Box <david.e.box@linux.intel.com>
David S. Miller <davem@davemloft.net>
David Sterba <dsterba@suse.com>
Davide Caratti <dcaratti@redhat.com>
Dmitry Fleytman <dmitry@daynix.com>
Dmitry Torokhov <dmitry.torokhov@gmail.com>
Don Brace <don.brace@microsemi.com>
Dou Liyang <douly.fnst@cn.fujitsu.com>
Doug Ledford <dledford@redhat.com>
Dragos Bogdan <dragos.bogdan@analog.com>
Edward Cree <ecree@solarflare.com>
Erez Shitrit <erezsh@mellanox.com>
Eric Dumazet <edumazet@googl.com>
Eric Dumazet <edumazet@google.com>
Fahad Kunnathadi <fahad.kunnathadi@dexceldesigns.com>
Felipe Balbi <felipe.balbi@linux.intel.com>
Feras Daoud <ferasda@mellanox.com>
Florian Fainelli <f.fainelli@gmail.com>
Gerald Schaefer <gerald.schaefer@de.ibm.com>
Greg Kroah-Hartman <gregkh@linuxfoundation.org>
Guenter Roeck <groeck@chromium.org>
Guenter Roeck <linux@roeck-us.net>
Guilherme G Piccoli <gpiccoli@linux.vnet.ibm.com>
Guillaume Nault <g.nault@alphalink.fr>
Guneshwor Singh <guneshwor.o.singh@intel.com>
Gustavo Romero <gromero@linux.vnet.ibm.com>
Gwendal Grignou <gwendal@chromium.org>
Hankyung Yu <hankyung.yu@lge.com>
Hans de Goede <hdegoede@redhat.com>
Heiner Kallweit <hkallweit1@gmail.com>
Helge Deller <deller@gmx.de>
Helmut Klein <hgkr.klein@gmail.com>
Hillf Danton <hillf.zj@alibaba-inc.com>
Ido Schimmel <idosch@mellanox.com>
Ingo Molnar <mingo@kernel.org>
Ira Weiny <ira.weiny@intel.com>
Jaegeuk Kim <jaegeuk@kernel.org>
James Liao <jamesjj.liao@mediatek.com>
James Morris <james.l.morris@oracle.com>
Jan Kara <jack@suse.cz>
Jani Nikula <jani.nikula@intel.com>
Jarkko Nikula <jarkko.nikula@linux.intel.com>
Jason A. Donenfeld <Jason@zx2c4.com>
Jason Gerecke <jason.gerecke@wacom.com>
Jason Gerecke <killertofu@gmail.com>
Jason Yan <yanaijie@huawei.com>
Javier Martinez Canillas <javier@osg.samsung.com>
Jeff Kirsher <jeffrey.t.kirsher@intel.com>
Jens Axboe <axboe@fb.com>
Jerome Brunet <jbrunet@baylibre.com>
Jes Sorensen <Jes.Sorensen@gmail.com>
Jiancheng Xue <xuejiancheng@hisilicon.com>
Jim Dickerson <jim.dickerson@hpe.com>
Jiri Kosina <jkosina@suse.cz>
Jiri Pirko <jiri@mellanox.com>
Jitendra Bhivare <jitendra.bhivare@broadcom.com>
Joerg Roedel <jroedel@suse.de>
Johan Hovold <johan@kernel.org>
Johannes Weiner <hannes@cmpxchg.org>
John Crispin <john@phrozen.org>
Jon Mason <jon.mason@broadcom.com>
Jonathan Cameron <jic23@kernel.org>
Jonathan Cameron <Jonathan.Cameron@huawei.com>
Jose Abreu <joabreu@synopsys.com>
Jose Abreu <Jose.Abreu@synopsys.com>
Jose Marino <marinoj@nso.edu>
Juerg Haefliger <juerg.haefliger@hpe.com>
K. Y. Srinivasan <kys@microsoft.com>
Kai-Heng Feng <kai.heng.feng@canonical.com>
Kalle Valo <kvalo@codeaurora.org>
Kalle Valo <kvalo@qca.qualcomm.com>
Kees Cook <keescook@chromium.org>
Konstantin Khlebnikov <khlebnikov@yandex-team.ru>
Kris Lindgren <kris.lindgren@gmail.com>
Kristian H. Kristensen <hoegsberg@gmail.com>
Kristian H. Kristensen <hoegsberg@google.com>
Krzysztof HaÅasa <khalasa@piap.pl>
Krzysztof Kozlowski <krzk@kernel.org>
Lars-Peter Clausen <lars@metafoo.de>
Laurent Dufour <ldufour@linux.vnet.ibm.com>
Len Brown <len.brown@intel.com>
Leon Romanovsky <leon@kernel.org>
Li Jun <jun.li@nxp.com>
Linus Torvalds <torvalds@linux-foundation.org>
Linus Walleij <linus.walleij@linaro.org>
Liping Zhang <zlpnobody@gmail.com>
Liu Bo <bo.li.liu@oracle.com>
Liviu Dudau <Liviu.Dudau@arm.com>
Luca Coelho <luciano.coelho@intel.com>
Ludovic Desroches <ludovic.desroches@microchip.com>
Lukas Wunner <lukas@wunner.de>
Lutz Sammer <johns98@gmx.net>
Marcin Niestroj <m.niestroj@grinn-global.com>
Marek Szyprowski <m.szyprowski@samsung.com>
Mark Brown <broonie@kernel.org>
Mark Rutland <mark.rutland@arm.com>
Martin K. Petersen <martin.petersen@oracle.com>
Martin Schwidefsky <schwidefsky@de.ibm.com>
Mathias Nyman <mathias.nyman@linux.intel.com>
Matt Fornero <matt.fornero@mathworks.com>
Matt Redfearn <matt.redfearn@imgtec.com>
Matthew Whitehead <tedheadster@gmail.com>
Matthias Brugger <matthias.bgg@gmail.com>
Matthieu Robin <matthieu@macolu.org>
Matwey V. Kornilov <matwey@sai.msu.ru>
Mauro Carvalho Chehab <mchehab@s-opensource.com>
Maxime Ripard <maxime.ripard@free-electrons.com>
Meng Xu <mengxu.gatech@gmail.com>
Michael Ellerman <mpe@ellerman.id.au>
Michael Hennerich <michael.hennerich@analog.com>
Michael Turquette <mturquette@baylibre.com>
Michal Hocko <mhocko@suse.com>
Michal Kazior <michal.kazior@tieto.com>
Michal Nazarewicz <mina86@mina86.com>
Mike Galbraith <efault@gmx.de>
Mike Kravetz <mike.kravetz@oracle.com>
Miklos Szeredi <mszeredi@redhat.com>
Myungho Jung <mhjungk@gmail.com>
Nagaraju, Vathsala <vathsala.nagaraju@intel.com>
Nathan Fontenot <nfont@linux.vnet.ibm.com>
Neal Cardwell <ncardwell@google.com>
Nicholas Mc Guire <hofrat@osadl.org>
Nicolai Stange <nstange@suse.de>
Nicolas Ferre <nicolas.ferre@microchip.com>
Nicolas Pitre <nico@linaro.org>
Niklas Söderlund <niklas.soderlund+renesas@ragnatech.se>
Nikolay Aleksandrov <nikolay@cumulusnetworks.com>
Oded Gabbay <oded.gabbay@gmail.com>
Olaf Hering <olaf@aepfle.de>
Oleksandr Tyshchenko <oleksandr_tyshchenko@epam.com>
Oliver Neukum <oneukum@suse.com>
Ondrej Jirman <megous@megous.com>
Ondrej Zary <linux@rainbow-software.org>
Pablo Neira Ayuso <pablo@netfilter.org>
Pan Bian <bianpan2016@163.com>
Paolo Bonzini <pbonzini@redhat.com>
Parthasarathy Bhuvaragan <parthasarathy.bhuvaragan@ericsson.com>
Paul Burton <paul.burton@imgtec.com>
Paul Moore <paul@paul-moore.com>
Peter Chen <peter.chen@nxp.com>
Peter V. Saveliev <peter@svinota.eu>
Peter Zijlstra (Intel) <peterz@infradead.org>
Peter Zijlstra <peterz@infradead.org>
Philipp Zabel <p.zabel@pengutronix.de>
Ping Cheng <ping.cheng@wacom.com>
Ping Cheng <pinglinux@gmail.com>
Radim KrÄmáŠ<rkrcmar@redhat.com>
Rafael J. Wysocki <rafael.j.wysocki@intel.com>
Ralf Baechle <ralf@linux-mips.org>
Randy Dunlap <rdunlap@infradead.org>
Richard Guy Briggs <rgb@redhat.com>
Ridge Kennedy <ridge.kennedy@alliedtelesis.co.nz>
Rob Herring <robh@kernel.org>
Rodrigo Vivi <rodrigo.vivi@intel.com>
Roman SpychaÅa <roed@onet.eu>
Roopa Prabhu <roopa@cumulusnetworks.com>
Russell King <rmk+kernel@arm.linux.org.uk>
Sabrina Dubroca <sd@queasysnail.net>
Sagi Grimberg <sagi@grimberg.me>
Santosh Shilimkar <santosh.shilimkar@oracle.com>
Sasha Levin <alexander.levin@verizon.com>
Sebastian Reichel <sre@kernel.org>
Sergey Senozhatsky <sergey.senozhatsky.work@gmail.com>
Sergey Senozhatsky <sergey.senozhatsky@gmail.com>
Shaohua Li <shli@fb.com>
Shu Wang <shuwang@redhat.com>
Simon Horman <horms+renesas@verge.net.au>
Soheil Hassas Yeganeh <soheil@google.com>
Sricharan R <sricharan@codeaurora.org>
Stefan Popa <stefan.popa@analog.com>
Stefan Wahren <stefan.wahren@i2se.com>
Stephen Boyd <stephen.boyd@linaro.org>
Steven Rostedt (VMware) <rostedt@goodmis.org>
Subash Abhinov Kasiviswanathan <subashab@codeaurora.org>
Sudarsana Reddy Kalluru <Sudarsana.Kalluru@cavium.com>
sudarsana.kalluru@cavium.com <sudarsana.kalluru@cavium.com>
Sylwester Nawrocki <s.nawrocki@samsung.com>
Takashi Iwai <tiwai@suse.de>
Takashi Sakamoto <o-takashi@sakamocchi.jp>
Tejun Heo <tj@kernel.org>
Theodore Ts'o <tytso@mit.edu>
Thibault Saunier <thibault.saunier@osg.samsung.com>
Thomas Gleixner <tglx@linutronix.de>
Timur Tabi <timur@codeaurora.org>
Tony Lindgren <tony@atomide.com>
Ulf Hansson <ulf.hansson@linaro.org>
Vathsala Nagaraju <vathsala.nagaraju@intel.com>
Ville Syrjälä <ville.syrjala@linux.intel.com>
Viresh Kumar <viresh.kumar@linaro.org>
Will Deacon <will.deacon@arm.com>
Willem de Bruijn <willemb@google.com>
Wolfram Sang <wsa@the-dreams.de>
Xiaolong Ye <xiaolong.ye@intel.com>
Xin Long <lucien.xin@gmail.com>
Yonghong Song <yhs@fb.com>
Yoshihiro Shimoda <yoshihiro.shimoda.uh@renesas.com>
Yotam Gigi <yotamg@mellanox.com>
Yuchung Cheng <ycheng@google.com>
Yuval Mintz <Yuval.Mintz@cavium.com>
Yuval Mintz <yuvalm@mellanox.com>
Zhu Yanjun <yanjun.zhu@oracle.com>
jobs:
build-amd64-xsm pass
build-armhf-xsm pass
build-i386-xsm pass
build-amd64 pass
build-armhf pass
build-i386 pass
build-amd64-libvirt pass
build-armhf-libvirt pass
build-i386-libvirt pass
build-amd64-pvops pass
build-armhf-pvops pass
build-i386-pvops pass
build-amd64-rumprun pass
build-i386-rumprun pass
test-amd64-amd64-xl pass
test-armhf-armhf-xl pass
test-amd64-i386-xl pass
test-amd64-amd64-xl-qemut-debianhvm-amd64-xsm pass
test-amd64-i386-xl-qemut-debianhvm-amd64-xsm pass
test-amd64-amd64-libvirt-qemuu-debianhvm-amd64-xsm pass
test-amd64-i386-libvirt-qemuu-debianhvm-amd64-xsm pass
test-amd64-amd64-xl-qemuu-debianhvm-amd64-xsm pass
test-amd64-i386-xl-qemuu-debianhvm-amd64-xsm pass
test-amd64-amd64-xl-qemut-stubdom-debianhvm-amd64-xsm pass
test-amd64-i386-xl-qemut-stubdom-debianhvm-amd64-xsm pass
test-amd64-amd64-libvirt-xsm pass
test-armhf-armhf-libvirt-xsm pass
test-amd64-i386-libvirt-xsm pass
test-amd64-amd64-xl-xsm pass
test-armhf-armhf-xl-xsm pass
test-amd64-i386-xl-xsm pass
test-amd64-amd64-qemuu-nested-amd fail
test-amd64-amd64-xl-pvhv2-amd fail
test-amd64-i386-qemut-rhel6hvm-amd pass
test-amd64-i386-qemuu-rhel6hvm-amd pass
test-amd64-amd64-xl-qemut-debianhvm-amd64 pass
test-amd64-i386-xl-qemut-debianhvm-amd64 pass
test-amd64-amd64-xl-qemuu-debianhvm-amd64 pass
test-amd64-i386-xl-qemuu-debianhvm-amd64 pass
test-amd64-i386-freebsd10-amd64 pass
test-amd64-amd64-xl-qemuu-ovmf-amd64 pass
test-amd64-i386-xl-qemuu-ovmf-amd64 pass
test-amd64-amd64-rumprun-amd64 pass
test-amd64-amd64-xl-qemut-win7-amd64 fail
test-amd64-i386-xl-qemut-win7-amd64 fail
test-amd64-amd64-xl-qemuu-win7-amd64 pass
test-amd64-i386-xl-qemuu-win7-amd64 fail
test-amd64-amd64-xl-qemut-ws16-amd64 fail
test-amd64-i386-xl-qemut-ws16-amd64 fail
test-amd64-amd64-xl-qemuu-ws16-amd64 fail
test-amd64-i386-xl-qemuu-ws16-amd64 fail
test-armhf-armhf-xl-arndale pass
test-amd64-amd64-xl-credit2 pass
test-armhf-armhf-xl-credit2 pass
test-armhf-armhf-xl-cubietruck pass
test-amd64-amd64-examine pass
test-armhf-armhf-examine pass
test-amd64-i386-examine pass
test-amd64-i386-freebsd10-i386 pass
test-amd64-i386-rumprun-i386 pass
test-amd64-amd64-xl-qemut-win10-i386 fail
test-amd64-i386-xl-qemut-win10-i386 fail
test-amd64-amd64-xl-qemuu-win10-i386 fail
test-amd64-i386-xl-qemuu-win10-i386 fail
test-amd64-amd64-qemuu-nested-intel pass
test-amd64-amd64-xl-pvhv2-intel fail
test-amd64-i386-qemut-rhel6hvm-intel pass
test-amd64-i386-qemuu-rhel6hvm-intel pass
test-amd64-amd64-libvirt pass
test-armhf-armhf-libvirt pass
test-amd64-i386-libvirt pass
test-amd64-amd64-xl-multivcpu pass
test-armhf-armhf-xl-multivcpu pass
test-amd64-amd64-pair pass
test-amd64-i386-pair pass
test-amd64-amd64-libvirt-pair pass
test-amd64-i386-libvirt-pair pass
test-amd64-amd64-amd64-pvgrub pass
test-amd64-amd64-i386-pvgrub pass
test-amd64-amd64-pygrub pass
test-amd64-i386-libvirt-qcow2 pass
test-amd64-amd64-xl-qcow2 pass
test-armhf-armhf-libvirt-raw pass
test-amd64-i386-xl-raw pass
test-amd64-amd64-xl-rtds fail
test-armhf-armhf-xl-rtds pass
test-amd64-amd64-libvirt-vhd pass
test-armhf-armhf-xl-vhd pass
------------------------------------------------------------
sg-report-flight on osstest.test-lab.xenproject.org
logs: /home/logs/logs
images: /home/logs/images
Logs, config files, etc. are available at
http://logs.test-lab.xenproject.org/osstest/logs
Explanation of these reports, and of osstest in general, is at
http://xenbits.xen.org/gitweb/?p=osstest.git;a=blob;f=README.email;hb=master
http://xenbits.xen.org/gitweb/?p=osstest.git;a=blob;f=README;hb=master
Test harness code can be found at
http://xenbits.xen.org/gitweb?p=osstest.git;a=summary
Pushing revision :
+ branch=linux-4.9
+ revision=9d36d3eff2f85efad0a3b0c6031081654ae33928
+ . ./cri-lock-repos
++ . ./cri-common
+++ . ./cri-getconfig
++++ export PERLLIB=.:.
++++ PERLLIB=.:.
+++ umask 002
+++ getrepos
++++ getconfig Repos
++++ perl -e '
use Osstest;
readglobalconfig();
print $c{"Repos"} or die $!;
'
+++ local repos=/home/osstest/repos
+++ '[' -z /home/osstest/repos ']'
+++ '[' '!' -d /home/osstest/repos ']'
+++ echo /home/osstest/repos
++ repos=/home/osstest/repos
++ repos_lock=/home/osstest/repos/lock
++ '[' x '!=' x/home/osstest/repos/lock ']'
++ OSSTEST_REPOS_LOCK_LOCKED=/home/osstest/repos/lock
++ exec with-lock-ex -w /home/osstest/repos/lock ./ap-push linux-4.9 9d36d3eff2f85efad0a3b0c6031081654ae33928
+ branch=linux-4.9
+ revision=9d36d3eff2f85efad0a3b0c6031081654ae33928
+ . ./cri-lock-repos
++ . ./cri-common
+++ . ./cri-getconfig
++++ export PERLLIB=.:.:.
++++ PERLLIB=.:.:.
+++ umask 002
+++ getrepos
++++ getconfig Repos
++++ perl -e '
use Osstest;
readglobalconfig();
print $c{"Repos"} or die $!;
'
+++ local repos=/home/osstest/repos
+++ '[' -z /home/osstest/repos ']'
+++ '[' '!' -d /home/osstest/repos ']'
+++ echo /home/osstest/repos
++ repos=/home/osstest/repos
++ repos_lock=/home/osstest/repos/lock
++ '[' x/home/osstest/repos/lock '!=' x/home/osstest/repos/lock ']'
+ . ./cri-common
++ . ./cri-getconfig
+++ export PERLLIB=.:.:.:.
+++ PERLLIB=.:.:.:.
++ umask 002
+ select_xenbranch
+ case "$branch" in
+ tree=linux
+ xenbranch=xen-unstable
+ '[' xlinux = xlinux ']'
+ linuxbranch=linux-4.9
+ '[' x = x ']'
+ qemuubranch=qemu-upstream-unstable
+ select_prevxenbranch
++ ./cri-getprevxenbranch xen-unstable
+ prevxenbranch=xen-4.9-testing
+ '[' x9d36d3eff2f85efad0a3b0c6031081654ae33928 = x ']'
+ : tested/2.6.39.x
+ . ./ap-common
++ : osstest@xenbits.xen.org
+++ getconfig OsstestUpstream
+++ perl -e '
use Osstest;
readglobalconfig();
print $c{"OsstestUpstream"} or die $!;
'
++ :
++ : git://xenbits.xen.org/xen.git
++ : osstest@xenbits.xen.org:/home/xen/git/xen.git
++ : git://xenbits.xen.org/qemu-xen-traditional.git
++ : git://git.kernel.org
++ : git://git.kernel.org/pub/scm/linux/kernel/git
++ : git
++ : git://xenbits.xen.org/xtf.git
++ : osstest@xenbits.xen.org:/home/xen/git/xtf.git
++ : git://xenbits.xen.org/xtf.git
++ : git://xenbits.xen.org/libvirt.git
++ : osstest@xenbits.xen.org:/home/xen/git/libvirt.git
++ : git://xenbits.xen.org/libvirt.git
++ : git://xenbits.xen.org/osstest/rumprun.git
++ : git
++ : git://xenbits.xen.org/osstest/rumprun.git
++ : osstest@xenbits.xen.org:/home/xen/git/osstest/rumprun.git
++ : git://git.seabios.org/seabios.git
++ : osstest@xenbits.xen.org:/home/xen/git/osstest/seabios.git
++ : git://xenbits.xen.org/osstest/seabios.git
++ : https://github.com/tianocore/edk2.git
++ : osstest@xenbits.xen.org:/home/xen/git/osstest/ovmf.git
++ : git://xenbits.xen.org/osstest/ovmf.git
++ : git://xenbits.xen.org/osstest/linux-firmware.git
++ : osstest@xenbits.xen.org:/home/osstest/ext/linux-firmware.git
++ : git://git.kernel.org/pub/scm/linux/kernel/git/firmware/linux-firmware.git
++ : osstest@xenbits.xen.org:/home/xen/git/linux-pvops.git
++ : git://xenbits.xen.org/linux-pvops.git
++ : tested/linux-4.9
++ : tested/linux-arm-xen
++ '[' xgit://git.kernel.org/pub/scm/linux/kernel/git/stable/linux-stable.git = x ']'
++ '[' xgit://git.kernel.org/pub/scm/linux/kernel/git/stable/linux-stable.git = x ']'
++ : git://git.kernel.org/pub/scm/linux/kernel/git/konrad/xen.git
++ : tested/2.6.39.x
++ : daily-cron.linux-4.9
++ : daily-cron.linux-4.9
++ : daily-cron.linux-4.9
++ : daily-cron.linux-4.9
++ : daily-cron.linux-4.9
++ : daily-cron.linux-4.9
++ : daily-cron.linux-4.9
++ : http://hg.uk.xensource.com/carbon/trunk/linux-2.6.27
++ : git://xenbits.xen.org/qemu-xen.git
++ : osstest@xenbits.xen.org:/home/xen/git/qemu-xen.git
++ : daily-cron.linux-4.9
++ : git://xenbits.xen.org/qemu-xen.git
++ : git://git.qemu.org/qemu.git
+ TREE_LINUX=osstest@xenbits.xen.org:/home/xen/git/linux-pvops.git
+ TREE_QEMU_UPSTREAM=osstest@xenbits.xen.org:/home/xen/git/qemu-xen.git
+ TREE_XEN=osstest@xenbits.xen.org:/home/xen/git/xen.git
+ TREE_LIBVIRT=osstest@xenbits.xen.org:/home/xen/git/libvirt.git
+ TREE_RUMPRUN=osstest@xenbits.xen.org:/home/xen/git/osstest/rumprun.git
+ TREE_SEABIOS=osstest@xenbits.xen.org:/home/xen/git/osstest/seabios.git
+ TREE_OVMF=osstest@xenbits.xen.org:/home/xen/git/osstest/ovmf.git
+ TREE_XTF=osstest@xenbits.xen.org:/home/xen/git/xtf.git
+ info_linux_tree linux-4.9
+ case $1 in
+ : git://git.kernel.org/pub/scm/linux/kernel/git/stable/linux-stable.git
+ : linux-4.9.y
+ : linux-4.9.y
+ : git
+ : git
+ : git://xenbits.xen.org/linux-pvops.git
+ : osstest@xenbits.xen.org:/home/xen/git/linux-pvops.git
+ : tested/linux-4.9
+ : refs/heads/tested/linux-4.9
+ return 0
+ cd /home/osstest/repos/linux
+ git push osstest@xenbits.xen.org:/home/xen/git/linux-pvops.git 9d36d3eff2f85efad0a3b0c6031081654ae33928:refs/heads/tested/linux-4.9
To osstest@xenbits.xen.org:/home/xen/git/linux-pvops.git
1852eae..9d36d3e 9d36d3eff2f85efad0a3b0c6031081654ae33928 -> tested/linux-4.9
+ exit 0
[-- Attachment #2: Type: text/plain, Size: 127 bytes --]
_______________________________________________
Xen-devel mailing list
Xen-devel@lists.xen.org
https://lists.xen.org/xen-devel
reply other threads:[~2017-10-15 0:58 UTC|newest]
Thread overview: [no followups] expand[flat|nested] mbox.gz Atom feed
Reply instructions:
You may reply publicly to this message via plain-text email
using any one of the following methods:
* Save the following mbox file, import it into your mail client,
and reply-to-all from there: mbox
Avoid top-posting and favor interleaved quoting:
https://en.wikipedia.org/wiki/Posting_style#Interleaved_style
* Reply using the --to, --cc, and --in-reply-to
switches of git-send-email(1):
git send-email \
--in-reply-to=osstest-114469-mainreport@xen.org \
--to=osstest-admin@xenproject.org \
--cc=xen-devel@lists.xensource.com \
/path/to/YOUR_REPLY
https://kernel.org/pub/software/scm/git/docs/git-send-email.html
* If your mail client supports setting the In-Reply-To header
via mailto: links, try the mailto: link
Be sure your reply has a Subject: header at the top and a blank line
before the message body.
This is a public inbox, see mirroring instructions
for how to clone and mirror all data and code used for this inbox;
as well as URLs for NNTP newsgroup(s).