From mboxrd@z Thu Jan 1 00:00:00 1970 From: osstest service owner Subject: [linux-4.9 test] 114469: tolerable FAIL - PUSHED Date: Sun, 15 Oct 2017 00:58:35 +0000 Message-ID: Mime-Version: 1.0 Content-Type: multipart/mixed; boundary="===============0603159742021187951==" Return-path: List-Unsubscribe: , List-Post: List-Help: List-Subscribe: , Errors-To: xen-devel-bounces@lists.xen.org Sender: "Xen-devel" To: xen-devel@lists.xensource.com, osstest-admin@xenproject.org List-Id: xen-devel@lists.xenproject.org --===============0603159742021187951== Content-Type: text/plain flight 114469 linux-4.9 real [real] http://logs.test-lab.xenproject.org/osstest/logs/114469/ Failures :-/ but no regressions. Regressions which are regarded as allowable (not blocking): test-amd64-amd64-xl-qemut-win7-amd64 17 guest-stop fail REGR. vs. 114036 Tests which did not succeed, but are not blocking: test-amd64-i386-xl-qemuu-win7-amd64 17 guest-stop fail like 114036 test-amd64-i386-xl-qemut-win7-amd64 17 guest-stop fail like 114036 test-amd64-amd64-xl-rtds 10 debian-install fail like 114036 test-amd64-amd64-xl-pvhv2-intel 12 guest-start fail never pass test-amd64-amd64-xl-pvhv2-amd 12 guest-start fail never pass test-amd64-amd64-libvirt 13 migrate-support-check fail never pass test-amd64-amd64-libvirt-xsm 13 migrate-support-check fail never pass test-amd64-amd64-xl-qemuu-ws16-amd64 10 windows-install fail never pass test-amd64-i386-libvirt-xsm 13 migrate-support-check fail never pass test-amd64-i386-libvirt 13 migrate-support-check fail never pass test-amd64-amd64-xl-qemut-ws16-amd64 10 windows-install fail never pass test-amd64-amd64-libvirt-qemuu-debianhvm-amd64-xsm 11 migrate-support-check fail never pass test-amd64-i386-libvirt-qcow2 12 migrate-support-check fail never pass test-amd64-i386-libvirt-qemuu-debianhvm-amd64-xsm 11 migrate-support-check fail never pass test-armhf-armhf-xl-arndale 13 migrate-support-check fail never pass test-armhf-armhf-xl-arndale 14 saverestore-support-check fail never pass test-amd64-amd64-libvirt-vhd 12 migrate-support-check fail never pass test-amd64-amd64-qemuu-nested-amd 17 debian-hvm-install/l1/l2 fail never pass test-armhf-armhf-libvirt 13 migrate-support-check fail never pass test-armhf-armhf-libvirt 14 saverestore-support-check fail never pass test-armhf-armhf-xl-xsm 13 migrate-support-check fail never pass test-armhf-armhf-xl-xsm 14 saverestore-support-check fail never pass test-armhf-armhf-xl-cubietruck 13 migrate-support-check fail never pass test-armhf-armhf-xl-cubietruck 14 saverestore-support-check fail never pass test-armhf-armhf-xl-multivcpu 13 migrate-support-check fail never pass test-armhf-armhf-xl-multivcpu 14 saverestore-support-check fail never pass test-armhf-armhf-xl-credit2 13 migrate-support-check fail never pass test-armhf-armhf-xl-credit2 14 saverestore-support-check fail never pass test-amd64-i386-xl-qemuu-ws16-amd64 13 guest-saverestore fail never pass test-amd64-i386-xl-qemut-ws16-amd64 13 guest-saverestore fail never pass test-armhf-armhf-libvirt-raw 12 migrate-support-check fail never pass test-armhf-armhf-libvirt-raw 13 saverestore-support-check fail never pass test-armhf-armhf-xl-rtds 13 migrate-support-check fail never pass test-armhf-armhf-xl-rtds 14 saverestore-support-check fail never pass test-armhf-armhf-xl-vhd 12 migrate-support-check fail never pass test-armhf-armhf-xl-vhd 13 saverestore-support-check fail never pass test-armhf-armhf-libvirt-xsm 13 migrate-support-check fail never pass test-armhf-armhf-libvirt-xsm 14 saverestore-support-check fail never pass test-amd64-i386-xl-qemut-win10-i386 10 windows-install fail never pass test-amd64-amd64-xl-qemuu-win10-i386 10 windows-install fail never pass test-amd64-amd64-xl-qemut-win10-i386 10 windows-install fail never pass test-amd64-i386-xl-qemuu-win10-i386 10 windows-install fail never pass test-armhf-armhf-xl 13 migrate-support-check fail never pass test-armhf-armhf-xl 14 saverestore-support-check fail never pass version targeted for testing: linux 9d36d3eff2f85efad0a3b0c6031081654ae33928 baseline version: linux 1852eae92c460813692808234da35d142a405ab7 Last test of basis 114036 2017-10-05 08:21:13 Z 9 days Failing since 114134 2017-10-08 09:26:45 Z 6 days 6 attempts Testing same since 114469 2017-10-13 12:50:00 Z 1 days 1 attempts ------------------------------------------------------------ People who touched revisions under test: Aaron Armstrong Skomra Aaron Armstrong Skomra Aaron Brown Abhishek Shah Adrian Salido Afzal Mohammed Alan Stern Alden Tondettar Alexander Potapenko Alexander Shishkin Alexandre Belloni Alexei Starovoitov Alexey Brodkin Alexey Brodkin Alexey Kodanev Amir Goldstein Andreas Klinger Andrew Morton Andrey Konovalov Anna Schumaker Ansis Atteka Archit Taneja Ard Biesheuvel Arend van Spriel Arnd Bergmann Arvind Yadav Axel Köllhofer Balbir Singh Bart Van Assche Bartlomiej Zolnierkiewicz Bartosz Golaszewski Benjamin Tissoires Bjørn Mork Bob Peterson Breno Leitao Brian Starkey Casey Schaufler Chanho Min Chanwoo Choi Charles Keepax Chen-Yu Tsai Christian Lamparter Christoph Hellwig Christoph Paasch Christophe JAILLET Colin Ian King Colin Parker Cyril Bur Dan Carpenter Daniel Borkmann Daniel Drake Daniel Vetter Darrick J. Wong David E. Box David S. Miller David Sterba Davide Caratti Dmitry Fleytman Dmitry Torokhov Don Brace Dou Liyang Doug Ledford Dragos Bogdan Edward Cree Erez Shitrit Eric Dumazet Eric Dumazet Fahad Kunnathadi Felipe Balbi Feras Daoud Florian Fainelli Gerald Schaefer Greg Kroah-Hartman Guenter Roeck Guenter Roeck Guilherme G Piccoli Guillaume Nault Guneshwor Singh Gustavo Romero Gwendal Grignou Hankyung Yu Hans de Goede Heiner Kallweit Helge Deller Helmut Klein Hillf Danton Ido Schimmel Ingo Molnar Ira Weiny Jaegeuk Kim James Liao James Morris Jan Kara Jani Nikula Jarkko Nikula Jason A. Donenfeld Jason Gerecke Jason Gerecke Jason Yan Javier Martinez Canillas Jeff Kirsher Jens Axboe Jerome Brunet Jes Sorensen Jiancheng Xue Jim Dickerson Jiri Kosina Jiri Pirko Jitendra Bhivare Joerg Roedel Johan Hovold Johannes Weiner John Crispin Jon Mason Jonathan Cameron Jonathan Cameron Jose Abreu Jose Abreu Jose Marino Juerg Haefliger K. Y. Srinivasan Kai-Heng Feng Kalle Valo Kalle Valo Kees Cook Konstantin Khlebnikov Kris Lindgren Kristian H. Kristensen Kristian H. Kristensen Krzysztof Hałasa Krzysztof Kozlowski Lars-Peter Clausen Laurent Dufour Len Brown Leon Romanovsky Li Jun Linus Torvalds Linus Walleij Liping Zhang Liu Bo Liviu Dudau Luca Coelho Ludovic Desroches Lukas Wunner Lutz Sammer Marcin Niestroj Marek Szyprowski Mark Brown Mark Rutland Martin K. Petersen Martin Schwidefsky Mathias Nyman Matt Fornero Matt Redfearn Matthew Whitehead Matthias Brugger Matthieu Robin Matwey V. Kornilov Mauro Carvalho Chehab Maxime Ripard Meng Xu Michael Ellerman Michael Hennerich Michael Turquette Michal Hocko Michal Kazior Michal Nazarewicz Mike Galbraith Mike Kravetz Miklos Szeredi Myungho Jung Nagaraju, Vathsala Nathan Fontenot Neal Cardwell Nicholas Mc Guire Nicolai Stange Nicolas Ferre Nicolas Pitre Niklas Söderlund Nikolay Aleksandrov Oded Gabbay Olaf Hering Oleksandr Tyshchenko Oliver Neukum Ondrej Jirman Ondrej Zary Pablo Neira Ayuso Pan Bian Paolo Bonzini Parthasarathy Bhuvaragan Paul Burton Paul Moore Peter Chen Peter V. Saveliev Peter Zijlstra (Intel) Peter Zijlstra Philipp Zabel Ping Cheng Ping Cheng Radim Krčmář Rafael J. Wysocki Ralf Baechle Randy Dunlap Richard Guy Briggs Ridge Kennedy Rob Herring Rodrigo Vivi Roman Spychała Roopa Prabhu Russell King Sabrina Dubroca Sagi Grimberg Santosh Shilimkar Sasha Levin Sebastian Reichel Sergey Senozhatsky Sergey Senozhatsky Shaohua Li Shu Wang Simon Horman Soheil Hassas Yeganeh Sricharan R Stefan Popa Stefan Wahren Stephen Boyd Steven Rostedt (VMware) Subash Abhinov Kasiviswanathan Sudarsana Reddy Kalluru sudarsana.kalluru@cavium.com Sylwester Nawrocki Takashi Iwai Takashi Sakamoto Tejun Heo Theodore Ts'o Thibault Saunier Thomas Gleixner Timur Tabi Tony Lindgren Ulf Hansson Vathsala Nagaraju Ville Syrjälä Viresh Kumar Will Deacon Willem de Bruijn Wolfram Sang Xiaolong Ye Xin Long Yonghong Song Yoshihiro Shimoda Yotam Gigi Yuchung Cheng Yuval Mintz Yuval Mintz Zhu Yanjun jobs: build-amd64-xsm pass build-armhf-xsm pass build-i386-xsm pass build-amd64 pass build-armhf pass build-i386 pass build-amd64-libvirt pass build-armhf-libvirt pass build-i386-libvirt pass build-amd64-pvops pass build-armhf-pvops pass build-i386-pvops pass build-amd64-rumprun pass build-i386-rumprun pass test-amd64-amd64-xl pass test-armhf-armhf-xl pass test-amd64-i386-xl pass test-amd64-amd64-xl-qemut-debianhvm-amd64-xsm pass test-amd64-i386-xl-qemut-debianhvm-amd64-xsm pass test-amd64-amd64-libvirt-qemuu-debianhvm-amd64-xsm pass test-amd64-i386-libvirt-qemuu-debianhvm-amd64-xsm pass test-amd64-amd64-xl-qemuu-debianhvm-amd64-xsm pass test-amd64-i386-xl-qemuu-debianhvm-amd64-xsm pass test-amd64-amd64-xl-qemut-stubdom-debianhvm-amd64-xsm pass test-amd64-i386-xl-qemut-stubdom-debianhvm-amd64-xsm pass test-amd64-amd64-libvirt-xsm pass test-armhf-armhf-libvirt-xsm pass test-amd64-i386-libvirt-xsm pass test-amd64-amd64-xl-xsm pass test-armhf-armhf-xl-xsm pass test-amd64-i386-xl-xsm pass test-amd64-amd64-qemuu-nested-amd fail test-amd64-amd64-xl-pvhv2-amd fail test-amd64-i386-qemut-rhel6hvm-amd pass test-amd64-i386-qemuu-rhel6hvm-amd pass test-amd64-amd64-xl-qemut-debianhvm-amd64 pass test-amd64-i386-xl-qemut-debianhvm-amd64 pass test-amd64-amd64-xl-qemuu-debianhvm-amd64 pass test-amd64-i386-xl-qemuu-debianhvm-amd64 pass test-amd64-i386-freebsd10-amd64 pass test-amd64-amd64-xl-qemuu-ovmf-amd64 pass test-amd64-i386-xl-qemuu-ovmf-amd64 pass test-amd64-amd64-rumprun-amd64 pass test-amd64-amd64-xl-qemut-win7-amd64 fail test-amd64-i386-xl-qemut-win7-amd64 fail test-amd64-amd64-xl-qemuu-win7-amd64 pass test-amd64-i386-xl-qemuu-win7-amd64 fail test-amd64-amd64-xl-qemut-ws16-amd64 fail test-amd64-i386-xl-qemut-ws16-amd64 fail test-amd64-amd64-xl-qemuu-ws16-amd64 fail test-amd64-i386-xl-qemuu-ws16-amd64 fail test-armhf-armhf-xl-arndale pass test-amd64-amd64-xl-credit2 pass test-armhf-armhf-xl-credit2 pass test-armhf-armhf-xl-cubietruck pass test-amd64-amd64-examine pass test-armhf-armhf-examine pass test-amd64-i386-examine pass test-amd64-i386-freebsd10-i386 pass test-amd64-i386-rumprun-i386 pass test-amd64-amd64-xl-qemut-win10-i386 fail test-amd64-i386-xl-qemut-win10-i386 fail test-amd64-amd64-xl-qemuu-win10-i386 fail test-amd64-i386-xl-qemuu-win10-i386 fail test-amd64-amd64-qemuu-nested-intel pass test-amd64-amd64-xl-pvhv2-intel fail test-amd64-i386-qemut-rhel6hvm-intel pass test-amd64-i386-qemuu-rhel6hvm-intel pass test-amd64-amd64-libvirt pass test-armhf-armhf-libvirt pass test-amd64-i386-libvirt pass test-amd64-amd64-xl-multivcpu pass test-armhf-armhf-xl-multivcpu pass test-amd64-amd64-pair pass test-amd64-i386-pair pass test-amd64-amd64-libvirt-pair pass test-amd64-i386-libvirt-pair pass test-amd64-amd64-amd64-pvgrub pass test-amd64-amd64-i386-pvgrub pass test-amd64-amd64-pygrub pass test-amd64-i386-libvirt-qcow2 pass test-amd64-amd64-xl-qcow2 pass test-armhf-armhf-libvirt-raw pass test-amd64-i386-xl-raw pass test-amd64-amd64-xl-rtds fail test-armhf-armhf-xl-rtds pass test-amd64-amd64-libvirt-vhd pass test-armhf-armhf-xl-vhd pass ------------------------------------------------------------ sg-report-flight on osstest.test-lab.xenproject.org logs: /home/logs/logs images: /home/logs/images Logs, config files, etc. are available at http://logs.test-lab.xenproject.org/osstest/logs Explanation of these reports, and of osstest in general, is at http://xenbits.xen.org/gitweb/?p=osstest.git;a=blob;f=README.email;hb=master http://xenbits.xen.org/gitweb/?p=osstest.git;a=blob;f=README;hb=master Test harness code can be found at http://xenbits.xen.org/gitweb?p=osstest.git;a=summary Pushing revision : + branch=linux-4.9 + revision=9d36d3eff2f85efad0a3b0c6031081654ae33928 + . ./cri-lock-repos ++ . ./cri-common +++ . ./cri-getconfig ++++ export PERLLIB=.:. ++++ PERLLIB=.:. +++ umask 002 +++ getrepos ++++ getconfig Repos ++++ perl -e ' use Osstest; readglobalconfig(); print $c{"Repos"} or die $!; ' +++ local repos=/home/osstest/repos +++ '[' -z /home/osstest/repos ']' +++ '[' '!' -d /home/osstest/repos ']' +++ echo /home/osstest/repos ++ repos=/home/osstest/repos ++ repos_lock=/home/osstest/repos/lock ++ '[' x '!=' x/home/osstest/repos/lock ']' ++ OSSTEST_REPOS_LOCK_LOCKED=/home/osstest/repos/lock ++ exec with-lock-ex -w /home/osstest/repos/lock ./ap-push linux-4.9 9d36d3eff2f85efad0a3b0c6031081654ae33928 + branch=linux-4.9 + revision=9d36d3eff2f85efad0a3b0c6031081654ae33928 + . ./cri-lock-repos ++ . ./cri-common +++ . ./cri-getconfig ++++ export PERLLIB=.:.:. ++++ PERLLIB=.:.:. +++ umask 002 +++ getrepos ++++ getconfig Repos ++++ perl -e ' use Osstest; readglobalconfig(); print $c{"Repos"} or die $!; ' +++ local repos=/home/osstest/repos +++ '[' -z /home/osstest/repos ']' +++ '[' '!' -d /home/osstest/repos ']' +++ echo /home/osstest/repos ++ repos=/home/osstest/repos ++ repos_lock=/home/osstest/repos/lock ++ '[' x/home/osstest/repos/lock '!=' x/home/osstest/repos/lock ']' + . ./cri-common ++ . ./cri-getconfig +++ export PERLLIB=.:.:.:. +++ PERLLIB=.:.:.:. ++ umask 002 + select_xenbranch + case "$branch" in + tree=linux + xenbranch=xen-unstable + '[' xlinux = xlinux ']' + linuxbranch=linux-4.9 + '[' x = x ']' + qemuubranch=qemu-upstream-unstable + select_prevxenbranch ++ ./cri-getprevxenbranch xen-unstable + prevxenbranch=xen-4.9-testing + '[' x9d36d3eff2f85efad0a3b0c6031081654ae33928 = x ']' + : tested/2.6.39.x + . ./ap-common ++ : osstest@xenbits.xen.org +++ getconfig OsstestUpstream +++ perl -e ' use Osstest; readglobalconfig(); print $c{"OsstestUpstream"} or die $!; ' ++ : ++ : git://xenbits.xen.org/xen.git ++ : osstest@xenbits.xen.org:/home/xen/git/xen.git ++ : git://xenbits.xen.org/qemu-xen-traditional.git ++ : git://git.kernel.org ++ : git://git.kernel.org/pub/scm/linux/kernel/git ++ : git ++ : git://xenbits.xen.org/xtf.git ++ : osstest@xenbits.xen.org:/home/xen/git/xtf.git ++ : git://xenbits.xen.org/xtf.git ++ : git://xenbits.xen.org/libvirt.git ++ : osstest@xenbits.xen.org:/home/xen/git/libvirt.git ++ : git://xenbits.xen.org/libvirt.git ++ : git://xenbits.xen.org/osstest/rumprun.git ++ : git ++ : git://xenbits.xen.org/osstest/rumprun.git ++ : osstest@xenbits.xen.org:/home/xen/git/osstest/rumprun.git ++ : git://git.seabios.org/seabios.git ++ : osstest@xenbits.xen.org:/home/xen/git/osstest/seabios.git ++ : git://xenbits.xen.org/osstest/seabios.git ++ : https://github.com/tianocore/edk2.git ++ : osstest@xenbits.xen.org:/home/xen/git/osstest/ovmf.git ++ : git://xenbits.xen.org/osstest/ovmf.git ++ : git://xenbits.xen.org/osstest/linux-firmware.git ++ : osstest@xenbits.xen.org:/home/osstest/ext/linux-firmware.git ++ : git://git.kernel.org/pub/scm/linux/kernel/git/firmware/linux-firmware.git ++ : osstest@xenbits.xen.org:/home/xen/git/linux-pvops.git ++ : git://xenbits.xen.org/linux-pvops.git ++ : tested/linux-4.9 ++ : tested/linux-arm-xen ++ '[' xgit://git.kernel.org/pub/scm/linux/kernel/git/stable/linux-stable.git = x ']' ++ '[' xgit://git.kernel.org/pub/scm/linux/kernel/git/stable/linux-stable.git = x ']' ++ : git://git.kernel.org/pub/scm/linux/kernel/git/konrad/xen.git ++ : tested/2.6.39.x ++ : daily-cron.linux-4.9 ++ : daily-cron.linux-4.9 ++ : daily-cron.linux-4.9 ++ : daily-cron.linux-4.9 ++ : daily-cron.linux-4.9 ++ : daily-cron.linux-4.9 ++ : daily-cron.linux-4.9 ++ : http://hg.uk.xensource.com/carbon/trunk/linux-2.6.27 ++ : git://xenbits.xen.org/qemu-xen.git ++ : osstest@xenbits.xen.org:/home/xen/git/qemu-xen.git ++ : daily-cron.linux-4.9 ++ : git://xenbits.xen.org/qemu-xen.git ++ : git://git.qemu.org/qemu.git + TREE_LINUX=osstest@xenbits.xen.org:/home/xen/git/linux-pvops.git + TREE_QEMU_UPSTREAM=osstest@xenbits.xen.org:/home/xen/git/qemu-xen.git + TREE_XEN=osstest@xenbits.xen.org:/home/xen/git/xen.git + TREE_LIBVIRT=osstest@xenbits.xen.org:/home/xen/git/libvirt.git + TREE_RUMPRUN=osstest@xenbits.xen.org:/home/xen/git/osstest/rumprun.git + TREE_SEABIOS=osstest@xenbits.xen.org:/home/xen/git/osstest/seabios.git + TREE_OVMF=osstest@xenbits.xen.org:/home/xen/git/osstest/ovmf.git + TREE_XTF=osstest@xenbits.xen.org:/home/xen/git/xtf.git + info_linux_tree linux-4.9 + case $1 in + : git://git.kernel.org/pub/scm/linux/kernel/git/stable/linux-stable.git + : linux-4.9.y + : linux-4.9.y + : git + : git + : git://xenbits.xen.org/linux-pvops.git + : osstest@xenbits.xen.org:/home/xen/git/linux-pvops.git + : tested/linux-4.9 + : refs/heads/tested/linux-4.9 + return 0 + cd /home/osstest/repos/linux + git push osstest@xenbits.xen.org:/home/xen/git/linux-pvops.git 9d36d3eff2f85efad0a3b0c6031081654ae33928:refs/heads/tested/linux-4.9 To osstest@xenbits.xen.org:/home/xen/git/linux-pvops.git 1852eae..9d36d3e 9d36d3eff2f85efad0a3b0c6031081654ae33928 -> tested/linux-4.9 + exit 0 --===============0603159742021187951== Content-Type: text/plain; charset="utf-8" MIME-Version: 1.0 Content-Transfer-Encoding: base64 Content-Disposition: inline X19fX19fX19fX19fX19fX19fX19fX19fX19fX19fX19fX19fX19fX19fX19fX18KWGVuLWRldmVs IG1haWxpbmcgbGlzdApYZW4tZGV2ZWxAbGlzdHMueGVuLm9yZwpodHRwczovL2xpc3RzLnhlbi5v cmcveGVuLWRldmVsCg== --===============0603159742021187951==--