* [linux-linus test] 114500: tolerable FAIL - PUSHED
@ 2017-10-15 14:25 osstest service owner
0 siblings, 0 replies; only message in thread
From: osstest service owner @ 2017-10-15 14:25 UTC (permalink / raw)
To: xen-devel, osstest-admin
[-- Attachment #1: Type: text/plain, Size: 21854 bytes --]
flight 114500 linux-linus real [real]
http://logs.test-lab.xenproject.org/osstest/logs/114500/
Failures :-/ but no regressions.
Tests which did not succeed, but are not blocking:
test-amd64-amd64-xl-pvhv2-intel 17 guest-saverestore.2 fail baseline untested
test-armhf-armhf-libvirt 14 saverestore-support-check fail like 114362
test-amd64-i386-xl-qemut-win7-amd64 17 guest-stop fail like 114362
test-amd64-i386-xl-qemuu-win7-amd64 17 guest-stop fail like 114362
test-armhf-armhf-libvirt-raw 13 saverestore-support-check fail like 114362
test-amd64-amd64-xl-qemut-win7-amd64 17 guest-stop fail like 114362
test-armhf-armhf-libvirt-xsm 14 saverestore-support-check fail like 114362
test-amd64-amd64-xl-rtds 10 debian-install fail like 114362
test-armhf-armhf-xl-rtds 16 guest-start/debian.repeat fail like 114362
test-amd64-amd64-xl-qemuu-win7-amd64 17 guest-stop fail like 114362
test-amd64-amd64-xl-qemut-ws16-amd64 10 windows-install fail never pass
test-amd64-amd64-xl-qemuu-ws16-amd64 10 windows-install fail never pass
test-amd64-i386-libvirt-xsm 13 migrate-support-check fail never pass
test-amd64-amd64-libvirt-xsm 13 migrate-support-check fail never pass
test-amd64-amd64-libvirt-qemuu-debianhvm-amd64-xsm 11 migrate-support-check fail never pass
test-amd64-i386-libvirt-qemuu-debianhvm-amd64-xsm 11 migrate-support-check fail never pass
test-amd64-i386-libvirt-qcow2 12 migrate-support-check fail never pass
test-amd64-amd64-libvirt-vhd 12 migrate-support-check fail never pass
test-amd64-amd64-qemuu-nested-amd 17 debian-hvm-install/l1/l2 fail never pass
test-armhf-armhf-xl 13 migrate-support-check fail never pass
test-armhf-armhf-xl 14 saverestore-support-check fail never pass
test-armhf-armhf-libvirt 13 migrate-support-check fail never pass
test-armhf-armhf-xl-credit2 13 migrate-support-check fail never pass
test-armhf-armhf-xl-credit2 14 saverestore-support-check fail never pass
test-armhf-armhf-xl-multivcpu 13 migrate-support-check fail never pass
test-armhf-armhf-xl-multivcpu 14 saverestore-support-check fail never pass
test-armhf-armhf-xl-xsm 13 migrate-support-check fail never pass
test-armhf-armhf-xl-xsm 14 saverestore-support-check fail never pass
test-amd64-i386-libvirt 13 migrate-support-check fail never pass
test-amd64-i386-xl-qemuu-ws16-amd64 13 guest-saverestore fail never pass
test-armhf-armhf-xl-arndale 13 migrate-support-check fail never pass
test-armhf-armhf-xl-arndale 14 saverestore-support-check fail never pass
test-amd64-i386-xl-qemut-ws16-amd64 13 guest-saverestore fail never pass
test-amd64-amd64-libvirt 13 migrate-support-check fail never pass
test-armhf-armhf-xl-rtds 13 migrate-support-check fail never pass
test-armhf-armhf-xl-rtds 14 saverestore-support-check fail never pass
test-armhf-armhf-libvirt-raw 12 migrate-support-check fail never pass
test-armhf-armhf-xl-vhd 12 migrate-support-check fail never pass
test-armhf-armhf-xl-vhd 13 saverestore-support-check fail never pass
test-armhf-armhf-libvirt-xsm 13 migrate-support-check fail never pass
test-amd64-i386-xl-qemuu-win10-i386 10 windows-install fail never pass
test-amd64-i386-xl-qemut-win10-i386 10 windows-install fail never pass
test-armhf-armhf-xl-cubietruck 13 migrate-support-check fail never pass
test-armhf-armhf-xl-cubietruck 14 saverestore-support-check fail never pass
test-amd64-amd64-xl-qemut-win10-i386 10 windows-install fail never pass
test-amd64-amd64-xl-qemuu-win10-i386 10 windows-install fail never pass
version targeted for testing:
linux be1f16ba35d97aff4d85c0daba0a02da51b7c83c
baseline version:
linux a957fd420ca8774f1a6708c64a867f056e67c46e
Last test of basis 114362 2017-10-11 17:01:10 Z 3 days
Failing since 114442 2017-10-13 00:26:53 Z 2 days 2 attempts
Testing same since 114500 2017-10-14 11:06:26 Z 1 days 1 attempts
------------------------------------------------------------
People who touched revisions under test:
"Huang, Ying" <ying.huang@intel.com>
Abdul Haleem <abdhalee@linux.vnet.ibm.com>
Al Viro <viro@zeniv.linux.org.uk>
Alan Stern <stern@rowland.harvard.edu>
Alex Deucher <alexander.deucher@amd.com>
Alex Manoussakis <amanou@gnu.org>
Alexander Levin <alexander.levin@verizon.com>
Andrea Arcangeli <aarcange@redhat.com>
Andreas Gruenbacher <agruenba@redhat.com>
Andrew Morton <akpm@linux-foundation.org>
Andrey Konovalov <andreyknvl@google.com>
Andrey Ryabinin <aryabinin@virtuozzo.com>
Anju T Sudhakar <anju@linux.vnet.ibm.com>
Archit Taneja <architt@codeaurora.org>
Ard Biesheuvel <ard.biesheuvel@linaro.org>
Arnd Bergmann <arnd@arndb.de>
Bjorn Andersson <bjorn.andersson@linaro.org>
Bjorn Helgaas <bhelgaas@google.com>
Boris Brezillon <boris.brezillon@free-electrons.com>
Boris Ostrovsky <boris.ostrovsky@oracle.com>
Brian Foster <bfoster@redhat.com>
Catalin Marinas <catalin.marinas@arm.com>
Chris Gorman <chrisjohgorman@gmail.com>
Chris Wilson <chris@chris-wilson.co.uk>
Christian König <christian.koenig@amd.com>
Christophe JAILLET <christophe.jaillet@wanadoo.fr>
Corentin Labbe <clabbe.montjoie@gmail.com>
Dan Carpenter <dan.carpenter@oracle.com>
Daniel Vetter <daniel.vetter@ffwll.ch>
Darrick J. Wong <darrick.wong@oracle.com>
Dave Airlie <airlied@redhat.com>
Dave Chinner <dchinner@redhat.com>
David Daney <david.daney@cavium.com>
Eric Sandeen <sandeen@redhat.com>
Eric Sandeen <sandeen@sandeen.net>
Eryu Guan <eguan@redhat.com>
Geert Uytterhoeven <geert+renesas@glider.be>
Grygorii Strashko <grygorii.strashko@ti.com>
Guenter Roeck <linux@roeck-us.net>
Gustavo Padovan <gustavo.padovan@collabora.com>
Haozhong Zhang <haozhong.zhang@intel.com>
Herbert Xu <herbert@gondor.apana.org.au>
Huang Ying <ying.huang@intel.com>
Hyungwoo Yang <hyungwoo.yang@intel.com>
Jaejoong Kim <climbbb.kim@gmail.com>
Jan Kara <jack@suse.cz>
Jani Nikula <jani.nikula@intel.com>
Jarkko Nikula <jarkko.nikula@linux.intel.com>
Jeffy Chen <jeffy.chen@rock-chips.com>
Jia-Ju Bai <baijiaju1990@163.com>
Jiri Kosina <jkosina@suse.cz>
Joe Lawrence <joe.lawrence@redhat.com>
Joerg Roedel <jroedel@suse.de>
Johannes Thumshirn <jthumshirn@suse.de>
Johannes Weiner <hannes@cmpxchg.org>
John Einar Reitan <john.reitan@arm.com>
Josh Poimboeuf <jpoimboe@redhat.com>
Jérôme Glisse <jglisse@redhat.com>
Kai-Heng Feng <kai.heng.feng@canonical.com>
Kamalesh Babulal <kamalesh@linux.vnet.ibm.com>
Kees Cook <keescook@chromium.org>
Kelvin Cheung <keguang.zhang@gmail.com>
Kirill A. Shutemov <kirill.shutemov@linux.intel.com>
Konstantin Khlebnikov <khlebnikov@yandex-team.ru>
Ladi Prosek <lprosek@redhat.com>
Ladislav Michl <ladis@linux-mips.org>
Lars Persson <larper@axis.com>
Laura Abbott <labbott@redhat.com>
Linus Torvalds <torvalds@linux-foundation.org>
Linus Walleij <linus.walleij@linaro.org>
Lucas Stach <l.stach@pengutronix.de>
Maarten Lankhorst <maarten.lankhorst@linux.intel.com>
Manasi Navare <manasi.d.navare@intel.com>
Marek Szyprowski <m.szyprowski@samsung.com>
Mark Hairgrove <mhairgrove@nvidia.com>
Masahiro Yamada <yamada.masahiro@socionext.com>
Matt Redfearn <matt.redfearn@imgtec.com>
Matthew Wilcox <mawilcox@microsoft.com>
Matthew Wilcox <willy@infradead.org>
Mauricio Faria de Oliveira <mauricfo@linux.vnet.ibm.com>
Mel Gorman <mgorman@techsingularity.net>
Michael Ellerman <mpe@ellerman.id.au>
Michal Hocko <mhocko@suse.com>
Mika Westerberg <mika.westerberg@linux.intel.com>
Minchan Kim <minchan@kernel.org>
NeilBrown <neilb@suse.com>
Niklas Söderlund <niklas.soderlund+renesas@ragnatech.se>
Oleg Nesterov <oleg@redhat.com>
Paolo Bonzini <pbonzini@redhat.com>
Patrick Brünn <P.Bruenn@beckhoff.com>
Paul Burton <paul.burton@imgtec.com>
Petr Mladek <pmladek@suse.com>
Philipp Zabel <p.zabel@pengutronix.de>
Rafael J. Wysocki <rafael.j.wysocki@intel.com>
Ralf Baechle <ralf@linux-mips.org>
Randy Dunlap <rdunlap@infradead.org>
Richard Ruigrok <rruigrok@codeaurora.org>
Rob Clark <robdclark@gmail.com>
Rob Herring <robh@kernel.org>
Rodrigo Vivi <rodrigo.vivi@intel.com>
Sakari Ailus <sakari.ailus@linux.intel.com>
Sandipan Das <sandipan@linux.vnet.ibm.com>
Santosh Shilimkar <ssantosh@kernel.org>
Sergey Senozhatsky <sergey.senozhatsky.work@gmail.com>
Sergey Senozhatsky <sergey.senozhatsky@gmail.com>
Sricharan R <sricharan@codeaurora.org>
Stefan Wahren <stefan.wahren@i2se.com>
Stephan Müller <smueller@chronox.de>
Stewart Smith <stewart@linux.vnet.ibm.com>
Takashi Iwai <tiwai@suse.de>
Tetsuo Handa <penguin-kernel@I-love.SAKURA.ne.jp>
Thiago Jung Bauermann <bauerman@linux.vnet.ibm.com>
Thierry Reding <treding@nvidia.com>
Thomas Huth <thuth@redhat.com>
Thomas Meyer <thomas@m3y3r.de>
Thomas Petazzoni <thomas.petazzoni@free-electrons.com>
Tom Lendacky <thomas.lendacky@amd.com>
Toshi Kani <toshi.kani@hpe.com>
Vamsidhar Reddy Gaddam <vamsidhar.gaddam@arm.com>
Ville Syrjälä <ville.syrjala@linux.intel.com>
Vitaly Mayatskikh <v.mayatskih@gmail.com>
Vlastimil Babka <vbabka@suse.cz>
Wei Yongjun <weiyongjun1@huawei.com>
Will Deacon <will.deacon@arm.com>
Yang Shi <yang.s@alibaba-inc.com>
Yury Norov <ynorov@caviumnetworks.com>
Zhen Lei <thunder.leizhen@huawei.com>
Zhenzhong Duan <zhenzhong.duan@oracle.com>
Zi Yan <zi.yan@cs.rutgers.edu>
jobs:
build-amd64-xsm pass
build-armhf-xsm pass
build-i386-xsm pass
build-amd64 pass
build-armhf pass
build-i386 pass
build-amd64-libvirt pass
build-armhf-libvirt pass
build-i386-libvirt pass
build-amd64-pvops pass
build-armhf-pvops pass
build-i386-pvops pass
build-amd64-rumprun pass
build-i386-rumprun pass
test-amd64-amd64-xl pass
test-armhf-armhf-xl pass
test-amd64-i386-xl pass
test-amd64-amd64-xl-qemut-debianhvm-amd64-xsm pass
test-amd64-i386-xl-qemut-debianhvm-amd64-xsm pass
test-amd64-amd64-libvirt-qemuu-debianhvm-amd64-xsm pass
test-amd64-i386-libvirt-qemuu-debianhvm-amd64-xsm pass
test-amd64-amd64-xl-qemuu-debianhvm-amd64-xsm pass
test-amd64-i386-xl-qemuu-debianhvm-amd64-xsm pass
test-amd64-amd64-xl-qemut-stubdom-debianhvm-amd64-xsm pass
test-amd64-i386-xl-qemut-stubdom-debianhvm-amd64-xsm pass
test-amd64-amd64-libvirt-xsm pass
test-armhf-armhf-libvirt-xsm pass
test-amd64-i386-libvirt-xsm pass
test-amd64-amd64-xl-xsm pass
test-armhf-armhf-xl-xsm pass
test-amd64-i386-xl-xsm pass
test-amd64-amd64-qemuu-nested-amd fail
test-amd64-amd64-xl-pvhv2-amd pass
test-amd64-i386-qemut-rhel6hvm-amd pass
test-amd64-i386-qemuu-rhel6hvm-amd pass
test-amd64-amd64-xl-qemut-debianhvm-amd64 pass
test-amd64-i386-xl-qemut-debianhvm-amd64 pass
test-amd64-amd64-xl-qemuu-debianhvm-amd64 pass
test-amd64-i386-xl-qemuu-debianhvm-amd64 pass
test-amd64-i386-freebsd10-amd64 pass
test-amd64-amd64-xl-qemuu-ovmf-amd64 pass
test-amd64-i386-xl-qemuu-ovmf-amd64 pass
test-amd64-amd64-rumprun-amd64 pass
test-amd64-amd64-xl-qemut-win7-amd64 fail
test-amd64-i386-xl-qemut-win7-amd64 fail
test-amd64-amd64-xl-qemuu-win7-amd64 fail
test-amd64-i386-xl-qemuu-win7-amd64 fail
test-amd64-amd64-xl-qemut-ws16-amd64 fail
test-amd64-i386-xl-qemut-ws16-amd64 fail
test-amd64-amd64-xl-qemuu-ws16-amd64 fail
test-amd64-i386-xl-qemuu-ws16-amd64 fail
test-armhf-armhf-xl-arndale pass
test-amd64-amd64-xl-credit2 pass
test-armhf-armhf-xl-credit2 pass
test-armhf-armhf-xl-cubietruck pass
test-amd64-amd64-examine pass
test-armhf-armhf-examine pass
test-amd64-i386-examine pass
test-amd64-i386-freebsd10-i386 pass
test-amd64-i386-rumprun-i386 pass
test-amd64-amd64-xl-qemut-win10-i386 fail
test-amd64-i386-xl-qemut-win10-i386 fail
test-amd64-amd64-xl-qemuu-win10-i386 fail
test-amd64-i386-xl-qemuu-win10-i386 fail
test-amd64-amd64-qemuu-nested-intel pass
test-amd64-amd64-xl-pvhv2-intel fail
test-amd64-i386-qemut-rhel6hvm-intel pass
test-amd64-i386-qemuu-rhel6hvm-intel pass
test-amd64-amd64-libvirt pass
test-armhf-armhf-libvirt pass
test-amd64-i386-libvirt pass
test-amd64-amd64-xl-multivcpu pass
test-armhf-armhf-xl-multivcpu pass
test-amd64-amd64-pair pass
test-amd64-i386-pair pass
test-amd64-amd64-libvirt-pair pass
test-amd64-i386-libvirt-pair pass
test-amd64-amd64-amd64-pvgrub pass
test-amd64-amd64-i386-pvgrub pass
test-amd64-amd64-pygrub pass
test-amd64-i386-libvirt-qcow2 pass
test-amd64-amd64-xl-qcow2 pass
test-armhf-armhf-libvirt-raw pass
test-amd64-i386-xl-raw pass
test-amd64-amd64-xl-rtds fail
test-armhf-armhf-xl-rtds fail
test-amd64-amd64-libvirt-vhd pass
test-armhf-armhf-xl-vhd pass
------------------------------------------------------------
sg-report-flight on osstest.test-lab.xenproject.org
logs: /home/logs/logs
images: /home/logs/images
Logs, config files, etc. are available at
http://logs.test-lab.xenproject.org/osstest/logs
Explanation of these reports, and of osstest in general, is at
http://xenbits.xen.org/gitweb/?p=osstest.git;a=blob;f=README.email;hb=master
http://xenbits.xen.org/gitweb/?p=osstest.git;a=blob;f=README;hb=master
Test harness code can be found at
http://xenbits.xen.org/gitweb?p=osstest.git;a=summary
Pushing revision :
+ branch=linux-linus
+ revision=be1f16ba35d97aff4d85c0daba0a02da51b7c83c
+ . ./cri-lock-repos
++ . ./cri-common
+++ . ./cri-getconfig
++++ export PERLLIB=.:.
++++ PERLLIB=.:.
+++ umask 002
+++ getrepos
++++ getconfig Repos
++++ perl -e '
use Osstest;
readglobalconfig();
print $c{"Repos"} or die $!;
'
+++ local repos=/home/osstest/repos
+++ '[' -z /home/osstest/repos ']'
+++ '[' '!' -d /home/osstest/repos ']'
+++ echo /home/osstest/repos
++ repos=/home/osstest/repos
++ repos_lock=/home/osstest/repos/lock
++ '[' x '!=' x/home/osstest/repos/lock ']'
++ OSSTEST_REPOS_LOCK_LOCKED=/home/osstest/repos/lock
++ exec with-lock-ex -w /home/osstest/repos/lock ./ap-push linux-linus be1f16ba35d97aff4d85c0daba0a02da51b7c83c
+ branch=linux-linus
+ revision=be1f16ba35d97aff4d85c0daba0a02da51b7c83c
+ . ./cri-lock-repos
++ . ./cri-common
+++ . ./cri-getconfig
++++ export PERLLIB=.:.:.
++++ PERLLIB=.:.:.
+++ umask 002
+++ getrepos
++++ getconfig Repos
++++ perl -e '
use Osstest;
readglobalconfig();
print $c{"Repos"} or die $!;
'
+++ local repos=/home/osstest/repos
+++ '[' -z /home/osstest/repos ']'
+++ '[' '!' -d /home/osstest/repos ']'
+++ echo /home/osstest/repos
++ repos=/home/osstest/repos
++ repos_lock=/home/osstest/repos/lock
++ '[' x/home/osstest/repos/lock '!=' x/home/osstest/repos/lock ']'
+ . ./cri-common
++ . ./cri-getconfig
+++ export PERLLIB=.:.:.:.
+++ PERLLIB=.:.:.:.
++ umask 002
+ select_xenbranch
+ case "$branch" in
+ tree=linux
+ xenbranch=xen-unstable
+ '[' xlinux = xlinux ']'
+ linuxbranch=linux-linus
+ '[' x = x ']'
+ qemuubranch=qemu-upstream-unstable
+ select_prevxenbranch
++ ./cri-getprevxenbranch xen-unstable
+ prevxenbranch=xen-4.9-testing
+ '[' xbe1f16ba35d97aff4d85c0daba0a02da51b7c83c = x ']'
+ : tested/2.6.39.x
+ . ./ap-common
++ : osstest@xenbits.xen.org
+++ getconfig OsstestUpstream
+++ perl -e '
use Osstest;
readglobalconfig();
print $c{"OsstestUpstream"} or die $!;
'
++ :
++ : git://xenbits.xen.org/xen.git
++ : osstest@xenbits.xen.org:/home/xen/git/xen.git
++ : git://xenbits.xen.org/qemu-xen-traditional.git
++ : git://git.kernel.org
++ : git://git.kernel.org/pub/scm/linux/kernel/git
++ : git
++ : git://xenbits.xen.org/xtf.git
++ : osstest@xenbits.xen.org:/home/xen/git/xtf.git
++ : git://xenbits.xen.org/xtf.git
++ : git://xenbits.xen.org/libvirt.git
++ : osstest@xenbits.xen.org:/home/xen/git/libvirt.git
++ : git://xenbits.xen.org/libvirt.git
++ : git://xenbits.xen.org/osstest/rumprun.git
++ : git
++ : git://xenbits.xen.org/osstest/rumprun.git
++ : osstest@xenbits.xen.org:/home/xen/git/osstest/rumprun.git
++ : git://git.seabios.org/seabios.git
++ : osstest@xenbits.xen.org:/home/xen/git/osstest/seabios.git
++ : git://xenbits.xen.org/osstest/seabios.git
++ : https://github.com/tianocore/edk2.git
++ : osstest@xenbits.xen.org:/home/xen/git/osstest/ovmf.git
++ : git://xenbits.xen.org/osstest/ovmf.git
++ : git://xenbits.xen.org/osstest/linux-firmware.git
++ : osstest@xenbits.xen.org:/home/osstest/ext/linux-firmware.git
++ : git://git.kernel.org/pub/scm/linux/kernel/git/firmware/linux-firmware.git
++ : osstest@xenbits.xen.org:/home/xen/git/linux-pvops.git
++ : git://xenbits.xen.org/linux-pvops.git
++ : tested/linux-4.9
++ : tested/linux-arm-xen
++ '[' xgit://git.kernel.org/pub/scm/linux/kernel/git/torvalds/linux-2.6.git = x ']'
++ '[' xgit://git.kernel.org/pub/scm/linux/kernel/git/torvalds/linux-2.6.git = x ']'
++ : git://git.kernel.org/pub/scm/linux/kernel/git/konrad/xen.git
++ : tested/2.6.39.x
++ : daily-cron.linux-linus
++ : daily-cron.linux-linus
++ : daily-cron.linux-linus
++ : daily-cron.linux-linus
++ : daily-cron.linux-linus
++ : daily-cron.linux-linus
++ : daily-cron.linux-linus
++ : http://hg.uk.xensource.com/carbon/trunk/linux-2.6.27
++ : git://xenbits.xen.org/qemu-xen.git
++ : osstest@xenbits.xen.org:/home/xen/git/qemu-xen.git
++ : daily-cron.linux-linus
++ : git://xenbits.xen.org/qemu-xen.git
++ : git://git.qemu.org/qemu.git
+ TREE_LINUX=osstest@xenbits.xen.org:/home/xen/git/linux-pvops.git
+ TREE_QEMU_UPSTREAM=osstest@xenbits.xen.org:/home/xen/git/qemu-xen.git
+ TREE_XEN=osstest@xenbits.xen.org:/home/xen/git/xen.git
+ TREE_LIBVIRT=osstest@xenbits.xen.org:/home/xen/git/libvirt.git
+ TREE_RUMPRUN=osstest@xenbits.xen.org:/home/xen/git/osstest/rumprun.git
+ TREE_SEABIOS=osstest@xenbits.xen.org:/home/xen/git/osstest/seabios.git
+ TREE_OVMF=osstest@xenbits.xen.org:/home/xen/git/osstest/ovmf.git
+ TREE_XTF=osstest@xenbits.xen.org:/home/xen/git/xtf.git
+ info_linux_tree linux-linus
+ case $1 in
+ : git://git.kernel.org/pub/scm/linux/kernel/git/torvalds/linux-2.6.git
+ : master
+ : git
+ : git
+ : git://xenbits.xen.org/linux-pvops.git
+ : osstest@xenbits.xen.org:/home/xen/git/linux-pvops.git
+ : tested/linux-linus
+ : refs/heads/tested/linux-linus
+ return 0
+ cd /home/osstest/repos/linux
+ git push osstest@xenbits.xen.org:/home/xen/git/linux-pvops.git be1f16ba35d97aff4d85c0daba0a02da51b7c83c:refs/heads/tested/linux-linus
To osstest@xenbits.xen.org:/home/xen/git/linux-pvops.git
a957fd4..be1f16b be1f16ba35d97aff4d85c0daba0a02da51b7c83c -> tested/linux-linus
+ exit 0
[-- Attachment #2: Type: text/plain, Size: 127 bytes --]
_______________________________________________
Xen-devel mailing list
Xen-devel@lists.xen.org
https://lists.xen.org/xen-devel
^ permalink raw reply [flat|nested] only message in thread
only message in thread, other threads:[~2017-10-15 14:25 UTC | newest]
Thread overview: (only message) (download: mbox.gz follow: Atom feed
-- links below jump to the message on this page --
2017-10-15 14:25 [linux-linus test] 114500: tolerable FAIL - PUSHED osstest service owner
This is a public inbox, see mirroring instructions
for how to clone and mirror all data and code used for this inbox;
as well as URLs for NNTP newsgroup(s).