From mboxrd@z Thu Jan 1 00:00:00 1970 From: osstest service owner Subject: [linux-4.1 test] 114646: regressions - FAIL Date: Tue, 17 Oct 2017 22:12:04 +0000 Message-ID: Mime-Version: 1.0 Content-Type: multipart/mixed; boundary="===============6018817611773099486==" Return-path: List-Unsubscribe: , List-Post: List-Help: List-Subscribe: , Errors-To: xen-devel-bounces@lists.xen.org Sender: "Xen-devel" To: xen-devel@lists.xensource.com, osstest-admin@xenproject.org List-Id: xen-devel@lists.xenproject.org --===============6018817611773099486== Content-Type: text/plain flight 114646 linux-4.1 real [real] http://logs.test-lab.xenproject.org/osstest/logs/114646/ Regressions :-( Tests which did not succeed and are blocking, including tests which could not be run: test-armhf-armhf-xl-vhd 6 xen-install fail REGR. vs. 113603 test-amd64-i386-xl-qemut-stubdom-debianhvm-amd64-xsm 16 guest-localmigrate/x10 fail REGR. vs. 113603 test-amd64-i386-xl-qemut-debianhvm-amd64-xsm 17 guest-stop fail REGR. vs. 113603 Regressions which are regarded as allowable (not blocking): test-armhf-armhf-xl-rtds 7 xen-boot fail REGR. vs. 113603 test-amd64-amd64-xl-qemuu-win7-amd64 17 guest-stop fail REGR. vs. 113603 Tests which did not succeed, but are not blocking: test-amd64-amd64-xl-qemut-win7-amd64 17 guest-stop fail blocked in 113603 test-armhf-armhf-libvirt-xsm 14 saverestore-support-check fail like 113603 test-armhf-armhf-libvirt 14 saverestore-support-check fail like 113603 test-amd64-i386-xl-qemuu-win7-amd64 17 guest-stop fail like 113603 test-amd64-i386-xl-qemut-win7-amd64 17 guest-stop fail like 113603 test-amd64-i386-libvirt 13 migrate-support-check fail never pass test-amd64-amd64-xl-pvhv2-intel 12 guest-start fail never pass test-amd64-amd64-libvirt-xsm 13 migrate-support-check fail never pass test-amd64-amd64-libvirt 13 migrate-support-check fail never pass test-amd64-i386-libvirt-xsm 13 migrate-support-check fail never pass test-amd64-i386-libvirt-qemuu-debianhvm-amd64-xsm 11 migrate-support-check fail never pass test-amd64-amd64-xl-pvhv2-amd 12 guest-start fail never pass test-amd64-amd64-libvirt-qemuu-debianhvm-amd64-xsm 11 migrate-support-check fail never pass test-amd64-i386-libvirt-qcow2 12 migrate-support-check fail never pass test-amd64-amd64-libvirt-vhd 12 migrate-support-check fail never pass test-armhf-armhf-xl 13 migrate-support-check fail never pass test-armhf-armhf-xl 14 saverestore-support-check fail never pass test-armhf-armhf-xl-multivcpu 13 migrate-support-check fail never pass test-armhf-armhf-xl-multivcpu 14 saverestore-support-check fail never pass test-armhf-armhf-libvirt-xsm 13 migrate-support-check fail never pass test-armhf-armhf-xl-credit2 13 migrate-support-check fail never pass test-armhf-armhf-xl-credit2 14 saverestore-support-check fail never pass test-armhf-armhf-xl-arndale 13 migrate-support-check fail never pass test-armhf-armhf-xl-arndale 14 saverestore-support-check fail never pass test-amd64-amd64-qemuu-nested-amd 17 debian-hvm-install/l1/l2 fail never pass test-armhf-armhf-libvirt 13 migrate-support-check fail never pass test-armhf-armhf-xl-cubietruck 13 migrate-support-check fail never pass test-armhf-armhf-xl-cubietruck 14 saverestore-support-check fail never pass test-armhf-armhf-xl-xsm 13 migrate-support-check fail never pass test-armhf-armhf-xl-xsm 14 saverestore-support-check fail never pass test-amd64-i386-xl-qemuu-ws16-amd64 17 guest-stop fail never pass test-amd64-amd64-xl-qemuu-ws16-amd64 17 guest-stop fail never pass test-amd64-i386-xl-qemut-ws16-amd64 17 guest-stop fail never pass test-armhf-armhf-libvirt-raw 12 migrate-support-check fail never pass test-armhf-armhf-libvirt-raw 13 saverestore-support-check fail never pass test-amd64-amd64-xl-qemut-ws16-amd64 17 guest-stop fail never pass test-amd64-i386-xl-qemuu-win10-i386 10 windows-install fail never pass test-amd64-amd64-xl-qemuu-win10-i386 10 windows-install fail never pass test-amd64-amd64-xl-qemut-win10-i386 10 windows-install fail never pass test-amd64-i386-xl-qemut-win10-i386 10 windows-install fail never pass version targeted for testing: linux b8342068e3011832d723aa379a3180d37a4d59df baseline version: linux 5fbef6af7dd9a92605bb7c426f26bd122fd0cd74 Last test of basis 113603 2017-09-19 13:21:36 Z 28 days Testing same since 114646 2017-10-17 10:48:56 Z 0 days 1 attempts ------------------------------------------------------------ People who touched revisions under test: Aaron Ma AL Yu-Chen Cho Alan Stern Aleksa Sarai Aleksandr Bezzubikov Alex Deucher Alexander Potapenko Andrew Morton Andrey Korolyov Andy Lutomirski Archit Taneja Arnd Bergmann Baohong Liu Bart Van Assche Bastien Nocera Ben Hutchings Ben Seri Benjamin Block Bjorn Helgaas Boris Brezillon Charles Milette Charles Milette Chris Wilson Christian Lamparter Christophe JAILLET Chuck Lever Chunyu Hu Claudiu Manoil Colin Ian King Coly Li Cong Wang Dan Carpenter Dan Priamo Daniel Mentz Dave Chinner Dave Martin David S. Miller David Sterba David Teigland Dick Kennedy Dmitry Fleytman Dmitry Torokhov Dmitry Tunin Douglas Anderson Douglas Gilbert Dragos Bogdan Edwin Török Eric Dumazet Florian Fainelli Florian Westphal Greg Kroah-Hartman Guenter Roeck Hannes Reinecke Hannes Reinecke Hans Verkuil Hector Martin Helge Deller Herbert Xu Ingo Molnar J. Bruce Fields Jaegeuk Kim James Hogan James Morse James Smart James Smart Jan Kara Jeffy Chen Jens Axboe Jiri Slaby Joerg Roedel Johan Hovold Johannes Thumshirn John Stultz Jonathan Cameron Joonas Lahtinen Jose Abreu Jose Abreu Kai-Heng Feng Kalle Valo Kalle Valo Kashyap Desai Kent Overstreet Koji Matsuoka Konstantin Khlebnikov Kuninori Morimoto Lars-Peter Clausen Laurent Pinchart Laurent Pinchart Linus Torvalds Liping Zhang Long Li Maarten Lankhorst Maciej S. Szmigiero Marc Gonzalez Marc Zyngier Marcel Holtmann Marcelo Ricardo Leitner Mark Brown Mark Rutland Martijn Coenen Martin K. Petersen Mathias Nyman Matt Turner Mauro Carvalho Chehab Michael Cree Michael Ellerman Michael Lyle Michael S. Tsirkin Michal Hocko Neal Cardwell Neil Horman NeilBrown Nikolay Borisov Oleg Nesterov Oscar Campos Pablo Neira Ayuso Paul Burton Paul E. McKenney Paul Moore Pavel Machek Pavel Shilovsky Peter Hutterer Peter Zijlstra (Intel) Pierguido Lambri Rafael J. Wysocki Rakesh Pillai Ralf Baechle Richard Wareing Rohit Vaswani Ronnie Sahlberg Russell King Sabrina Dubroca Sachin Prabhu Sandeep Singh Sasha Levin Sergey Senozhatsky Shaohua Li Shivasharan S Shyam Sundar S K Srinivas Pandruvada Stefano Brivio Steffen Klassert Steffen Maier Stephan Mueller Stephen Douthit Steve Capper Steve French Steven Rostedt (VMware) Takashi Iwai Tang Junhui Tejun Heo Theodore Ts'o Thomas Bogendoerfer Todd Poynor Tony Asleson Tony Jones Vineet Gupta Vladis Dronov Wei Wang Will Deacon Wolfram Sang Wolfram Sang Xiangliang.Yu Yang Shi Yuchung Cheng zhangyi (F) zhong jiang jobs: build-amd64-xsm pass build-armhf-xsm pass build-i386-xsm pass build-amd64 pass build-armhf pass build-i386 pass build-amd64-libvirt pass build-armhf-libvirt pass build-i386-libvirt pass build-amd64-pvops pass build-armhf-pvops pass build-i386-pvops pass build-amd64-rumprun pass build-i386-rumprun pass test-amd64-amd64-xl pass test-armhf-armhf-xl pass test-amd64-i386-xl pass test-amd64-amd64-xl-qemut-debianhvm-amd64-xsm pass test-amd64-i386-xl-qemut-debianhvm-amd64-xsm fail test-amd64-amd64-libvirt-qemuu-debianhvm-amd64-xsm pass test-amd64-i386-libvirt-qemuu-debianhvm-amd64-xsm pass test-amd64-amd64-xl-qemuu-debianhvm-amd64-xsm pass test-amd64-i386-xl-qemuu-debianhvm-amd64-xsm pass test-amd64-amd64-xl-qemut-stubdom-debianhvm-amd64-xsm pass test-amd64-i386-xl-qemut-stubdom-debianhvm-amd64-xsm fail test-amd64-amd64-libvirt-xsm pass test-armhf-armhf-libvirt-xsm pass test-amd64-i386-libvirt-xsm pass test-amd64-amd64-xl-xsm pass test-armhf-armhf-xl-xsm pass test-amd64-i386-xl-xsm pass test-amd64-amd64-qemuu-nested-amd fail test-amd64-amd64-xl-pvhv2-amd fail test-amd64-i386-qemut-rhel6hvm-amd pass test-amd64-i386-qemuu-rhel6hvm-amd pass test-amd64-amd64-xl-qemut-debianhvm-amd64 pass test-amd64-i386-xl-qemut-debianhvm-amd64 pass test-amd64-amd64-xl-qemuu-debianhvm-amd64 pass test-amd64-i386-xl-qemuu-debianhvm-amd64 pass test-amd64-i386-freebsd10-amd64 pass test-amd64-amd64-xl-qemuu-ovmf-amd64 pass test-amd64-i386-xl-qemuu-ovmf-amd64 pass test-amd64-amd64-rumprun-amd64 pass test-amd64-amd64-xl-qemut-win7-amd64 fail test-amd64-i386-xl-qemut-win7-amd64 fail test-amd64-amd64-xl-qemuu-win7-amd64 fail test-amd64-i386-xl-qemuu-win7-amd64 fail test-amd64-amd64-xl-qemut-ws16-amd64 fail test-amd64-i386-xl-qemut-ws16-amd64 fail test-amd64-amd64-xl-qemuu-ws16-amd64 fail test-amd64-i386-xl-qemuu-ws16-amd64 fail test-armhf-armhf-xl-arndale pass test-amd64-amd64-xl-credit2 pass test-armhf-armhf-xl-credit2 pass test-armhf-armhf-xl-cubietruck pass test-amd64-amd64-examine pass test-armhf-armhf-examine pass test-amd64-i386-examine pass test-amd64-i386-freebsd10-i386 pass test-amd64-i386-rumprun-i386 pass test-amd64-amd64-xl-qemut-win10-i386 fail test-amd64-i386-xl-qemut-win10-i386 fail test-amd64-amd64-xl-qemuu-win10-i386 fail test-amd64-i386-xl-qemuu-win10-i386 fail test-amd64-amd64-qemuu-nested-intel pass test-amd64-amd64-xl-pvhv2-intel fail test-amd64-i386-qemut-rhel6hvm-intel pass test-amd64-i386-qemuu-rhel6hvm-intel pass test-amd64-amd64-libvirt pass test-armhf-armhf-libvirt pass test-amd64-i386-libvirt pass test-amd64-amd64-xl-multivcpu pass test-armhf-armhf-xl-multivcpu pass test-amd64-amd64-pair pass test-amd64-i386-pair pass test-amd64-amd64-libvirt-pair pass test-amd64-i386-libvirt-pair pass test-amd64-amd64-amd64-pvgrub pass test-amd64-amd64-i386-pvgrub pass test-amd64-amd64-pygrub pass test-amd64-i386-libvirt-qcow2 pass test-amd64-amd64-xl-qcow2 pass test-armhf-armhf-libvirt-raw pass test-amd64-i386-xl-raw pass test-amd64-amd64-xl-rtds pass test-armhf-armhf-xl-rtds fail test-amd64-amd64-libvirt-vhd pass test-armhf-armhf-xl-vhd fail ------------------------------------------------------------ sg-report-flight on osstest.test-lab.xenproject.org logs: /home/logs/logs images: /home/logs/images Logs, config files, etc. are available at http://logs.test-lab.xenproject.org/osstest/logs Explanation of these reports, and of osstest in general, is at http://xenbits.xen.org/gitweb/?p=osstest.git;a=blob;f=README.email;hb=master http://xenbits.xen.org/gitweb/?p=osstest.git;a=blob;f=README;hb=master Test harness code can be found at http://xenbits.xen.org/gitweb?p=osstest.git;a=summary Not pushing. (No revision log; it would be 4868 lines long.) --===============6018817611773099486== Content-Type: text/plain; charset="utf-8" MIME-Version: 1.0 Content-Transfer-Encoding: base64 Content-Disposition: inline X19fX19fX19fX19fX19fX19fX19fX19fX19fX19fX19fX19fX19fX19fX19fX18KWGVuLWRldmVs IG1haWxpbmcgbGlzdApYZW4tZGV2ZWxAbGlzdHMueGVuLm9yZwpodHRwczovL2xpc3RzLnhlbi5v cmcveGVuLWRldmVsCg== --===============6018817611773099486==--