From mboxrd@z Thu Jan 1 00:00:00 1970 From: osstest service owner Subject: [qemu-mainline test] 114651: regressions - FAIL Date: Wed, 18 Oct 2017 03:14:43 +0000 Message-ID: Mime-Version: 1.0 Content-Type: multipart/mixed; boundary="===============5519853799959526602==" Return-path: List-Unsubscribe: , List-Post: List-Help: List-Subscribe: , Errors-To: xen-devel-bounces@lists.xen.org Sender: "Xen-devel" To: xen-devel@lists.xensource.com, osstest-admin@xenproject.org List-Id: xen-devel@lists.xenproject.org --===============5519853799959526602== Content-Type: text/plain flight 114651 qemu-mainline real [real] http://logs.test-lab.xenproject.org/osstest/logs/114651/ Regressions :-( Tests which did not succeed and are blocking, including tests which could not be run: build-i386 6 xen-build fail REGR. vs. 114507 build-amd64-xsm 6 xen-build fail REGR. vs. 114507 build-i386-xsm 6 xen-build fail REGR. vs. 114507 build-amd64 6 xen-build fail REGR. vs. 114507 build-armhf-xsm 6 xen-build fail REGR. vs. 114507 build-armhf 6 xen-build fail REGR. vs. 114507 Tests which did not succeed, but are not blocking: test-amd64-i386-libvirt-qcow2 1 build-check(1) blocked n/a test-amd64-amd64-xl-qemuu-debianhvm-amd64 1 build-check(1) blocked n/a test-amd64-i386-freebsd10-i386 1 build-check(1) blocked n/a test-amd64-amd64-qemuu-nested-intel 1 build-check(1) blocked n/a test-amd64-i386-libvirt-qemuu-debianhvm-amd64-xsm 1 build-check(1) blocked n/a test-armhf-armhf-libvirt 1 build-check(1) blocked n/a test-amd64-i386-xl-qemuu-debianhvm-amd64-xsm 1 build-check(1) blocked n/a test-amd64-i386-xl-qemuu-win10-i386 1 build-check(1) blocked n/a test-armhf-armhf-libvirt-raw 1 build-check(1) blocked n/a test-amd64-i386-libvirt-xsm 1 build-check(1) blocked n/a test-amd64-amd64-xl-multivcpu 1 build-check(1) blocked n/a test-amd64-amd64-libvirt 1 build-check(1) blocked n/a test-amd64-i386-freebsd10-amd64 1 build-check(1) blocked n/a test-amd64-amd64-pair 1 build-check(1) blocked n/a test-armhf-armhf-xl-credit2 1 build-check(1) blocked n/a test-amd64-amd64-xl-qemuu-win10-i386 1 build-check(1) blocked n/a test-amd64-amd64-libvirt-qemuu-debianhvm-amd64-xsm 1 build-check(1) blocked n/a test-amd64-amd64-xl-qemuu-win7-amd64 1 build-check(1) blocked n/a test-amd64-amd64-pygrub 1 build-check(1) blocked n/a test-amd64-i386-xl-qemuu-ws16-amd64 1 build-check(1) blocked n/a test-amd64-amd64-xl-qcow2 1 build-check(1) blocked n/a test-amd64-amd64-amd64-pvgrub 1 build-check(1) blocked n/a test-armhf-armhf-xl-arndale 1 build-check(1) blocked n/a test-amd64-i386-xl-qemuu-debianhvm-amd64 1 build-check(1) blocked n/a test-armhf-armhf-libvirt-xsm 1 build-check(1) blocked n/a test-amd64-i386-xl 1 build-check(1) blocked n/a build-i386-libvirt 1 build-check(1) blocked n/a test-amd64-i386-libvirt-pair 1 build-check(1) blocked n/a test-amd64-amd64-xl-qemuu-ovmf-amd64 1 build-check(1) blocked n/a test-amd64-amd64-libvirt-vhd 1 build-check(1) blocked n/a test-amd64-amd64-xl-credit2 1 build-check(1) blocked n/a test-armhf-armhf-xl-multivcpu 1 build-check(1) blocked n/a test-amd64-i386-xl-xsm 1 build-check(1) blocked n/a build-amd64-libvirt 1 build-check(1) blocked n/a test-amd64-amd64-xl-qemuu-debianhvm-amd64-xsm 1 build-check(1) blocked n/a test-amd64-i386-xl-qemuu-ovmf-amd64 1 build-check(1) blocked n/a test-amd64-i386-xl-raw 1 build-check(1) blocked n/a test-amd64-i386-qemuu-rhel6hvm-amd 1 build-check(1) blocked n/a test-amd64-amd64-i386-pvgrub 1 build-check(1) blocked n/a build-armhf-libvirt 1 build-check(1) blocked n/a test-amd64-amd64-xl-qemuu-ws16-amd64 1 build-check(1) blocked n/a test-amd64-i386-libvirt 1 build-check(1) blocked n/a test-amd64-amd64-libvirt-pair 1 build-check(1) blocked n/a test-amd64-amd64-xl-pvhv2-intel 1 build-check(1) blocked n/a test-armhf-armhf-xl 1 build-check(1) blocked n/a test-amd64-amd64-libvirt-xsm 1 build-check(1) blocked n/a test-amd64-amd64-xl-xsm 1 build-check(1) blocked n/a test-amd64-i386-qemuu-rhel6hvm-intel 1 build-check(1) blocked n/a test-armhf-armhf-xl-vhd 1 build-check(1) blocked n/a test-amd64-i386-xl-qemuu-win7-amd64 1 build-check(1) blocked n/a test-amd64-amd64-xl 1 build-check(1) blocked n/a test-amd64-i386-pair 1 build-check(1) blocked n/a test-amd64-amd64-xl-pvhv2-amd 1 build-check(1) blocked n/a test-amd64-amd64-qemuu-nested-amd 1 build-check(1) blocked n/a test-armhf-armhf-xl-cubietruck 1 build-check(1) blocked n/a test-armhf-armhf-xl-rtds 1 build-check(1) blocked n/a test-armhf-armhf-xl-xsm 1 build-check(1) blocked n/a test-amd64-amd64-xl-rtds 1 build-check(1) blocked n/a version targeted for testing: qemuu a9038e5e1992b7fac33e346ec10a01e4a4f33ab2 baseline version: qemuu f90ea7ba7c5ae7010ee0ce062207ae42530f57d6 Last test of basis 114507 2017-10-15 01:03:38 Z 3 days Failing since 114546 2017-10-16 12:16:28 Z 1 days 3 attempts Testing same since 114651 2017-10-17 13:54:45 Z 0 days 1 attempts ------------------------------------------------------------ People who touched revisions under test: Alberto Garcia Aleksandr Bezzubikov Alexey Kardashevskiy Alistair Francis Amarnath Valluri Anthoine Bourgeois Anthony PERARD Artyom Tarasenko Carlo Marcelo Arenas Belón Daniel P. Berrange David Gibson Dr. David Alan Gilbert Eduardo Habkost Eduardo Otubo Emilio G. Cota Eric Blake Fam Zheng Felipe Franciosi Gerd Hoffmann Greg Kurz Jason Wang John Snow Knut Omang Laszlo Ersek Laurent Vivier Manos Pitsidianakis Mao Zhongyi Marc-André Lureau Marcel Apfelbaum Marco A L Barbosa Mark Cave-Ayland Markus Armbruster Matt Redfearn Michael S. Tsirkin Michael Tokarev Peter Maydell Philippe Mathieu-Daudé Prasad J Pandit Stefan Berger Stefan Hajnoczi Stefan Weil Thomas Huth Vladimir Sementsov-Ogievskiy Wolfgang Bumiller jobs: build-amd64-xsm fail build-armhf-xsm fail build-i386-xsm fail build-amd64 fail build-armhf fail build-i386 fail build-amd64-libvirt blocked build-armhf-libvirt blocked build-i386-libvirt blocked build-amd64-pvops pass build-armhf-pvops pass build-i386-pvops pass test-amd64-amd64-xl blocked test-armhf-armhf-xl blocked test-amd64-i386-xl blocked test-amd64-amd64-libvirt-qemuu-debianhvm-amd64-xsm blocked test-amd64-i386-libvirt-qemuu-debianhvm-amd64-xsm blocked test-amd64-amd64-xl-qemuu-debianhvm-amd64-xsm blocked test-amd64-i386-xl-qemuu-debianhvm-amd64-xsm blocked test-amd64-amd64-libvirt-xsm blocked test-armhf-armhf-libvirt-xsm blocked test-amd64-i386-libvirt-xsm blocked test-amd64-amd64-xl-xsm blocked test-armhf-armhf-xl-xsm blocked test-amd64-i386-xl-xsm blocked test-amd64-amd64-qemuu-nested-amd blocked test-amd64-amd64-xl-pvhv2-amd blocked test-amd64-i386-qemuu-rhel6hvm-amd blocked test-amd64-amd64-xl-qemuu-debianhvm-amd64 blocked test-amd64-i386-xl-qemuu-debianhvm-amd64 blocked test-amd64-i386-freebsd10-amd64 blocked test-amd64-amd64-xl-qemuu-ovmf-amd64 blocked test-amd64-i386-xl-qemuu-ovmf-amd64 blocked test-amd64-amd64-xl-qemuu-win7-amd64 blocked test-amd64-i386-xl-qemuu-win7-amd64 blocked test-amd64-amd64-xl-qemuu-ws16-amd64 blocked test-amd64-i386-xl-qemuu-ws16-amd64 blocked test-armhf-armhf-xl-arndale blocked test-amd64-amd64-xl-credit2 blocked test-armhf-armhf-xl-credit2 blocked test-armhf-armhf-xl-cubietruck blocked test-amd64-i386-freebsd10-i386 blocked test-amd64-amd64-xl-qemuu-win10-i386 blocked test-amd64-i386-xl-qemuu-win10-i386 blocked test-amd64-amd64-qemuu-nested-intel blocked test-amd64-amd64-xl-pvhv2-intel blocked test-amd64-i386-qemuu-rhel6hvm-intel blocked test-amd64-amd64-libvirt blocked test-armhf-armhf-libvirt blocked test-amd64-i386-libvirt blocked test-amd64-amd64-xl-multivcpu blocked test-armhf-armhf-xl-multivcpu blocked test-amd64-amd64-pair blocked test-amd64-i386-pair blocked test-amd64-amd64-libvirt-pair blocked test-amd64-i386-libvirt-pair blocked test-amd64-amd64-amd64-pvgrub blocked test-amd64-amd64-i386-pvgrub blocked test-amd64-amd64-pygrub blocked test-amd64-i386-libvirt-qcow2 blocked test-amd64-amd64-xl-qcow2 blocked test-armhf-armhf-libvirt-raw blocked test-amd64-i386-xl-raw blocked test-amd64-amd64-xl-rtds blocked test-armhf-armhf-xl-rtds blocked test-amd64-amd64-libvirt-vhd blocked test-armhf-armhf-xl-vhd blocked ------------------------------------------------------------ sg-report-flight on osstest.test-lab.xenproject.org logs: /home/logs/logs images: /home/logs/images Logs, config files, etc. are available at http://logs.test-lab.xenproject.org/osstest/logs Explanation of these reports, and of osstest in general, is at http://xenbits.xen.org/gitweb/?p=osstest.git;a=blob;f=README.email;hb=master http://xenbits.xen.org/gitweb/?p=osstest.git;a=blob;f=README;hb=master Test harness code can be found at http://xenbits.xen.org/gitweb?p=osstest.git;a=summary Not pushing. (No revision log; it would be 1973 lines long.) --===============5519853799959526602== Content-Type: text/plain; charset="utf-8" MIME-Version: 1.0 Content-Transfer-Encoding: base64 Content-Disposition: inline X19fX19fX19fX19fX19fX19fX19fX19fX19fX19fX19fX19fX19fX19fX19fX18KWGVuLWRldmVs IG1haWxpbmcgbGlzdApYZW4tZGV2ZWxAbGlzdHMueGVuLm9yZwpodHRwczovL2xpc3RzLnhlbi5v cmcveGVuLWRldmVsCg== --===============5519853799959526602==--