From: osstest service owner <osstest-admin@xenproject.org>
To: xen-devel@lists.xensource.com, osstest-admin@xenproject.org
Subject: [linux-linus test] 114658: regressions - FAIL
Date: Wed, 18 Oct 2017 09:48:13 +0000 [thread overview]
Message-ID: <osstest-114658-mainreport@xen.org> (raw)
flight 114658 linux-linus real [real]
http://logs.test-lab.xenproject.org/osstest/logs/114658/
Regressions :-(
Tests which did not succeed and are blocking,
including tests which could not be run:
test-amd64-i386-xl-qemuu-win7-amd64 15 guest-saverestore.2 fail REGR. vs. 114643
test-amd64-i386-xl-qemuu-ws16-amd64 10 windows-install fail REGR. vs. 114643
Tests which did not succeed, but are not blocking:
test-armhf-armhf-xl-rtds 16 guest-start/debian.repeat fail blocked in 114643
test-armhf-armhf-libvirt 14 saverestore-support-check fail like 114643
test-armhf-armhf-libvirt-raw 13 saverestore-support-check fail like 114643
test-amd64-amd64-xl-qemuu-ws16-amd64 17 guest-stop fail like 114643
test-amd64-amd64-xl-qemut-win7-amd64 17 guest-stop fail like 114643
test-amd64-i386-xl-qemut-win7-amd64 17 guest-stop fail like 114643
test-armhf-armhf-libvirt-xsm 14 saverestore-support-check fail like 114643
test-amd64-amd64-xl-rtds 10 debian-install fail like 114643
test-amd64-amd64-xl-qemuu-win7-amd64 17 guest-stop fail like 114643
test-amd64-amd64-libvirt-xsm 13 migrate-support-check fail never pass
test-amd64-i386-libvirt-xsm 13 migrate-support-check fail never pass
test-amd64-amd64-libvirt-qemuu-debianhvm-amd64-xsm 11 migrate-support-check fail never pass
test-amd64-i386-libvirt-qemuu-debianhvm-amd64-xsm 11 migrate-support-check fail never pass
test-amd64-i386-libvirt-qcow2 12 migrate-support-check fail never pass
test-amd64-amd64-libvirt-vhd 12 migrate-support-check fail never pass
test-amd64-amd64-qemuu-nested-amd 17 debian-hvm-install/l1/l2 fail never pass
test-armhf-armhf-xl 13 migrate-support-check fail never pass
test-armhf-armhf-xl 14 saverestore-support-check fail never pass
test-armhf-armhf-libvirt 13 migrate-support-check fail never pass
test-armhf-armhf-xl-multivcpu 13 migrate-support-check fail never pass
test-armhf-armhf-xl-multivcpu 14 saverestore-support-check fail never pass
test-armhf-armhf-xl-credit2 13 migrate-support-check fail never pass
test-armhf-armhf-xl-credit2 14 saverestore-support-check fail never pass
test-armhf-armhf-xl-xsm 13 migrate-support-check fail never pass
test-armhf-armhf-xl-xsm 14 saverestore-support-check fail never pass
test-amd64-i386-libvirt 13 migrate-support-check fail never pass
test-armhf-armhf-xl-arndale 13 migrate-support-check fail never pass
test-armhf-armhf-xl-arndale 14 saverestore-support-check fail never pass
test-amd64-amd64-libvirt 13 migrate-support-check fail never pass
test-armhf-armhf-xl-rtds 13 migrate-support-check fail never pass
test-armhf-armhf-xl-rtds 14 saverestore-support-check fail never pass
test-armhf-armhf-libvirt-raw 12 migrate-support-check fail never pass
test-armhf-armhf-xl-vhd 12 migrate-support-check fail never pass
test-armhf-armhf-xl-vhd 13 saverestore-support-check fail never pass
test-armhf-armhf-libvirt-xsm 13 migrate-support-check fail never pass
test-amd64-i386-xl-qemut-ws16-amd64 17 guest-stop fail never pass
test-amd64-i386-xl-qemuu-win10-i386 10 windows-install fail never pass
test-amd64-i386-xl-qemut-win10-i386 10 windows-install fail never pass
test-armhf-armhf-xl-cubietruck 13 migrate-support-check fail never pass
test-armhf-armhf-xl-cubietruck 14 saverestore-support-check fail never pass
test-amd64-amd64-xl-qemut-win10-i386 10 windows-install fail never pass
test-amd64-amd64-xl-qemuu-win10-i386 10 windows-install fail never pass
version targeted for testing:
linux ebe6e90ccc6679cb01d2b280e4b61e6092d4bedb
baseline version:
linux 3728e6a255b50382591ee374c70e6f5276a47d0a
Last test of basis 114643 2017-10-17 10:48:18 Z 0 days
Testing same since 114658 2017-10-17 20:18:45 Z 0 days 1 attempts
------------------------------------------------------------
People who touched revisions under test:
Don Brace <don.brace@microsemi.com>
Hannes Reinecke <hare@suse.com>
Hannes Reinecke <hare@suse.de>
Himanshu Madhani <himanshu.madhani@cavium.com>
Johannes Thumshirn <jthumshirn@suse.de>
Lee Duncan <lduncan@suse.com>
Linus Torvalds <torvalds@linux-foundation.org>
Martin K. Petersen <martin.petersen@oracle.com>
Quinn Tran <quinn.tran@cavium.com>
Satish Kharat <satishkh@cisco.com>
jobs:
build-amd64-xsm pass
build-armhf-xsm pass
build-i386-xsm pass
build-amd64 pass
build-armhf pass
build-i386 pass
build-amd64-libvirt pass
build-armhf-libvirt pass
build-i386-libvirt pass
build-amd64-pvops pass
build-armhf-pvops pass
build-i386-pvops pass
build-amd64-rumprun pass
build-i386-rumprun pass
test-amd64-amd64-xl pass
test-armhf-armhf-xl pass
test-amd64-i386-xl pass
test-amd64-amd64-xl-qemut-debianhvm-amd64-xsm pass
test-amd64-i386-xl-qemut-debianhvm-amd64-xsm pass
test-amd64-amd64-libvirt-qemuu-debianhvm-amd64-xsm pass
test-amd64-i386-libvirt-qemuu-debianhvm-amd64-xsm pass
test-amd64-amd64-xl-qemuu-debianhvm-amd64-xsm pass
test-amd64-i386-xl-qemuu-debianhvm-amd64-xsm pass
test-amd64-amd64-xl-qemut-stubdom-debianhvm-amd64-xsm pass
test-amd64-i386-xl-qemut-stubdom-debianhvm-amd64-xsm pass
test-amd64-amd64-libvirt-xsm pass
test-armhf-armhf-libvirt-xsm pass
test-amd64-i386-libvirt-xsm pass
test-amd64-amd64-xl-xsm pass
test-armhf-armhf-xl-xsm pass
test-amd64-i386-xl-xsm pass
test-amd64-amd64-qemuu-nested-amd fail
test-amd64-amd64-xl-pvhv2-amd pass
test-amd64-i386-qemut-rhel6hvm-amd pass
test-amd64-i386-qemuu-rhel6hvm-amd pass
test-amd64-amd64-xl-qemut-debianhvm-amd64 pass
test-amd64-i386-xl-qemut-debianhvm-amd64 pass
test-amd64-amd64-xl-qemuu-debianhvm-amd64 pass
test-amd64-i386-xl-qemuu-debianhvm-amd64 pass
test-amd64-i386-freebsd10-amd64 pass
test-amd64-amd64-xl-qemuu-ovmf-amd64 pass
test-amd64-i386-xl-qemuu-ovmf-amd64 pass
test-amd64-amd64-rumprun-amd64 pass
test-amd64-amd64-xl-qemut-win7-amd64 fail
test-amd64-i386-xl-qemut-win7-amd64 fail
test-amd64-amd64-xl-qemuu-win7-amd64 fail
test-amd64-i386-xl-qemuu-win7-amd64 fail
test-amd64-amd64-xl-qemut-ws16-amd64 pass
test-amd64-i386-xl-qemut-ws16-amd64 fail
test-amd64-amd64-xl-qemuu-ws16-amd64 fail
test-amd64-i386-xl-qemuu-ws16-amd64 fail
test-armhf-armhf-xl-arndale pass
test-amd64-amd64-xl-credit2 pass
test-armhf-armhf-xl-credit2 pass
test-armhf-armhf-xl-cubietruck pass
test-amd64-amd64-examine pass
test-armhf-armhf-examine pass
test-amd64-i386-examine pass
test-amd64-i386-freebsd10-i386 pass
test-amd64-i386-rumprun-i386 pass
test-amd64-amd64-xl-qemut-win10-i386 fail
test-amd64-i386-xl-qemut-win10-i386 fail
test-amd64-amd64-xl-qemuu-win10-i386 fail
test-amd64-i386-xl-qemuu-win10-i386 fail
test-amd64-amd64-qemuu-nested-intel pass
test-amd64-amd64-xl-pvhv2-intel pass
test-amd64-i386-qemut-rhel6hvm-intel pass
test-amd64-i386-qemuu-rhel6hvm-intel pass
test-amd64-amd64-libvirt pass
test-armhf-armhf-libvirt pass
test-amd64-i386-libvirt pass
test-amd64-amd64-xl-multivcpu pass
test-armhf-armhf-xl-multivcpu pass
test-amd64-amd64-pair pass
test-amd64-i386-pair pass
test-amd64-amd64-libvirt-pair pass
test-amd64-i386-libvirt-pair pass
test-amd64-amd64-amd64-pvgrub pass
test-amd64-amd64-i386-pvgrub pass
test-amd64-amd64-pygrub pass
test-amd64-i386-libvirt-qcow2 pass
test-amd64-amd64-xl-qcow2 pass
test-armhf-armhf-libvirt-raw pass
test-amd64-i386-xl-raw pass
test-amd64-amd64-xl-rtds fail
test-armhf-armhf-xl-rtds fail
test-amd64-amd64-libvirt-vhd pass
test-armhf-armhf-xl-vhd pass
------------------------------------------------------------
sg-report-flight on osstest.test-lab.xenproject.org
logs: /home/logs/logs
images: /home/logs/images
Logs, config files, etc. are available at
http://logs.test-lab.xenproject.org/osstest/logs
Explanation of these reports, and of osstest in general, is at
http://xenbits.xen.org/gitweb/?p=osstest.git;a=blob;f=README.email;hb=master
http://xenbits.xen.org/gitweb/?p=osstest.git;a=blob;f=README;hb=master
Test harness code can be found at
http://xenbits.xen.org/gitweb?p=osstest.git;a=summary
Not pushing.
------------------------------------------------------------
commit ebe6e90ccc6679cb01d2b280e4b61e6092d4bedb
Merge: 3728e6a 8d30371
Author: Linus Torvalds <torvalds@linux-foundation.org>
Date: Tue Oct 17 15:54:41 2017 -0400
Merge tag 'scsi-fixes' of git://git.kernel.org/pub/scm/linux/kernel/git/jejb/scsi
Pull SCSI fixes from James Bottomley:
"Four mostly error leg fixes and one more important regression in a
prior commit (the qla2xxx one)"
* tag 'scsi-fixes' of git://git.kernel.org/pub/scm/linux/kernel/git/jejb/scsi:
scsi: fc: check for rport presence in fc_block_scsi_eh
scsi: qla2xxx: Fix uninitialized work element
scsi: libiscsi: fix shifting of DID_REQUEUE host byte
scsi: libfc: fix a deadlock in fc_rport_work
scsi: fixup kernel warning during rmmod()
commit 8d30371fd7c328e192d7ea3108bd71b903631d6a
Author: Johannes Thumshirn <jthumshirn@suse.de>
Date: Tue Oct 10 17:31:38 2017 +0200
scsi: fc: check for rport presence in fc_block_scsi_eh
Coverity-scan recently found a possible NULL pointer dereference in
fc_block_scsi_eh() as starget_to_rport() either returns the rport for
the startget or NULL.
While it is rather unlikely to have fc_block_scsi_eh() called without an
rport associated it's a good idea to catch potential misuses of the API
gracefully.
Signed-off-by: Johannes Thumshirn <jthumshirn@suse.de>
Reviewed-by: Bart Van Assche <bart.vanassche@wdc.com>
Reviewed-by: Hannes Reinecke <hare@suse.de>
Signed-off-by: Martin K. Petersen <martin.petersen@oracle.com>
commit a9e170e28636fd577249f39029d59e4e960a42b8
Author: Quinn Tran <quinn.tran@cavium.com>
Date: Tue Oct 10 12:08:22 2017 -0700
scsi: qla2xxx: Fix uninitialized work element
Fixes following stack trace
kernel: Call Trace:
kernel: dump_stack+0x63/0x84
kernel: __warn+0xd1/0xf0
kernel: warn_slowpath_null+0x1d/0x20
kernel: __queue_work+0x37a/0x420
kernel: queue_work_on+0x27/0x40
kernel: queue_work+0x14/0x20 [qla2xxx]
kernel: schedule_work+0x13/0x20 [qla2xxx]
kernel: qla2x00_post_work+0xab/0xb0 [qla2xxx]
kernel: qla2x00_post_aen_work+0x3b/0x50 [qla2xxx]
kernel: qla2x00_async_event+0x20d/0x15d0 [qla2xxx]
kernel: ? lock_timer_base+0x7d/0xa0
kernel: qla24xx_intr_handler+0x1da/0x310 [qla2xxx]
kernel: qla2x00_poll+0x36/0x60 [qla2xxx]
kernel: qla2x00_mailbox_command+0x659/0xec0 [qla2xxx]
kernel: ? proc_create_data+0x7a/0xd0
kernel: qla25xx_init_rsp_que+0x15b/0x240 [qla2xxx]
kernel: ? request_irq+0x14/0x20 [qla2xxx]
kernel: qla25xx_create_rsp_que+0x256/0x3c0 [qla2xxx]
kernel: qla2xxx_create_qpair+0x2af/0x5b0 [qla2xxx]
kernel: qla2x00_probe_one+0x1107/0x1c30 [qla2xxx]
Fixes: ec7193e26055 ("qla2xxx: Fix delayed response to command for loop mode/direct connect.")
Cc: <stable@vger.kernel.org> # 4.13
Signed-off-by: Quinn Tran <quinn.tran@cavium.com>
Signed-off-by: Himanshu Madhani <himanshu.madhani@cavium.com>
Signed-off-by: Martin K. Petersen <martin.petersen@oracle.com>
commit eef9ffdf9cd39b2986367bc8395e2772bc1284ba
Author: Johannes Thumshirn <jthumshirn@suse.de>
Date: Mon Oct 9 13:33:19 2017 +0200
scsi: libiscsi: fix shifting of DID_REQUEUE host byte
The SCSI host byte should be shifted left by 16 in order to have
scsi_decide_disposition() do the right thing (.i.e. requeue the
command).
Signed-off-by: Johannes Thumshirn <jthumshirn@suse.de>
Fixes: 661134ad3765 ("[SCSI] libiscsi, bnx2i: make bound ep check common")
Cc: Lee Duncan <lduncan@suse.com>
Cc: Hannes Reinecke <hare@suse.de>
Cc: Bart Van Assche <Bart.VanAssche@sandisk.com>
Cc: Chris Leech <cleech@redhat.com>
Acked-by: Lee Duncan <lduncan@suse.com>
Signed-off-by: Martin K. Petersen <martin.petersen@oracle.com>
commit d1b3f51ee1eab3a6db1b09a60e61280c48eb0b01
Author: Satish Kharat <satishkh@cisco.com>
Date: Thu Oct 5 16:41:21 2017 -0700
scsi: libfc: fix a deadlock in fc_rport_work
In places like fc_rport_recv_plogi_req and fcoe_ctlr_vn_add we always
take the lport disc_mutex lock before the rports mutex
(rp_mutex) lock. Gaurding list_del_rcu(&rdata->peers) with
disc.disc_mutex in fc_rport_work is correct but the rp_mutex lock
can and should to be dropped before taking that lock else results
in a deadlock.
Signed-off-by: Satish Kharat <satishkh@cisco.com>
Reviewed-by: Johannes Thumshirn <jthumshirn@suse.de>
Signed-off-by: Martin K. Petersen <martin.petersen@oracle.com>
commit fbce4d97fd4333bcffd00a73b9d98412be630332
Author: Hannes Reinecke <hare@suse.de>
Date: Wed Oct 4 10:28:56 2017 +0200
scsi: fixup kernel warning during rmmod()
Calling rmmod() on a FC driver will results in warnings like
WARNING: CPU: 60 PID: 14640 at fs/sysfs/group.c:237 device_del+0x54/0x240()
sysfs group ffffffff81eff140 not found for kobject '3:0:0:3'
The problem here is that during scsi_remove_target() we will iterate
over all devices, but fail to remove any of those as the call to
scsi_device_get() fails the check to module_is_live(). Hence the
devices will not be removed at this point, but all intermediate
structures like fc rport etc. will be. Later on during
scsi_forget_host() the devices are removed for real, but the device
parent is already removed and causes this warning.
Signed-off-by: Hannes Reinecke <hare@suse.com>
Reviewed-by: Johannes Thumshirn <jthumshirn@suse.de>
Reviewed-by: Kyle Fortin <kyle.fortin@oracle.com>
Tested-by: Don Brace <don.brace@microsemi.com>
Signed-off-by: Martin K. Petersen <martin.petersen@oracle.com>
_______________________________________________
Xen-devel mailing list
Xen-devel@lists.xen.org
https://lists.xen.org/xen-devel
reply other threads:[~2017-10-18 9:48 UTC|newest]
Thread overview: [no followups] expand[flat|nested] mbox.gz Atom feed
Reply instructions:
You may reply publicly to this message via plain-text email
using any one of the following methods:
* Save the following mbox file, import it into your mail client,
and reply-to-all from there: mbox
Avoid top-posting and favor interleaved quoting:
https://en.wikipedia.org/wiki/Posting_style#Interleaved_style
* Reply using the --to, --cc, and --in-reply-to
switches of git-send-email(1):
git send-email \
--in-reply-to=osstest-114658-mainreport@xen.org \
--to=osstest-admin@xenproject.org \
--cc=xen-devel@lists.xensource.com \
/path/to/YOUR_REPLY
https://kernel.org/pub/software/scm/git/docs/git-send-email.html
* If your mail client supports setting the In-Reply-To header
via mailto: links, try the mailto: link
Be sure your reply has a Subject: header at the top and a blank line
before the message body.
This is a public inbox, see mirroring instructions
for how to clone and mirror all data and code used for this inbox;
as well as URLs for NNTP newsgroup(s).