xen-devel.lists.xenproject.org archive mirror
 help / color / mirror / Atom feed
* [linux-4.1 test] 114665: tolerable FAIL - PUSHED
@ 2017-10-19  6:53 osstest service owner
  0 siblings, 0 replies; only message in thread
From: osstest service owner @ 2017-10-19  6:53 UTC (permalink / raw)
  To: xen-devel, osstest-admin

[-- Attachment #1: Type: text/plain, Size: 23672 bytes --]

flight 114665 linux-4.1 real [real]
http://logs.test-lab.xenproject.org/osstest/logs/114665/

Failures :-/ but no regressions.

Tests which are failing intermittently (not blocking):
 test-armhf-armhf-xl-rtds      7 xen-boot         fail in 114646 pass in 114665
 test-armhf-armhf-xl-vhd       6 xen-install      fail in 114646 pass in 114665
 test-amd64-i386-xl-qemut-stubdom-debianhvm-amd64-xsm 16 guest-localmigrate/x10 fail in 114646 pass in 114665
 test-amd64-i386-xl-qemut-debianhvm-amd64-xsm 17 guest-stop fail in 114646 pass in 114665
 test-armhf-armhf-xl-credit2  16 guest-start/debian.repeat  fail pass in 114646

Regressions which are regarded as allowable (not blocking):
 test-armhf-armhf-xl-rtds    16 guest-start/debian.repeat fail REGR. vs. 113603
 test-amd64-amd64-xl-qemuu-win7-amd64 17 guest-stop       fail REGR. vs. 113603

Tests which did not succeed, but are not blocking:
 test-amd64-amd64-xl-qemut-win7-amd64 17 guest-stop      fail blocked in 113603
 test-amd64-i386-xl-qemut-ws16-amd64 17 guest-stop fail in 114646 blocked in 113603
 test-armhf-armhf-libvirt-xsm 14 saverestore-support-check    fail  like 113603
 test-armhf-armhf-libvirt     14 saverestore-support-check    fail  like 113603
 test-amd64-i386-xl-qemuu-win7-amd64 17 guest-stop             fail like 113603
 test-amd64-i386-xl-qemut-win7-amd64 17 guest-stop             fail like 113603
 test-amd64-i386-libvirt      13 migrate-support-check        fail   never pass
 test-amd64-amd64-xl-pvhv2-intel 12 guest-start                 fail never pass
 test-amd64-amd64-libvirt-xsm 13 migrate-support-check        fail   never pass
 test-amd64-amd64-libvirt     13 migrate-support-check        fail   never pass
 test-amd64-i386-libvirt-xsm  13 migrate-support-check        fail   never pass
 test-amd64-i386-libvirt-qemuu-debianhvm-amd64-xsm 11 migrate-support-check fail never pass
 test-amd64-amd64-xl-pvhv2-amd 12 guest-start                  fail  never pass
 test-amd64-amd64-libvirt-qemuu-debianhvm-amd64-xsm 11 migrate-support-check fail never pass
 test-amd64-i386-libvirt-qcow2 12 migrate-support-check        fail  never pass
 test-armhf-armhf-libvirt-xsm 13 migrate-support-check        fail   never pass
 test-armhf-armhf-xl          13 migrate-support-check        fail   never pass
 test-armhf-armhf-xl          14 saverestore-support-check    fail   never pass
 test-armhf-armhf-xl-arndale  13 migrate-support-check        fail   never pass
 test-armhf-armhf-xl-arndale  14 saverestore-support-check    fail   never pass
 test-amd64-amd64-qemuu-nested-amd 17 debian-hvm-install/l1/l2  fail never pass
 test-amd64-amd64-libvirt-vhd 12 migrate-support-check        fail   never pass
 test-armhf-armhf-xl-rtds     13 migrate-support-check        fail   never pass
 test-armhf-armhf-xl-rtds     14 saverestore-support-check    fail   never pass
 test-armhf-armhf-xl-credit2  13 migrate-support-check        fail   never pass
 test-armhf-armhf-xl-credit2  14 saverestore-support-check    fail   never pass
 test-armhf-armhf-libvirt     13 migrate-support-check        fail   never pass
 test-armhf-armhf-xl-cubietruck 13 migrate-support-check        fail never pass
 test-armhf-armhf-xl-cubietruck 14 saverestore-support-check    fail never pass
 test-armhf-armhf-xl-multivcpu 13 migrate-support-check        fail  never pass
 test-armhf-armhf-xl-multivcpu 14 saverestore-support-check    fail  never pass
 test-armhf-armhf-xl-xsm      13 migrate-support-check        fail   never pass
 test-armhf-armhf-xl-xsm      14 saverestore-support-check    fail   never pass
 test-amd64-i386-xl-qemuu-ws16-amd64 17 guest-stop              fail never pass
 test-amd64-amd64-xl-qemuu-ws16-amd64 17 guest-stop             fail never pass
 test-armhf-armhf-libvirt-raw 12 migrate-support-check        fail   never pass
 test-armhf-armhf-libvirt-raw 13 saverestore-support-check    fail   never pass
 test-armhf-armhf-xl-vhd      12 migrate-support-check        fail   never pass
 test-armhf-armhf-xl-vhd      13 saverestore-support-check    fail   never pass
 test-amd64-amd64-xl-qemut-ws16-amd64 17 guest-stop             fail never pass
 test-amd64-i386-xl-qemuu-win10-i386 10 windows-install         fail never pass
 test-amd64-amd64-xl-qemuu-win10-i386 10 windows-install        fail never pass
 test-amd64-amd64-xl-qemut-win10-i386 10 windows-install        fail never pass
 test-amd64-i386-xl-qemut-win10-i386 10 windows-install         fail never pass

version targeted for testing:
 linux                b8342068e3011832d723aa379a3180d37a4d59df
baseline version:
 linux                5fbef6af7dd9a92605bb7c426f26bd122fd0cd74

Last test of basis   113603  2017-09-19 13:21:36 Z   29 days
Testing same since   114646  2017-10-17 10:48:56 Z    1 days    2 attempts

------------------------------------------------------------
People who touched revisions under test:
  Aaron Ma <aaron.ma@canonical.com>
  AL Yu-Chen Cho <acho@suse.com>
  Alan Stern <stern@rowland.harvard.edu>
  Aleksa Sarai <asarai@suse.de>
  Aleksandr Bezzubikov <zuban32s@gmail.com>
  Alex Deucher <alexander.deucher@amd.com>
  Alexander Potapenko <glider@google.com>
  Andrew Morton <akpm@linux-foundation.org>
  Andrey Korolyov <andrey@xdel.ru>
  Andy Lutomirski <luto@kernel.org>
  Archit Taneja <architt@codeaurora.org>
  Arnd Bergmann <arnd@arndb.de>
  Baohong Liu <baohong.liu@intel.com>
  Bart Van Assche <bart.vanassche@wdc.com>
  Bastien Nocera <hadess@hadess.net>
  Ben Hutchings <ben@decadent.org.uk>
  Ben Seri <ben@armis.com>
  Benjamin Block <bblock@linux.vnet.ibm.com>
  Bjorn Helgaas <bhelgaas@google.com>
  Boris Brezillon <boris.brezillon@free-electrons.com>
  Charles Milette <charles.milette@gmail.com>
  Charles Milette <charlesmilette@gmail.com>
  Chris Wilson <chris@chris-wilson.co.uk>
  Christian Lamparter <chunkeey@googlemail.com>
  Christophe JAILLET <christophe.jaillet@wanadoo.fr>
  Chuck Lever <chuck.lever@oracle.com>
  Chunyu Hu <chuhu@redhat.com>
  Claudiu Manoil <claudiu.manoil@nxp.com>
  Colin Ian King <colin.king@canonical.com>
  Coly Li <colyli@suse.de>
  Cong Wang <xiyou.wangcong@gmail.com>
  Dan Carpenter <dan.carpenter@oracle.com>
  Dan Priamo <danp@adiengineering.com>
  Daniel Mentz <danielmentz@google.com>
  Dave Chinner <david@fromorbit.com>
  Dave Martin <Dave.Martin@arm.com>
  David S. Miller <davem@davemloft.net>
  David Sterba <dsterba@suse.com>
  David Teigland <teigland@redhat.com>
  Dick Kennedy <dick.kennedy@avagotech.com>
  Dmitry Fleytman <dmitry@daynix.com>
  Dmitry Torokhov <dmitry.torokhov@gmail.com>
  Dmitry Tunin <hanipouspilot@gmail.com>
  Douglas Anderson <dianders@chromium.org>
  Douglas Gilbert <dgilbert@interlog.com>
  Dragos Bogdan <dragos.bogdan@analog.com>
  Edwin Török <edvin.torok@citrix.com>
  Eric Dumazet <edumazet@google.com>
  Florian Fainelli <f.fainelli@gmail.com>
  Florian Westphal <fw@strlen.de>
  Greg Kroah-Hartman <gregkh@linuxfoundation.org>
  Guenter Roeck <linux@roeck-us.net>
  Hannes Reinecke <hare@suse.com>
  Hannes Reinecke <hare@suse.de>
  Hans Verkuil <hans.verkuil@cisco.com>
  Hector Martin <marcan@marcan.st>
  Helge Deller <deller@gmx.de>
  Herbert Xu <herbert@gondor.apana.org.au>
  Ingo Molnar <mingo@kernel.org>
  J. Bruce Fields <bfields@redhat.com>
  Jaegeuk Kim <jaegeuk@kernel.org>
  James Hogan <james.hogan@imgtec.com>
  James Morse <james.morse@arm.com>
  James Smart <james.smart@avagotech.com>
  James Smart <james.smart@broadcom.com>
  Jan Kara <jack@suse.cz>
  Jeffy Chen <jeffy.chen@rock-chips.com>
  Jens Axboe <axboe@kernel.dk>
  Jiri Slaby <jslaby@suse.cz>
  Joerg Roedel <jroedel@suse.de>
  Johan Hovold <johan@kernel.org>
  Johannes Thumshirn <jthumshirn@suse.de>
  John Stultz <john.stultz@linaro.org>
  Jonathan Cameron <Jonathan.Cameron@huawei.com>
  Joonas Lahtinen <joonas.lahtinen@linux.intel.com>
  Jose Abreu <joabreu@synopsys.com>
  Jose Abreu <Jose.Abreu@synopsys.com>
  Kai-Heng Feng <kai.heng.feng@canonical.com>
  Kalle Valo <kvalo@codeaurora.org>
  Kalle Valo <kvalo@qca.qualcomm.com>
  Kashyap Desai <kashyap.desai@broadcom.com>
  Kent Overstreet <kent.overstreet@gmail.com>
  Koji Matsuoka <koji.matsuoka.xm@renesas.com>
  Konstantin Khlebnikov <khlebnikov@yandex-team.ru>
  Kuninori Morimoto <kuninori.morimoto.gx@renesas.com>
  Lars-Peter Clausen <lars@metafoo.de>
  Laurent Pinchart <laurent.pinchart+renesas@ideasonboard.com>
  Laurent Pinchart <laurent.pinchart@ideasonboard.com>
  Linus Torvalds <torvalds@linux-foundation.org>
  Liping Zhang <zlpnobody@gmail.com>
  Long Li <longli@microsoft.com>
  Maarten Lankhorst <maarten.lankhorst@linux.intel.com>
  Maciej S. Szmigiero <mail@maciej.szmigiero.name>
  Marc Gonzalez <marc_gonzalez@sigmadesigns.com>
  Marc Zyngier <marc.zyngier@arm.com>
  Marcel Holtmann <marcel@holtmann.org>
  Marcelo Ricardo Leitner <marcelo.leitner@gmail.com>
  Mark Brown <broonie@kernel.org>
  Mark Rutland <mark.rutland@arm.com>
  Martijn Coenen <maco@android.com>
  Martin K. Petersen <martin.petersen@oracle.com>
  Mathias Nyman <mathias.nyman@linux.intel.com>
  Matt Turner <mattst88@gmail.com>
  Mauro Carvalho Chehab <mchehab@s-opensource.com>
  Michael Cree <mcree@orcon.net.nz>
  Michael Ellerman <mpe@ellerman.id.au>
  Michael Lyle <mlyle@lyle.org>
  Michael S. Tsirkin <mst@redhat.com>
  Michal Hocko <mhocko@suse.com>
  Neal Cardwell <ncardwell@google.com>
  Neil Horman <nhorman@tuxdriver.com>
  NeilBrown <neilb@suse.com>
  Nikolay Borisov <nborisov@suse.com>
  Oleg Nesterov <oleg@redhat.com>
  Oscar Campos <oscar.campos@member.fsf.org>
  Pablo Neira Ayuso <pablo@netfilter.org>
  Paul Burton <paul.burton@imgtec.com>
  Paul E. McKenney <paulmck@linux.vnet.ibm.com>
  Paul Moore <paul@paul-moore.com>
  Pavel Machek <pavel@ucw.cz>
  Pavel Shilovsky <pshilov@microsoft.com>
  Peter Hutterer <peter.hutterer@who-t.net>
  Peter Zijlstra (Intel) <peterz@infradead.org>
  Pierguido Lambri <plambri@redhat.com>
  Rafael J. Wysocki <rafael.j.wysocki@intel.com>
  Rakesh Pillai <pillair@qti.qualcomm.com>
  Ralf Baechle <ralf@linux-mips.org>
  Richard Wareing <rwareing@fb.com>
  Rohit Vaswani <rvaswani@nvidia.com>
  Ronnie Sahlberg <lsahlber@redhat.com>
  Russell King <rmk+kernel@armlinux.org.uk>
  Sabrina Dubroca <sd@queasysnail.net>
  Sachin Prabhu <sprabhu@redhat.com>
  Sandeep Singh <Sandeep.Singh@amd.com>
  Sasha Levin <alexander.levin@verizon.com>
  Sergey Senozhatsky <sergey.senozhatsky@gmail.com>
  Shaohua Li <shli@fb.com>
  Shivasharan S <shivasharan.srikanteshwara@broadcom.com>
  Shyam Sundar S K <Shyam-sundar.S-k@amd.com>
  Srinivas Pandruvada <srinivas.pandruvada@linux.intel.com>
  Stefano Brivio <sbrivio@redhat.com>
  Steffen Klassert <steffen.klassert@secunet.com>
  Steffen Maier <maier@linux.vnet.ibm.com>
  Stephan Mueller <smueller@chronox.de>
  Stephen Douthit <stephend@adiengineering.com>
  Steve Capper <steve.capper@arm.com>
  Steve French <smfrench@gmail.com>
  Steven Rostedt (VMware) <rostedt@goodmis.org>
  Takashi Iwai <tiwai@suse.de>
  Tang Junhui <tang.junhui@zte.com.cn>
  Tejun Heo <tj@kernel.org>
  Theodore Ts'o <tytso@mit.edu>
  Thomas Bogendoerfer <tsbogend@alpha.franken.de>
  Todd Poynor <toddpoynor@google.com>
  Tony Asleson <tasleson@redhat.com>
  Tony Jones <tonyj@suse.de>
  Vineet Gupta <vgupta@synopsys.com>
  Vladis Dronov <vdronov@redhat.com>
  Wei Wang <weiwan@google.com>
  Will Deacon <will.deacon@arm.com>
  Wolfram Sang <wsa+renesas@sang-engineering.com>
  Wolfram Sang <wsa@the-dreams.de>
  Xiangliang.Yu <Xiangliang.Yu@amd.com>
  Yang Shi <yang.shi@linaro.org>
  Yuchung Cheng <ycheng@google.com>
  zhangyi (F) <yi.zhang@huawei.com>
  zhong jiang <zhongjiang@huawei.com>

jobs:
 build-amd64-xsm                                              pass    
 build-armhf-xsm                                              pass    
 build-i386-xsm                                               pass    
 build-amd64                                                  pass    
 build-armhf                                                  pass    
 build-i386                                                   pass    
 build-amd64-libvirt                                          pass    
 build-armhf-libvirt                                          pass    
 build-i386-libvirt                                           pass    
 build-amd64-pvops                                            pass    
 build-armhf-pvops                                            pass    
 build-i386-pvops                                             pass    
 build-amd64-rumprun                                          pass    
 build-i386-rumprun                                           pass    
 test-amd64-amd64-xl                                          pass    
 test-armhf-armhf-xl                                          pass    
 test-amd64-i386-xl                                           pass    
 test-amd64-amd64-xl-qemut-debianhvm-amd64-xsm                pass    
 test-amd64-i386-xl-qemut-debianhvm-amd64-xsm                 pass    
 test-amd64-amd64-libvirt-qemuu-debianhvm-amd64-xsm           pass    
 test-amd64-i386-libvirt-qemuu-debianhvm-amd64-xsm            pass    
 test-amd64-amd64-xl-qemuu-debianhvm-amd64-xsm                pass    
 test-amd64-i386-xl-qemuu-debianhvm-amd64-xsm                 pass    
 test-amd64-amd64-xl-qemut-stubdom-debianhvm-amd64-xsm        pass    
 test-amd64-i386-xl-qemut-stubdom-debianhvm-amd64-xsm         pass    
 test-amd64-amd64-libvirt-xsm                                 pass    
 test-armhf-armhf-libvirt-xsm                                 pass    
 test-amd64-i386-libvirt-xsm                                  pass    
 test-amd64-amd64-xl-xsm                                      pass    
 test-armhf-armhf-xl-xsm                                      pass    
 test-amd64-i386-xl-xsm                                       pass    
 test-amd64-amd64-qemuu-nested-amd                            fail    
 test-amd64-amd64-xl-pvhv2-amd                                fail    
 test-amd64-i386-qemut-rhel6hvm-amd                           pass    
 test-amd64-i386-qemuu-rhel6hvm-amd                           pass    
 test-amd64-amd64-xl-qemut-debianhvm-amd64                    pass    
 test-amd64-i386-xl-qemut-debianhvm-amd64                     pass    
 test-amd64-amd64-xl-qemuu-debianhvm-amd64                    pass    
 test-amd64-i386-xl-qemuu-debianhvm-amd64                     pass    
 test-amd64-i386-freebsd10-amd64                              pass    
 test-amd64-amd64-xl-qemuu-ovmf-amd64                         pass    
 test-amd64-i386-xl-qemuu-ovmf-amd64                          pass    
 test-amd64-amd64-rumprun-amd64                               pass    
 test-amd64-amd64-xl-qemut-win7-amd64                         fail    
 test-amd64-i386-xl-qemut-win7-amd64                          fail    
 test-amd64-amd64-xl-qemuu-win7-amd64                         fail    
 test-amd64-i386-xl-qemuu-win7-amd64                          fail    
 test-amd64-amd64-xl-qemut-ws16-amd64                         fail    
 test-amd64-i386-xl-qemut-ws16-amd64                          pass    
 test-amd64-amd64-xl-qemuu-ws16-amd64                         fail    
 test-amd64-i386-xl-qemuu-ws16-amd64                          fail    
 test-armhf-armhf-xl-arndale                                  pass    
 test-amd64-amd64-xl-credit2                                  pass    
 test-armhf-armhf-xl-credit2                                  fail    
 test-armhf-armhf-xl-cubietruck                               pass    
 test-amd64-amd64-examine                                     pass    
 test-armhf-armhf-examine                                     pass    
 test-amd64-i386-examine                                      pass    
 test-amd64-i386-freebsd10-i386                               pass    
 test-amd64-i386-rumprun-i386                                 pass    
 test-amd64-amd64-xl-qemut-win10-i386                         fail    
 test-amd64-i386-xl-qemut-win10-i386                          fail    
 test-amd64-amd64-xl-qemuu-win10-i386                         fail    
 test-amd64-i386-xl-qemuu-win10-i386                          fail    
 test-amd64-amd64-qemuu-nested-intel                          pass    
 test-amd64-amd64-xl-pvhv2-intel                              fail    
 test-amd64-i386-qemut-rhel6hvm-intel                         pass    
 test-amd64-i386-qemuu-rhel6hvm-intel                         pass    
 test-amd64-amd64-libvirt                                     pass    
 test-armhf-armhf-libvirt                                     pass    
 test-amd64-i386-libvirt                                      pass    
 test-amd64-amd64-xl-multivcpu                                pass    
 test-armhf-armhf-xl-multivcpu                                pass    
 test-amd64-amd64-pair                                        pass    
 test-amd64-i386-pair                                         pass    
 test-amd64-amd64-libvirt-pair                                pass    
 test-amd64-i386-libvirt-pair                                 pass    
 test-amd64-amd64-amd64-pvgrub                                pass    
 test-amd64-amd64-i386-pvgrub                                 pass    
 test-amd64-amd64-pygrub                                      pass    
 test-amd64-i386-libvirt-qcow2                                pass    
 test-amd64-amd64-xl-qcow2                                    pass    
 test-armhf-armhf-libvirt-raw                                 pass    
 test-amd64-i386-xl-raw                                       pass    
 test-amd64-amd64-xl-rtds                                     pass    
 test-armhf-armhf-xl-rtds                                     fail    
 test-amd64-amd64-libvirt-vhd                                 pass    
 test-armhf-armhf-xl-vhd                                      pass    


------------------------------------------------------------
sg-report-flight on osstest.test-lab.xenproject.org
logs: /home/logs/logs
images: /home/logs/images

Logs, config files, etc. are available at
    http://logs.test-lab.xenproject.org/osstest/logs

Explanation of these reports, and of osstest in general, is at
    http://xenbits.xen.org/gitweb/?p=osstest.git;a=blob;f=README.email;hb=master
    http://xenbits.xen.org/gitweb/?p=osstest.git;a=blob;f=README;hb=master

Test harness code can be found at
    http://xenbits.xen.org/gitweb?p=osstest.git;a=summary


Pushing revision :

+ branch=linux-4.1
+ revision=b8342068e3011832d723aa379a3180d37a4d59df
+ . ./cri-lock-repos
++ . ./cri-common
+++ . ./cri-getconfig
++++ export PERLLIB=.:.
++++ PERLLIB=.:.
+++ umask 002
+++ getrepos
++++ getconfig Repos
++++ perl -e '
                use Osstest;
                readglobalconfig();
                print $c{"Repos"} or die $!;
        '
+++ local repos=/home/osstest/repos
+++ '[' -z /home/osstest/repos ']'
+++ '[' '!' -d /home/osstest/repos ']'
+++ echo /home/osstest/repos
++ repos=/home/osstest/repos
++ repos_lock=/home/osstest/repos/lock
++ '[' x '!=' x/home/osstest/repos/lock ']'
++ OSSTEST_REPOS_LOCK_LOCKED=/home/osstest/repos/lock
++ exec with-lock-ex -w /home/osstest/repos/lock ./ap-push linux-4.1 b8342068e3011832d723aa379a3180d37a4d59df
+ branch=linux-4.1
+ revision=b8342068e3011832d723aa379a3180d37a4d59df
+ . ./cri-lock-repos
++ . ./cri-common
+++ . ./cri-getconfig
++++ export PERLLIB=.:.:.
++++ PERLLIB=.:.:.
+++ umask 002
+++ getrepos
++++ getconfig Repos
++++ perl -e '
                use Osstest;
                readglobalconfig();
                print $c{"Repos"} or die $!;
        '
+++ local repos=/home/osstest/repos
+++ '[' -z /home/osstest/repos ']'
+++ '[' '!' -d /home/osstest/repos ']'
+++ echo /home/osstest/repos
++ repos=/home/osstest/repos
++ repos_lock=/home/osstest/repos/lock
++ '[' x/home/osstest/repos/lock '!=' x/home/osstest/repos/lock ']'
+ . ./cri-common
++ . ./cri-getconfig
+++ export PERLLIB=.:.:.:.
+++ PERLLIB=.:.:.:.
++ umask 002
+ select_xenbranch
+ case "$branch" in
+ tree=linux
+ xenbranch=xen-unstable
+ '[' xlinux = xlinux ']'
+ linuxbranch=linux-4.1
+ '[' x = x ']'
+ qemuubranch=qemu-upstream-unstable
+ select_prevxenbranch
++ ./cri-getprevxenbranch xen-unstable
+ prevxenbranch=xen-4.9-testing
+ '[' xb8342068e3011832d723aa379a3180d37a4d59df = x ']'
+ : tested/2.6.39.x
+ . ./ap-common
++ : osstest@xenbits.xen.org
+++ getconfig OsstestUpstream
+++ perl -e '
                use Osstest;
                readglobalconfig();
                print $c{"OsstestUpstream"} or die $!;
        '
++ :
++ : git://xenbits.xen.org/xen.git
++ : osstest@xenbits.xen.org:/home/xen/git/xen.git
++ : git://xenbits.xen.org/qemu-xen-traditional.git
++ : git://git.kernel.org
++ : git://git.kernel.org/pub/scm/linux/kernel/git
++ : git
++ : git://xenbits.xen.org/xtf.git
++ : osstest@xenbits.xen.org:/home/xen/git/xtf.git
++ : git://xenbits.xen.org/xtf.git
++ : git://xenbits.xen.org/libvirt.git
++ : osstest@xenbits.xen.org:/home/xen/git/libvirt.git
++ : git://xenbits.xen.org/libvirt.git
++ : git://xenbits.xen.org/osstest/rumprun.git
++ : git
++ : git://xenbits.xen.org/osstest/rumprun.git
++ : osstest@xenbits.xen.org:/home/xen/git/osstest/rumprun.git
++ : git://git.seabios.org/seabios.git
++ : osstest@xenbits.xen.org:/home/xen/git/osstest/seabios.git
++ : git://xenbits.xen.org/osstest/seabios.git
++ : https://github.com/tianocore/edk2.git
++ : osstest@xenbits.xen.org:/home/xen/git/osstest/ovmf.git
++ : git://xenbits.xen.org/osstest/ovmf.git
++ : git://xenbits.xen.org/osstest/linux-firmware.git
++ : osstest@xenbits.xen.org:/home/osstest/ext/linux-firmware.git
++ : git://git.kernel.org/pub/scm/linux/kernel/git/firmware/linux-firmware.git
++ : osstest@xenbits.xen.org:/home/xen/git/linux-pvops.git
++ : git://xenbits.xen.org/linux-pvops.git
++ : tested/linux-4.9
++ : tested/linux-arm-xen
++ '[' xgit://git.kernel.org/pub/scm/linux/kernel/git/stable/linux-stable.git = x ']'
++ '[' xgit://git.kernel.org/pub/scm/linux/kernel/git/stable/linux-stable.git = x ']'
++ : git://git.kernel.org/pub/scm/linux/kernel/git/konrad/xen.git
++ : tested/2.6.39.x
++ : daily-cron.linux-4.1
++ : daily-cron.linux-4.1
++ : daily-cron.linux-4.1
++ : daily-cron.linux-4.1
++ : daily-cron.linux-4.1
++ : daily-cron.linux-4.1
++ : daily-cron.linux-4.1
++ : http://hg.uk.xensource.com/carbon/trunk/linux-2.6.27
++ : git://xenbits.xen.org/qemu-xen.git
++ : osstest@xenbits.xen.org:/home/xen/git/qemu-xen.git
++ : daily-cron.linux-4.1
++ : git://xenbits.xen.org/qemu-xen.git
++ : git://git.qemu.org/qemu.git
+ TREE_LINUX=osstest@xenbits.xen.org:/home/xen/git/linux-pvops.git
+ TREE_QEMU_UPSTREAM=osstest@xenbits.xen.org:/home/xen/git/qemu-xen.git
+ TREE_XEN=osstest@xenbits.xen.org:/home/xen/git/xen.git
+ TREE_LIBVIRT=osstest@xenbits.xen.org:/home/xen/git/libvirt.git
+ TREE_RUMPRUN=osstest@xenbits.xen.org:/home/xen/git/osstest/rumprun.git
+ TREE_SEABIOS=osstest@xenbits.xen.org:/home/xen/git/osstest/seabios.git
+ TREE_OVMF=osstest@xenbits.xen.org:/home/xen/git/osstest/ovmf.git
+ TREE_XTF=osstest@xenbits.xen.org:/home/xen/git/xtf.git
+ info_linux_tree linux-4.1
+ case $1 in
+ : git://git.kernel.org/pub/scm/linux/kernel/git/stable/linux-stable.git
+ : linux-4.1.y
+ : linux-4.1.y
+ : git
+ : git
+ : git://xenbits.xen.org/linux-pvops.git
+ : osstest@xenbits.xen.org:/home/xen/git/linux-pvops.git
+ : tested/linux-4.1
+ : refs/heads/tested/linux-4.1
+ return 0
+ cd /home/osstest/repos/linux
+ git push osstest@xenbits.xen.org:/home/xen/git/linux-pvops.git b8342068e3011832d723aa379a3180d37a4d59df:refs/heads/tested/linux-4.1
To osstest@xenbits.xen.org:/home/xen/git/linux-pvops.git
   5fbef6a..b834206  b8342068e3011832d723aa379a3180d37a4d59df -> tested/linux-4.1
+ exit 0


[-- Attachment #2: Type: text/plain, Size: 127 bytes --]

_______________________________________________
Xen-devel mailing list
Xen-devel@lists.xen.org
https://lists.xen.org/xen-devel

^ permalink raw reply	[flat|nested] only message in thread

only message in thread, other threads:[~2017-10-19  6:53 UTC | newest]

Thread overview: (only message) (download: mbox.gz follow: Atom feed
-- links below jump to the message on this page --
2017-10-19  6:53 [linux-4.1 test] 114665: tolerable FAIL - PUSHED osstest service owner

This is a public inbox, see mirroring instructions
for how to clone and mirror all data and code used for this inbox;
as well as URLs for NNTP newsgroup(s).