* [linux-4.9 test] 114676: trouble: blocked/broken/fail/pass
@ 2017-10-19 14:56 osstest service owner
0 siblings, 0 replies; only message in thread
From: osstest service owner @ 2017-10-19 14:56 UTC (permalink / raw)
To: xen-devel, osstest-admin
[-- Attachment #1: Type: text/plain, Size: 12595 bytes --]
flight 114676 linux-4.9 real [real]
http://logs.test-lab.xenproject.org/osstest/logs/114676/
Failures and problems with tests :-(
Tests which did not succeed and are blocking,
including tests which could not be run:
build-armhf-pvops <job status> broken
build-armhf-pvops 4 host-install(4) broken REGR. vs. 114469
Tests which did not succeed, but are not blocking:
test-armhf-armhf-xl-multivcpu 1 build-check(1) blocked n/a
test-armhf-armhf-libvirt 1 build-check(1) blocked n/a
test-armhf-armhf-libvirt-raw 1 build-check(1) blocked n/a
test-armhf-armhf-examine 1 build-check(1) blocked n/a
test-armhf-armhf-xl 1 build-check(1) blocked n/a
test-armhf-armhf-xl-vhd 1 build-check(1) blocked n/a
test-armhf-armhf-xl-credit2 1 build-check(1) blocked n/a
test-armhf-armhf-xl-cubietruck 1 build-check(1) blocked n/a
test-armhf-armhf-xl-rtds 1 build-check(1) blocked n/a
test-armhf-armhf-xl-arndale 1 build-check(1) blocked n/a
test-armhf-armhf-libvirt-xsm 1 build-check(1) blocked n/a
test-armhf-armhf-xl-xsm 1 build-check(1) blocked n/a
test-amd64-amd64-xl-qemut-win7-amd64 17 guest-stop fail like 114469
test-amd64-i386-xl-qemut-win7-amd64 17 guest-stop fail like 114469
test-amd64-i386-xl-qemuu-win7-amd64 17 guest-stop fail like 114469
test-amd64-amd64-xl-pvhv2-intel 12 guest-start fail never pass
test-amd64-amd64-xl-pvhv2-amd 12 guest-start fail never pass
test-amd64-amd64-libvirt 13 migrate-support-check fail never pass
test-amd64-amd64-libvirt-xsm 13 migrate-support-check fail never pass
test-amd64-i386-libvirt-xsm 13 migrate-support-check fail never pass
test-amd64-i386-libvirt 13 migrate-support-check fail never pass
test-amd64-i386-libvirt-qcow2 12 migrate-support-check fail never pass
test-amd64-i386-libvirt-qemuu-debianhvm-amd64-xsm 11 migrate-support-check fail never pass
test-amd64-amd64-libvirt-qemuu-debianhvm-amd64-xsm 11 migrate-support-check fail never pass
test-amd64-amd64-qemuu-nested-amd 17 debian-hvm-install/l1/l2 fail never pass
test-amd64-amd64-libvirt-vhd 12 migrate-support-check fail never pass
test-amd64-i386-xl-qemuu-ws16-amd64 17 guest-stop fail never pass
test-amd64-i386-xl-qemut-ws16-amd64 17 guest-stop fail never pass
test-amd64-amd64-xl-qemut-ws16-amd64 17 guest-stop fail never pass
test-amd64-i386-xl-qemut-win10-i386 10 windows-install fail never pass
test-amd64-amd64-xl-qemuu-win10-i386 10 windows-install fail never pass
test-amd64-amd64-xl-qemut-win10-i386 10 windows-install fail never pass
test-amd64-i386-xl-qemuu-win10-i386 10 windows-install fail never pass
version targeted for testing:
linux 5d7a76acad403638f635c918cc63d1d44ffa4065
baseline version:
linux 9d36d3eff2f85efad0a3b0c6031081654ae33928
Last test of basis 114469 2017-10-13 12:50:00 Z 6 days
Testing same since 114676 2017-10-18 07:55:57 Z 1 days 1 attempts
------------------------------------------------------------
People who touched revisions under test:
Al Viro <viro@zeniv.linux.org.uk>
Alan Stern <stern@rowland.harvard.edu>
Andreas Engel <anen-nospam@gmx.net>
Andreas Gruenbacher <agruenba@redhat.com>
Andrew Gabbasov <andrew_gabbasov@mentor.com>
Andrew Morton <akpm@linux-foundation.org>
Andrey Konovalov <andreyknvl@google.com>
Darrick J. Wong <darrick.wong@oracle.com>
Felipe Balbi <felipe.balbi@linux.intel.com>
Greg Kroah-Hartman <gregkh@linuxfoundation.org>
Haozhong Zhang <haozhong.zhang@intel.com>
Henryk Heisig <hyniu@o2.pl>
Herbert Xu <herbert@gondor.apana.org.au>
Jaejoong Kim <climbbb.kim@gmail.com>
Jani Nikula <jani.nikula@intel.com>
Jarkko Nikula <jarkko.nikula@linux.intel.com>
Jeffrey Chu <jeffrey.chu@cypress.com>
Jiri Kosina <jkosina@suse.cz>
Joerg Roedel <jroedel@suse.de>
Johan Hovold <johan@kernel.org>
Johannes Berg <johannes.berg@intel.com>
Johannes Thumshirn <jthumshirn@suse.de>
Jouni Malinen <jouni@qca.qualcomm.com>
Kazuya Mizuguchi <kazuya.mizuguchi.ks@renesas.com>
Ladi Prosek <lprosek@redhat.com>
Linus Torvalds <torvalds@linux-foundation.org>
Linus Walleij <linus.walleij@linaro.org>
Manasi Navare <manasi.d.navare@intel.com>
Mathias Krause <minipli@googlemail.com>
Matthew Wilcox <mawilcox@microsoft.com>
Matthew Wilcox <willy@infradead.org>
Paolo Bonzini <pbonzini@redhat.com>
Paul Burton <paul.burton@imgtec.com>
Paul E. McKenney <paulmck@linux.vnet.ibm.com>
Pavel Shilovsky <pshilov@microsoft.com>
Peng Xu <pxu@qti.qualcomm.com>
Peter Ujfalusi <peter.ujfalusi@ti.com>
Petr Mladek <pmladek@suse.com>
Rafael J. Wysocki <rafael.j.wysocki@intel.com>
Ralf Baechle <ralf@linux-mips.org>
Rodrigo Vivi <rodrigo.vivi@intel.com>
Shrirang Bagul <shrirang.bagul@canonical.com>
Stephan Müller <smueller@chronox.de>
Steve French <smfrench@gmail.com>
Steven Rostedt (VMware) <rostedt@goodmis.org>
Takashi Iwai <tiwai@suse.de>
Theodore Ts'o <tytso@mit.edu>
Thomas Gleixner <tglx@linutronix.de>
Toshi Kani <toshi.kani@hpe.com>
Ville Syrjälä <ville.syrjala@linux.intel.com>
Vinod Koul <vinod.koul@intel.com>
Vitaly Mayatskikh <v.mayatskih@gmail.com>
Yoshihiro Shimoda <yoshihiro.shimoda.uh@renesas.com>
jobs:
build-amd64-xsm pass
build-armhf-xsm pass
build-i386-xsm pass
build-amd64 pass
build-armhf pass
build-i386 pass
build-amd64-libvirt pass
build-armhf-libvirt pass
build-i386-libvirt pass
build-amd64-pvops pass
build-armhf-pvops broken
build-i386-pvops pass
build-amd64-rumprun pass
build-i386-rumprun pass
test-amd64-amd64-xl pass
test-armhf-armhf-xl blocked
test-amd64-i386-xl pass
test-amd64-amd64-xl-qemut-debianhvm-amd64-xsm pass
test-amd64-i386-xl-qemut-debianhvm-amd64-xsm pass
test-amd64-amd64-libvirt-qemuu-debianhvm-amd64-xsm pass
test-amd64-i386-libvirt-qemuu-debianhvm-amd64-xsm pass
test-amd64-amd64-xl-qemuu-debianhvm-amd64-xsm pass
test-amd64-i386-xl-qemuu-debianhvm-amd64-xsm pass
test-amd64-amd64-xl-qemut-stubdom-debianhvm-amd64-xsm pass
test-amd64-i386-xl-qemut-stubdom-debianhvm-amd64-xsm pass
test-amd64-amd64-libvirt-xsm pass
test-armhf-armhf-libvirt-xsm blocked
test-amd64-i386-libvirt-xsm pass
test-amd64-amd64-xl-xsm pass
test-armhf-armhf-xl-xsm blocked
test-amd64-i386-xl-xsm pass
test-amd64-amd64-qemuu-nested-amd fail
test-amd64-amd64-xl-pvhv2-amd fail
test-amd64-i386-qemut-rhel6hvm-amd pass
test-amd64-i386-qemuu-rhel6hvm-amd pass
test-amd64-amd64-xl-qemut-debianhvm-amd64 pass
test-amd64-i386-xl-qemut-debianhvm-amd64 pass
test-amd64-amd64-xl-qemuu-debianhvm-amd64 pass
test-amd64-i386-xl-qemuu-debianhvm-amd64 pass
test-amd64-i386-freebsd10-amd64 pass
test-amd64-amd64-xl-qemuu-ovmf-amd64 pass
test-amd64-i386-xl-qemuu-ovmf-amd64 pass
test-amd64-amd64-rumprun-amd64 pass
test-amd64-amd64-xl-qemut-win7-amd64 fail
test-amd64-i386-xl-qemut-win7-amd64 fail
test-amd64-amd64-xl-qemuu-win7-amd64 pass
test-amd64-i386-xl-qemuu-win7-amd64 fail
test-amd64-amd64-xl-qemut-ws16-amd64 fail
test-amd64-i386-xl-qemut-ws16-amd64 fail
test-amd64-amd64-xl-qemuu-ws16-amd64 pass
test-amd64-i386-xl-qemuu-ws16-amd64 fail
test-armhf-armhf-xl-arndale blocked
test-amd64-amd64-xl-credit2 pass
test-armhf-armhf-xl-credit2 blocked
test-armhf-armhf-xl-cubietruck blocked
test-amd64-amd64-examine pass
test-armhf-armhf-examine blocked
test-amd64-i386-examine pass
test-amd64-i386-freebsd10-i386 pass
test-amd64-i386-rumprun-i386 pass
test-amd64-amd64-xl-qemut-win10-i386 fail
test-amd64-i386-xl-qemut-win10-i386 fail
test-amd64-amd64-xl-qemuu-win10-i386 fail
test-amd64-i386-xl-qemuu-win10-i386 fail
test-amd64-amd64-qemuu-nested-intel pass
test-amd64-amd64-xl-pvhv2-intel fail
test-amd64-i386-qemut-rhel6hvm-intel pass
test-amd64-i386-qemuu-rhel6hvm-intel pass
test-amd64-amd64-libvirt pass
test-armhf-armhf-libvirt blocked
test-amd64-i386-libvirt pass
test-amd64-amd64-xl-multivcpu pass
test-armhf-armhf-xl-multivcpu blocked
test-amd64-amd64-pair pass
test-amd64-i386-pair pass
test-amd64-amd64-libvirt-pair pass
test-amd64-i386-libvirt-pair pass
test-amd64-amd64-amd64-pvgrub pass
test-amd64-amd64-i386-pvgrub pass
test-amd64-amd64-pygrub pass
test-amd64-i386-libvirt-qcow2 pass
test-amd64-amd64-xl-qcow2 pass
test-armhf-armhf-libvirt-raw blocked
test-amd64-i386-xl-raw pass
test-amd64-amd64-xl-rtds pass
test-armhf-armhf-xl-rtds blocked
test-amd64-amd64-libvirt-vhd pass
test-armhf-armhf-xl-vhd blocked
------------------------------------------------------------
sg-report-flight on osstest.test-lab.xenproject.org
logs: /home/logs/logs
images: /home/logs/images
Logs, config files, etc. are available at
http://logs.test-lab.xenproject.org/osstest/logs
Explanation of these reports, and of osstest in general, is at
http://xenbits.xen.org/gitweb/?p=osstest.git;a=blob;f=README.email;hb=master
http://xenbits.xen.org/gitweb/?p=osstest.git;a=blob;f=README;hb=master
Test harness code can be found at
http://xenbits.xen.org/gitweb?p=osstest.git;a=summary
broken-job build-armhf-pvops broken
broken-step build-armhf-pvops host-install(4)
Not pushing.
(No revision log; it would be 1176 lines long.)
[-- Attachment #2: Type: text/plain, Size: 127 bytes --]
_______________________________________________
Xen-devel mailing list
Xen-devel@lists.xen.org
https://lists.xen.org/xen-devel
^ permalink raw reply [flat|nested] only message in thread
only message in thread, other threads:[~2017-10-19 14:56 UTC | newest]
Thread overview: (only message) (download: mbox.gz follow: Atom feed
-- links below jump to the message on this page --
2017-10-19 14:56 [linux-4.9 test] 114676: trouble: blocked/broken/fail/pass osstest service owner
This is a public inbox, see mirroring instructions
for how to clone and mirror all data and code used for this inbox;
as well as URLs for NNTP newsgroup(s).