* [xen-4.9-testing test] 114733: regressions - FAIL
@ 2017-10-20 10:17 osstest service owner
0 siblings, 0 replies; only message in thread
From: osstest service owner @ 2017-10-20 10:17 UTC (permalink / raw)
To: xen-devel, osstest-admin
flight 114733 xen-4.9-testing real [real]
http://logs.test-lab.xenproject.org/osstest/logs/114733/
Regressions :-(
Tests which did not succeed and are blocking,
including tests which could not be run:
test-armhf-armhf-libvirt-raw <job status> broken in 114673
build-armhf-pvops 6 kernel-build fail REGR. vs. 114543
Tests which are failing intermittently (not blocking):
test-armhf-armhf-libvirt-raw 4 host-install(4) broken in 114673 pass in 114657
test-armhf-armhf-xl-arndale 5 host-ping-check-native fail in 114657 pass in 114673
test-amd64-i386-xl-qemut-win7-amd64 17 guest-stop fail in 114657 pass in 114733
test-armhf-armhf-libvirt-xsm 19 leak-check/check fail in 114673 pass in 114657
test-amd64-i386-xl-qemut-ws16-amd64 14 guest-localmigrate fail pass in 114673
Tests which did not succeed, but are not blocking:
test-armhf-armhf-xl-multivcpu 1 build-check(1) blocked n/a
test-armhf-armhf-libvirt 1 build-check(1) blocked n/a
test-armhf-armhf-libvirt-raw 1 build-check(1) blocked n/a
test-armhf-armhf-xl 1 build-check(1) blocked n/a
test-armhf-armhf-xl-vhd 1 build-check(1) blocked n/a
test-armhf-armhf-xl-credit2 1 build-check(1) blocked n/a
test-armhf-armhf-xl-cubietruck 1 build-check(1) blocked n/a
test-armhf-armhf-xl-rtds 1 build-check(1) blocked n/a
test-armhf-armhf-xl-arndale 1 build-check(1) blocked n/a
test-armhf-armhf-libvirt-xsm 1 build-check(1) blocked n/a
test-armhf-armhf-xl-xsm 1 build-check(1) blocked n/a
test-amd64-amd64-xl-qemuu-win7-amd64 17 guest-stop fail in 114657 blocked in 114543
test-armhf-armhf-libvirt-raw 12 migrate-support-check fail in 114657 never pass
test-armhf-armhf-libvirt-raw 13 saverestore-support-check fail in 114657 never pass
test-amd64-amd64-xl-qemut-ws16-amd64 17 guest-stop fail in 114657 never pass
test-amd64-amd64-xl-qemuu-ws16-amd64 17 guest-stop fail in 114673 blocked in 114543
test-armhf-armhf-xl-rtds 16 guest-start/debian.repeat fail in 114673 like 114533
test-amd64-i386-xl-qemut-ws16-amd64 16 guest-localmigrate/x10 fail in 114673 like 114543
test-armhf-armhf-xl-arndale 13 migrate-support-check fail in 114673 never pass
test-armhf-armhf-xl-arndale 14 saverestore-support-check fail in 114673 never pass
test-armhf-armhf-xl 13 migrate-support-check fail in 114673 never pass
test-armhf-armhf-xl 14 saverestore-support-check fail in 114673 never pass
test-armhf-armhf-xl-xsm 13 migrate-support-check fail in 114673 never pass
test-armhf-armhf-xl-xsm 14 saverestore-support-check fail in 114673 never pass
test-armhf-armhf-xl-cubietruck 13 migrate-support-check fail in 114673 never pass
test-armhf-armhf-libvirt 13 migrate-support-check fail in 114673 never pass
test-armhf-armhf-xl-cubietruck 14 saverestore-support-check fail in 114673 never pass
test-armhf-armhf-libvirt 14 saverestore-support-check fail in 114673 never pass
test-armhf-armhf-libvirt-xsm 13 migrate-support-check fail in 114673 never pass
test-armhf-armhf-libvirt-xsm 14 saverestore-support-check fail in 114673 never pass
test-armhf-armhf-xl-credit2 13 migrate-support-check fail in 114673 never pass
test-armhf-armhf-xl-credit2 14 saverestore-support-check fail in 114673 never pass
test-armhf-armhf-xl-multivcpu 13 migrate-support-check fail in 114673 never pass
test-armhf-armhf-xl-multivcpu 14 saverestore-support-check fail in 114673 never pass
test-armhf-armhf-xl-vhd 12 migrate-support-check fail in 114673 never pass
test-armhf-armhf-xl-vhd 13 saverestore-support-check fail in 114673 never pass
test-armhf-armhf-xl-rtds 13 migrate-support-check fail in 114673 never pass
test-armhf-armhf-xl-rtds 14 saverestore-support-check fail in 114673 never pass
test-amd64-amd64-xl-qemut-win7-amd64 16 guest-localmigrate/x10 fail like 114501
test-amd64-i386-xl-qemut-win7-amd64 18 guest-start/win.repeat fail like 114543
test-amd64-amd64-xl-qemuu-win7-amd64 16 guest-localmigrate/x10 fail like 114543
test-amd64-amd64-xl-qemuu-ws16-amd64 16 guest-localmigrate/x10 fail like 114543
test-amd64-amd64-xl-qemut-ws16-amd64 16 guest-localmigrate/x10 fail like 114543
test-amd64-amd64-xl-rtds 10 debian-install fail like 114543
test-amd64-amd64-libvirt 13 migrate-support-check fail never pass
test-amd64-i386-libvirt 13 migrate-support-check fail never pass
test-amd64-i386-libvirt-xsm 13 migrate-support-check fail never pass
test-amd64-amd64-libvirt-xsm 13 migrate-support-check fail never pass
test-amd64-amd64-libvirt-qemuu-debianhvm-amd64-xsm 11 migrate-support-check fail never pass
test-amd64-i386-libvirt-qemuu-debianhvm-amd64-xsm 11 migrate-support-check fail never pass
test-amd64-i386-libvirt-qcow2 12 migrate-support-check fail never pass
test-amd64-amd64-libvirt-vhd 12 migrate-support-check fail never pass
test-amd64-amd64-qemuu-nested-amd 17 debian-hvm-install/l1/l2 fail never pass
test-amd64-i386-xl-qemuu-ws16-amd64 17 guest-stop fail never pass
test-amd64-amd64-xl-qemut-win10-i386 10 windows-install fail never pass
test-amd64-amd64-xl-qemuu-win10-i386 10 windows-install fail never pass
test-amd64-i386-xl-qemut-win10-i386 10 windows-install fail never pass
test-amd64-i386-xl-qemuu-win10-i386 10 windows-install fail never pass
version targeted for testing:
xen 2040ac14e4cfbae679751796266527d92d11ac78
baseline version:
xen de38e28cc2cc62e6e9e4741403e4a8f6c07d8cfd
Last test of basis 114543 2017-10-16 11:51:22 Z 3 days
Testing same since 114657 2017-10-17 20:16:17 Z 2 days 3 attempts
------------------------------------------------------------
People who touched revisions under test:
Bernd Kuhls <bernd.kuhls@t-online.de>
Thomas Petazzoni <thomas.petazzoni@free-electrons.com>
Wei Liu <wei.liu2@citrix.com>
jobs:
build-amd64-xsm pass
build-armhf-xsm pass
build-i386-xsm pass
build-amd64-xtf pass
build-amd64 pass
build-armhf pass
build-i386 pass
build-amd64-libvirt pass
build-armhf-libvirt pass
build-i386-libvirt pass
build-amd64-prev pass
build-i386-prev pass
build-amd64-pvops pass
build-armhf-pvops fail
build-i386-pvops pass
build-amd64-rumprun pass
build-i386-rumprun pass
test-xtf-amd64-amd64-1 pass
test-xtf-amd64-amd64-2 pass
test-xtf-amd64-amd64-3 pass
test-xtf-amd64-amd64-4 pass
test-xtf-amd64-amd64-5 pass
test-amd64-amd64-xl pass
test-armhf-armhf-xl blocked
test-amd64-i386-xl pass
test-amd64-amd64-xl-qemut-debianhvm-amd64-xsm pass
test-amd64-i386-xl-qemut-debianhvm-amd64-xsm pass
test-amd64-amd64-libvirt-qemuu-debianhvm-amd64-xsm pass
test-amd64-i386-libvirt-qemuu-debianhvm-amd64-xsm pass
test-amd64-amd64-xl-qemuu-debianhvm-amd64-xsm pass
test-amd64-i386-xl-qemuu-debianhvm-amd64-xsm pass
test-amd64-amd64-xl-qemut-stubdom-debianhvm-amd64-xsm pass
test-amd64-i386-xl-qemut-stubdom-debianhvm-amd64-xsm pass
test-amd64-amd64-libvirt-xsm pass
test-armhf-armhf-libvirt-xsm blocked
test-amd64-i386-libvirt-xsm pass
test-amd64-amd64-xl-xsm pass
test-armhf-armhf-xl-xsm blocked
test-amd64-i386-xl-xsm pass
test-amd64-amd64-qemuu-nested-amd fail
test-amd64-i386-qemut-rhel6hvm-amd pass
test-amd64-i386-qemuu-rhel6hvm-amd pass
test-amd64-amd64-xl-qemut-debianhvm-amd64 pass
test-amd64-i386-xl-qemut-debianhvm-amd64 pass
test-amd64-amd64-xl-qemuu-debianhvm-amd64 pass
test-amd64-i386-xl-qemuu-debianhvm-amd64 pass
test-amd64-i386-freebsd10-amd64 pass
test-amd64-amd64-xl-qemuu-ovmf-amd64 pass
test-amd64-i386-xl-qemuu-ovmf-amd64 pass
test-amd64-amd64-rumprun-amd64 pass
test-amd64-amd64-xl-qemut-win7-amd64 fail
test-amd64-i386-xl-qemut-win7-amd64 fail
test-amd64-amd64-xl-qemuu-win7-amd64 fail
test-amd64-i386-xl-qemuu-win7-amd64 pass
test-amd64-amd64-xl-qemut-ws16-amd64 fail
test-amd64-i386-xl-qemut-ws16-amd64 fail
test-amd64-amd64-xl-qemuu-ws16-amd64 fail
test-amd64-i386-xl-qemuu-ws16-amd64 fail
test-armhf-armhf-xl-arndale blocked
test-amd64-amd64-xl-credit2 pass
test-armhf-armhf-xl-credit2 blocked
test-armhf-armhf-xl-cubietruck blocked
test-amd64-i386-freebsd10-i386 pass
test-amd64-i386-rumprun-i386 pass
test-amd64-amd64-xl-qemut-win10-i386 fail
test-amd64-i386-xl-qemut-win10-i386 fail
test-amd64-amd64-xl-qemuu-win10-i386 fail
test-amd64-i386-xl-qemuu-win10-i386 fail
test-amd64-amd64-qemuu-nested-intel pass
test-amd64-i386-qemut-rhel6hvm-intel pass
test-amd64-i386-qemuu-rhel6hvm-intel pass
test-amd64-amd64-libvirt pass
test-armhf-armhf-libvirt blocked
test-amd64-i386-libvirt pass
test-amd64-amd64-livepatch pass
test-amd64-i386-livepatch pass
test-amd64-amd64-migrupgrade pass
test-amd64-i386-migrupgrade pass
test-amd64-amd64-xl-multivcpu pass
test-armhf-armhf-xl-multivcpu blocked
test-amd64-amd64-pair pass
test-amd64-i386-pair pass
test-amd64-amd64-libvirt-pair pass
test-amd64-i386-libvirt-pair pass
test-amd64-amd64-amd64-pvgrub pass
test-amd64-amd64-i386-pvgrub pass
test-amd64-amd64-pygrub pass
test-amd64-i386-libvirt-qcow2 pass
test-amd64-amd64-xl-qcow2 pass
test-armhf-armhf-libvirt-raw blocked
test-amd64-i386-xl-raw pass
test-amd64-amd64-xl-rtds fail
test-armhf-armhf-xl-rtds blocked
test-amd64-amd64-libvirt-vhd pass
test-armhf-armhf-xl-vhd blocked
------------------------------------------------------------
sg-report-flight on osstest.test-lab.xenproject.org
logs: /home/logs/logs
images: /home/logs/images
Logs, config files, etc. are available at
http://logs.test-lab.xenproject.org/osstest/logs
Explanation of these reports, and of osstest in general, is at
http://xenbits.xen.org/gitweb/?p=osstest.git;a=blob;f=README.email;hb=master
http://xenbits.xen.org/gitweb/?p=osstest.git;a=blob;f=README;hb=master
Test harness code can be found at
http://xenbits.xen.org/gitweb?p=osstest.git;a=summary
broken-job test-armhf-armhf-libvirt-raw broken
Not pushing.
------------------------------------------------------------
commit 2040ac14e4cfbae679751796266527d92d11ac78
Author: Bernd Kuhls <bernd.kuhls@t-online.de>
Date: Sat Aug 19 16:21:42 2017 +0200
tools/libxc/xc_dom_arm: add missing variable initialization
The variable domctl.u.address_size.size may remain uninitialized if
guest_type is not one of xen-3.0-aarch64 or xen-3.0-armv7l. And the
code precisely checks if this variable is still 0 to decide if the
guest type is supported or not.
This fixes the following build failure with gcc 7.x:
xc_dom_arm.c:229:31: error: 'domctl.u.address_size.size' may be used uninitialized in this function [-Werror=maybe-uninitialized]
if ( domctl.u.address_size.size == 0 )
Patch originally taken from
https://www.mail-archive.com/xen-devel@lists.xen.org/msg109313.html.
Signed-off-by: Bernd Kuhls <bernd.kuhls@t-online.de>
Signed-off-by: Thomas Petazzoni <thomas.petazzoni@free-electrons.com>
Acked-by: Wei Liu <wei.liu2@citrix.com>
(cherry picked from commit 88bfbf90e35f1213f9967a97dee0b2039f9998a4)
(qemu changes not included)
_______________________________________________
Xen-devel mailing list
Xen-devel@lists.xen.org
https://lists.xen.org/xen-devel
^ permalink raw reply [flat|nested] only message in thread
only message in thread, other threads:[~2017-10-20 10:17 UTC | newest]
Thread overview: (only message) (download: mbox.gz follow: Atom feed
-- links below jump to the message on this page --
2017-10-20 10:17 [xen-4.9-testing test] 114733: regressions - FAIL osstest service owner
This is a public inbox, see mirroring instructions
for how to clone and mirror all data and code used for this inbox;
as well as URLs for NNTP newsgroup(s).