* [seabios test] 115489: regressions - FAIL
@ 2017-11-03 3:29 osstest service owner
0 siblings, 0 replies; only message in thread
From: osstest service owner @ 2017-11-03 3:29 UTC (permalink / raw)
To: xen-devel, osstest-admin
flight 115489 seabios real [real]
http://logs.test-lab.xenproject.org/osstest/logs/115489/
Regressions :-(
Tests which did not succeed and are blocking,
including tests which could not be run:
test-amd64-amd64-xl-qemuu-win7-amd64 16 guest-localmigrate/x10 fail REGR. vs. 114539
Tests which did not succeed, but are not blocking:
test-amd64-amd64-libvirt-qemuu-debianhvm-amd64-xsm 11 migrate-support-check fail never pass
test-amd64-i386-libvirt-qemuu-debianhvm-amd64-xsm 11 migrate-support-check fail never pass
test-amd64-amd64-qemuu-nested-amd 17 debian-hvm-install/l1/l2 fail never pass
test-amd64-i386-xl-qemuu-win10-i386 10 windows-install fail never pass
test-amd64-amd64-xl-qemuu-win10-i386 10 windows-install fail never pass
version targeted for testing:
seabios 488e1c3fef2e789d38a5190baae977131a911fa7
baseline version:
seabios cd47172a673762a05a0c7bd27df6e3cc8febe8d6
Last test of basis 114539 2017-10-15 22:17:10 Z 18 days
Testing same since 115489 2017-11-02 16:18:10 Z 0 days 1 attempts
------------------------------------------------------------
People who touched revisions under test:
Kevin O'Connor <kevin@koconnor.net>
Stefan Berger <stefanb@linux.vnet.ibm.com>
jobs:
build-amd64-xsm pass
build-i386-xsm pass
build-amd64 pass
build-i386 pass
build-amd64-libvirt pass
build-i386-libvirt pass
build-amd64-pvops pass
build-i386-pvops pass
test-amd64-amd64-libvirt-qemuu-debianhvm-amd64-xsm pass
test-amd64-i386-libvirt-qemuu-debianhvm-amd64-xsm pass
test-amd64-amd64-xl-qemuu-debianhvm-amd64-xsm pass
test-amd64-i386-xl-qemuu-debianhvm-amd64-xsm pass
test-amd64-amd64-qemuu-nested-amd fail
test-amd64-i386-qemuu-rhel6hvm-amd pass
test-amd64-amd64-xl-qemuu-debianhvm-amd64 pass
test-amd64-i386-xl-qemuu-debianhvm-amd64 pass
test-amd64-amd64-xl-qemuu-win7-amd64 fail
test-amd64-i386-xl-qemuu-win7-amd64 pass
test-amd64-amd64-xl-qemuu-ws16-amd64 pass
test-amd64-i386-xl-qemuu-ws16-amd64 pass
test-amd64-amd64-xl-qemuu-win10-i386 fail
test-amd64-i386-xl-qemuu-win10-i386 fail
test-amd64-amd64-qemuu-nested-intel pass
test-amd64-i386-qemuu-rhel6hvm-intel pass
------------------------------------------------------------
sg-report-flight on osstest.test-lab.xenproject.org
logs: /home/logs/logs
images: /home/logs/images
Logs, config files, etc. are available at
http://logs.test-lab.xenproject.org/osstest/logs
Explanation of these reports, and of osstest in general, is at
http://xenbits.xen.org/gitweb/?p=osstest.git;a=blob;f=README.email;hb=master
http://xenbits.xen.org/gitweb/?p=osstest.git;a=blob;f=README;hb=master
Test harness code can be found at
http://xenbits.xen.org/gitweb?p=osstest.git;a=summary
Not pushing.
------------------------------------------------------------
commit 488e1c3fef2e789d38a5190baae977131a911fa7
Author: Kevin O'Connor <kevin@koconnor.net>
Date: Thu Nov 2 11:21:14 2017 -0400
timer: Avoid integer overflows in usec and nsec calculations
When timer_calc_usec() is used with large timeout values, such as 60s,
the integer math can overflow and produce different results than when
using timer_calc(time / 1000) for the same timeout.
Signed-off-by: Stefan Berger <stefanb@linux.vnet.ibm.com>
Signed-off-by: Kevin O'Connor <kevin@koconnor.net>
_______________________________________________
Xen-devel mailing list
Xen-devel@lists.xen.org
https://lists.xen.org/xen-devel
^ permalink raw reply [flat|nested] only message in thread
only message in thread, other threads:[~2017-11-03 3:29 UTC | newest]
Thread overview: (only message) (download: mbox.gz follow: Atom feed
-- links below jump to the message on this page --
2017-11-03 3:29 [seabios test] 115489: regressions - FAIL osstest service owner
This is a public inbox, see mirroring instructions
for how to clone and mirror all data and code used for this inbox;
as well as URLs for NNTP newsgroup(s).