From: osstest service owner <osstest-admin@xenproject.org>
To: xen-devel@lists.xensource.com, osstest-admin@xenproject.org
Subject: [linux-next test] 115516: regressions - FAIL
Date: Sat, 04 Nov 2017 02:24:37 +0000 [thread overview]
Message-ID: <osstest-115516-mainreport@xen.org> (raw)
flight 115516 linux-next real [real]
http://logs.test-lab.xenproject.org/osstest/logs/115516/
Regressions :-(
Tests which did not succeed and are blocking,
including tests which could not be run:
test-armhf-armhf-xl-xsm 7 xen-boot fail REGR. vs. 115469
test-armhf-armhf-xl-arndale 7 xen-boot fail REGR. vs. 115469
test-armhf-armhf-xl-credit2 7 xen-boot fail REGR. vs. 115469
test-armhf-armhf-libvirt-xsm 7 xen-boot fail REGR. vs. 115469
test-armhf-armhf-xl-vhd 7 xen-boot fail REGR. vs. 115469
test-amd64-i386-libvirt-qcow2 17 guest-start/debian.repeat fail REGR. vs. 115469
test-armhf-armhf-xl 7 xen-boot fail REGR. vs. 115469
test-armhf-armhf-xl-multivcpu 7 xen-boot fail REGR. vs. 115469
test-armhf-armhf-examine 8 reboot fail REGR. vs. 115469
test-armhf-armhf-libvirt 7 xen-boot fail REGR. vs. 115469
test-armhf-armhf-xl-cubietruck 7 xen-boot fail REGR. vs. 115469
build-amd64-pvops 6 kernel-build fail REGR. vs. 115469
test-armhf-armhf-libvirt-raw 7 xen-boot fail REGR. vs. 115469
Regressions which are regarded as allowable (not blocking):
test-armhf-armhf-xl-rtds 7 xen-boot fail REGR. vs. 115469
Tests which did not succeed, but are not blocking:
test-amd64-amd64-xl-qemuu-ovmf-amd64 1 build-check(1) blocked n/a
test-amd64-amd64-libvirt-vhd 1 build-check(1) blocked n/a
test-amd64-amd64-xl-credit2 1 build-check(1) blocked n/a
test-amd64-amd64-xl-qemuu-debianhvm-amd64 1 build-check(1) blocked n/a
test-amd64-amd64-qemuu-nested-intel 1 build-check(1) blocked n/a
test-amd64-amd64-rumprun-amd64 1 build-check(1) blocked n/a
test-amd64-amd64-xl-qemuu-debianhvm-amd64-xsm 1 build-check(1) blocked n/a
test-amd64-amd64-i386-pvgrub 1 build-check(1) blocked n/a
test-amd64-amd64-xl-qemut-ws16-amd64 1 build-check(1) blocked n/a
test-amd64-amd64-xl-qemuu-ws16-amd64 1 build-check(1) blocked n/a
test-amd64-amd64-xl-qemut-stubdom-debianhvm-amd64-xsm 1 build-check(1) blocked n/a
test-amd64-amd64-libvirt-pair 1 build-check(1) blocked n/a
test-amd64-amd64-xl-pvhv2-intel 1 build-check(1) blocked n/a
test-amd64-amd64-xl-multivcpu 1 build-check(1) blocked n/a
test-amd64-amd64-libvirt-xsm 1 build-check(1) blocked n/a
test-amd64-amd64-libvirt 1 build-check(1) blocked n/a
test-amd64-amd64-xl-xsm 1 build-check(1) blocked n/a
test-amd64-amd64-xl 1 build-check(1) blocked n/a
test-amd64-amd64-xl-qemut-win10-i386 1 build-check(1) blocked n/a
test-amd64-amd64-pair 1 build-check(1) blocked n/a
test-amd64-amd64-xl-pvhv2-amd 1 build-check(1) blocked n/a
test-amd64-amd64-xl-qemuu-win10-i386 1 build-check(1) blocked n/a
test-amd64-amd64-libvirt-qemuu-debianhvm-amd64-xsm 1 build-check(1) blocked n/a
test-amd64-amd64-qemuu-nested-amd 1 build-check(1) blocked n/a
test-amd64-amd64-xl-qemuu-win7-amd64 1 build-check(1) blocked n/a
test-amd64-amd64-pygrub 1 build-check(1) blocked n/a
test-amd64-amd64-xl-qcow2 1 build-check(1) blocked n/a
test-amd64-amd64-amd64-pvgrub 1 build-check(1) blocked n/a
test-amd64-amd64-examine 1 build-check(1) blocked n/a
test-amd64-amd64-xl-qemut-win7-amd64 1 build-check(1) blocked n/a
test-amd64-amd64-xl-qemut-debianhvm-amd64 1 build-check(1) blocked n/a
test-amd64-amd64-xl-qemut-debianhvm-amd64-xsm 1 build-check(1) blocked n/a
test-amd64-amd64-xl-rtds 1 build-check(1) blocked n/a
test-amd64-i386-xl-qemuu-win7-amd64 17 guest-stop fail like 115469
test-amd64-i386-xl-qemut-win7-amd64 17 guest-stop fail like 115469
test-amd64-i386-xl-qemuu-ws16-amd64 17 guest-stop fail like 115469
test-amd64-i386-libvirt-xsm 13 migrate-support-check fail never pass
test-amd64-i386-libvirt 13 migrate-support-check fail never pass
test-amd64-i386-libvirt-qemuu-debianhvm-amd64-xsm 11 migrate-support-check fail never pass
test-amd64-i386-libvirt-qcow2 12 migrate-support-check fail never pass
test-amd64-i386-xl-qemut-ws16-amd64 17 guest-stop fail never pass
test-amd64-i386-xl-qemuu-win10-i386 10 windows-install fail never pass
test-amd64-i386-xl-qemut-win10-i386 10 windows-install fail never pass
version targeted for testing:
linux fa8785e862ef644f742558f1a8c91eca6f3f0004
baseline version:
linux 287683d027a3ff83feb6c7044430c79881664ecf
Last test of basis (not found)
Failing since (not found)
Testing same since 115516 2017-11-03 09:29:46 Z 0 days 1 attempts
jobs:
build-amd64-xsm pass
build-armhf-xsm pass
build-i386-xsm pass
build-amd64 pass
build-armhf pass
build-i386 pass
build-amd64-libvirt pass
build-armhf-libvirt pass
build-i386-libvirt pass
build-amd64-pvops fail
build-armhf-pvops pass
build-i386-pvops pass
build-amd64-rumprun pass
build-i386-rumprun pass
test-amd64-amd64-xl blocked
test-armhf-armhf-xl fail
test-amd64-i386-xl pass
test-amd64-amd64-xl-qemut-debianhvm-amd64-xsm blocked
test-amd64-i386-xl-qemut-debianhvm-amd64-xsm pass
test-amd64-amd64-libvirt-qemuu-debianhvm-amd64-xsm blocked
test-amd64-i386-libvirt-qemuu-debianhvm-amd64-xsm pass
test-amd64-amd64-xl-qemuu-debianhvm-amd64-xsm blocked
test-amd64-i386-xl-qemuu-debianhvm-amd64-xsm pass
test-amd64-amd64-xl-qemut-stubdom-debianhvm-amd64-xsm blocked
test-amd64-i386-xl-qemut-stubdom-debianhvm-amd64-xsm pass
test-amd64-amd64-libvirt-xsm blocked
test-armhf-armhf-libvirt-xsm fail
test-amd64-i386-libvirt-xsm pass
test-amd64-amd64-xl-xsm blocked
test-armhf-armhf-xl-xsm fail
test-amd64-i386-xl-xsm pass
test-amd64-amd64-qemuu-nested-amd blocked
test-amd64-amd64-xl-pvhv2-amd blocked
test-amd64-i386-qemut-rhel6hvm-amd pass
test-amd64-i386-qemuu-rhel6hvm-amd pass
test-amd64-amd64-xl-qemut-debianhvm-amd64 blocked
test-amd64-i386-xl-qemut-debianhvm-amd64 pass
test-amd64-amd64-xl-qemuu-debianhvm-amd64 blocked
test-amd64-i386-xl-qemuu-debianhvm-amd64 pass
test-amd64-i386-freebsd10-amd64 pass
test-amd64-amd64-xl-qemuu-ovmf-amd64 blocked
test-amd64-i386-xl-qemuu-ovmf-amd64 pass
test-amd64-amd64-rumprun-amd64 blocked
test-amd64-amd64-xl-qemut-win7-amd64 blocked
test-amd64-i386-xl-qemut-win7-amd64 fail
test-amd64-amd64-xl-qemuu-win7-amd64 blocked
test-amd64-i386-xl-qemuu-win7-amd64 fail
test-amd64-amd64-xl-qemut-ws16-amd64 blocked
test-amd64-i386-xl-qemut-ws16-amd64 fail
test-amd64-amd64-xl-qemuu-ws16-amd64 blocked
test-amd64-i386-xl-qemuu-ws16-amd64 fail
test-armhf-armhf-xl-arndale fail
test-amd64-amd64-xl-credit2 blocked
test-armhf-armhf-xl-credit2 fail
test-armhf-armhf-xl-cubietruck fail
test-amd64-amd64-examine blocked
test-armhf-armhf-examine fail
test-amd64-i386-examine pass
test-amd64-i386-freebsd10-i386 pass
test-amd64-i386-rumprun-i386 pass
test-amd64-amd64-xl-qemut-win10-i386 blocked
test-amd64-i386-xl-qemut-win10-i386 fail
test-amd64-amd64-xl-qemuu-win10-i386 blocked
test-amd64-i386-xl-qemuu-win10-i386 fail
test-amd64-amd64-qemuu-nested-intel blocked
test-amd64-amd64-xl-pvhv2-intel blocked
test-amd64-i386-qemut-rhel6hvm-intel pass
test-amd64-i386-qemuu-rhel6hvm-intel pass
test-amd64-amd64-libvirt blocked
test-armhf-armhf-libvirt fail
test-amd64-i386-libvirt pass
test-amd64-amd64-xl-multivcpu blocked
test-armhf-armhf-xl-multivcpu fail
test-amd64-amd64-pair blocked
test-amd64-i386-pair pass
test-amd64-amd64-libvirt-pair blocked
test-amd64-i386-libvirt-pair pass
test-amd64-amd64-amd64-pvgrub blocked
test-amd64-amd64-i386-pvgrub blocked
test-amd64-amd64-pygrub blocked
test-amd64-i386-libvirt-qcow2 fail
test-amd64-amd64-xl-qcow2 blocked
test-armhf-armhf-libvirt-raw fail
test-amd64-i386-xl-raw pass
test-amd64-amd64-xl-rtds blocked
test-armhf-armhf-xl-rtds fail
test-amd64-amd64-libvirt-vhd blocked
test-armhf-armhf-xl-vhd fail
------------------------------------------------------------
sg-report-flight on osstest.test-lab.xenproject.org
logs: /home/logs/logs
images: /home/logs/images
Logs, config files, etc. are available at
http://logs.test-lab.xenproject.org/osstest/logs
Explanation of these reports, and of osstest in general, is at
http://xenbits.xen.org/gitweb/?p=osstest.git;a=blob;f=README.email;hb=master
http://xenbits.xen.org/gitweb/?p=osstest.git;a=blob;f=README;hb=master
Test harness code can be found at
http://xenbits.xen.org/gitweb?p=osstest.git;a=summary
Push not applicable.
_______________________________________________
Xen-devel mailing list
Xen-devel@lists.xen.org
https://lists.xen.org/xen-devel
reply other threads:[~2017-11-04 2:24 UTC|newest]
Thread overview: [no followups] expand[flat|nested] mbox.gz Atom feed
Reply instructions:
You may reply publicly to this message via plain-text email
using any one of the following methods:
* Save the following mbox file, import it into your mail client,
and reply-to-all from there: mbox
Avoid top-posting and favor interleaved quoting:
https://en.wikipedia.org/wiki/Posting_style#Interleaved_style
* Reply using the --to, --cc, and --in-reply-to
switches of git-send-email(1):
git send-email \
--in-reply-to=osstest-115516-mainreport@xen.org \
--to=osstest-admin@xenproject.org \
--cc=xen-devel@lists.xensource.com \
/path/to/YOUR_REPLY
https://kernel.org/pub/software/scm/git/docs/git-send-email.html
* If your mail client supports setting the In-Reply-To header
via mailto: links, try the mailto: link
Be sure your reply has a Subject: header at the top and a blank line
before the message body.
This is a public inbox, see mirroring instructions
for how to clone and mirror all data and code used for this inbox;
as well as URLs for NNTP newsgroup(s).