xen-devel.lists.xenproject.org archive mirror
 help / color / mirror / Atom feed
From: osstest service owner <osstest-admin@xenproject.org>
To: xen-devel@lists.xensource.com, osstest-admin@xenproject.org
Subject: [linux-4.9 test] 115582: regressions - FAIL
Date: Sun, 05 Nov 2017 16:51:08 +0000	[thread overview]
Message-ID: <osstest-115582-mainreport@xen.org> (raw)

[-- Attachment #1: Type: text/plain, Size: 18367 bytes --]

flight 115582 linux-4.9 real [real]
http://logs.test-lab.xenproject.org/osstest/logs/115582/

Regressions :-(

Tests which did not succeed and are blocking,
including tests which could not be run:
 test-amd64-amd64-xl-qemuu-ws16-amd64 17 guest-stop       fail REGR. vs. 114814

Tests which are failing intermittently (not blocking):
 test-amd64-amd64-libvirt-vhd 18 guest-start.2    fail in 115538 pass in 115483
 test-amd64-amd64-rumprun-amd64 17 rumprun-demo-xenstorels/xenstorels.repeat fail in 115538 pass in 115582
 test-amd64-i386-xl-qemut-debianhvm-amd64 16 guest-localmigrate/x10 fail in 115566 pass in 115582
 test-amd64-i386-libvirt-qcow2 17 guest-start/debian.repeat fail pass in 115483
 test-amd64-amd64-libvirt-vhd 17 guest-start/debian.repeat  fail pass in 115538
 test-armhf-armhf-xl-vhd      15 guest-start/debian.repeat  fail pass in 115538
 test-amd64-amd64-xl-qcow2    19 guest-start/debian.repeat  fail pass in 115566
 test-amd64-amd64-xl-qemut-win7-amd64 16 guest-localmigrate/x10 fail pass in 115566

Regressions which are regarded as allowable (not blocking):
 test-amd64-amd64-xl-qemuu-win7-amd64 17 guest-stop       fail REGR. vs. 114814

Tests which did not succeed, but are not blocking:
 test-amd64-amd64-xl-qemut-win7-amd64 17 guest-stop  fail in 115566 like 114814
 test-amd64-i386-xl-qemut-win7-amd64 17 guest-stop             fail like 114814
 test-amd64-i386-xl-qemuu-win7-amd64 17 guest-stop             fail like 114814
 test-amd64-amd64-xl-pvhv2-intel 12 guest-start                 fail never pass
 test-amd64-amd64-xl-pvhv2-amd 12 guest-start                  fail  never pass
 test-amd64-i386-libvirt      13 migrate-support-check        fail   never pass
 test-amd64-amd64-libvirt     13 migrate-support-check        fail   never pass
 test-amd64-i386-libvirt-xsm  13 migrate-support-check        fail   never pass
 test-amd64-i386-libvirt-qemuu-debianhvm-amd64-xsm 11 migrate-support-check fail never pass
 test-amd64-amd64-libvirt-qemuu-debianhvm-amd64-xsm 11 migrate-support-check fail never pass
 test-amd64-i386-libvirt-qcow2 12 migrate-support-check        fail  never pass
 test-amd64-amd64-qemuu-nested-amd 17 debian-hvm-install/l1/l2  fail never pass
 test-amd64-amd64-libvirt-vhd 12 migrate-support-check        fail   never pass
 test-armhf-armhf-libvirt     13 migrate-support-check        fail   never pass
 test-armhf-armhf-libvirt     14 saverestore-support-check    fail   never pass
 test-armhf-armhf-xl          13 migrate-support-check        fail   never pass
 test-armhf-armhf-xl          14 saverestore-support-check    fail   never pass
 test-armhf-armhf-xl-cubietruck 13 migrate-support-check        fail never pass
 test-armhf-armhf-xl-cubietruck 14 saverestore-support-check    fail never pass
 test-armhf-armhf-xl-rtds     13 migrate-support-check        fail   never pass
 test-armhf-armhf-xl-rtds     14 saverestore-support-check    fail   never pass
 test-armhf-armhf-xl-multivcpu 13 migrate-support-check        fail  never pass
 test-armhf-armhf-xl-multivcpu 14 saverestore-support-check    fail  never pass
 test-armhf-armhf-libvirt-xsm 13 migrate-support-check        fail   never pass
 test-armhf-armhf-libvirt-xsm 14 saverestore-support-check    fail   never pass
 test-armhf-armhf-xl-xsm      13 migrate-support-check        fail   never pass
 test-armhf-armhf-xl-xsm      14 saverestore-support-check    fail   never pass
 test-amd64-amd64-libvirt-xsm 13 migrate-support-check        fail   never pass
 test-armhf-armhf-xl-arndale  13 migrate-support-check        fail   never pass
 test-armhf-armhf-xl-arndale  14 saverestore-support-check    fail   never pass
 test-amd64-i386-xl-qemuu-ws16-amd64 17 guest-stop              fail never pass
 test-armhf-armhf-libvirt-raw 12 migrate-support-check        fail   never pass
 test-armhf-armhf-libvirt-raw 13 saverestore-support-check    fail   never pass
 test-armhf-armhf-xl-credit2  13 migrate-support-check        fail   never pass
 test-armhf-armhf-xl-credit2  14 saverestore-support-check    fail   never pass
 test-armhf-armhf-xl-vhd      12 migrate-support-check        fail   never pass
 test-armhf-armhf-xl-vhd      13 saverestore-support-check    fail   never pass
 test-amd64-amd64-xl-qemut-ws16-amd64 17 guest-stop             fail never pass
 test-amd64-i386-xl-qemut-ws16-amd64 17 guest-stop              fail never pass
 test-amd64-i386-xl-qemut-win10-i386 10 windows-install         fail never pass
 test-amd64-amd64-xl-qemut-win10-i386 10 windows-install        fail never pass
 test-amd64-amd64-xl-qemuu-win10-i386 10 windows-install        fail never pass
 test-amd64-i386-xl-qemuu-win10-i386 10 windows-install         fail never pass

version targeted for testing:
 linux                06b639e5a1a665ba6c959398ea0e6171c162028b
baseline version:
 linux                5d7a76acad403638f635c918cc63d1d44ffa4065

Last test of basis   114814  2017-10-20 20:51:56 Z   15 days
Failing since        114845  2017-10-21 16:14:17 Z   15 days   26 attempts
Testing same since   115483  2017-11-02 12:35:30 Z    3 days    5 attempts

------------------------------------------------------------
People who touched revisions under test:
  Alan Stern <stern@rowland.harvard.edu>
  Alex Deucher <alexander.deucher@amd.com>
  Alexandre Belloni <alexandre.belloni@free-electrons.com>
  Andrew Morton <akpm@linux-foundation.org>
  Andrey Konovalov <andreyknvl@google.com>
  Anoob Soman <anoob.soman@citrix.com>
  Arend van Spriel <arend.vanspriel@broadcom.com>
  Arnd Bergmann <arnd@arndb.de>
  Bart Van Assche <bart.vanassche@sandisk.com>
  Baruch Siach <baruch@tkos.co.il>
  Ben Hutchings <ben.hutchings@codethink.co.uk>
  Ben Skeggs <bskeggs@redhat.com>
  Bin Liu <b-liu@ti.com>
  Boris Ostrovsky <boris.ostrovsky@oracle.com>
  Borislav Petkov <bp@suse.de>
  Brian Foster <bfoster@redhat.com>
  Carlos Maiolino <cmaiolino@redhat.com>
  Christoph Biedl <debian.axhn@manchmal.in-ulm.de>
  Christoph Hellwig <hch@lst.de>
  Christoph Lameter <cl@linux.com>
  Christophe JAILLET <christophe.jaillet@wanadoo.fr>
  Coly Li <colyli@suse.de>
  Dan Carpenter <dan.carpenter@oracle.com>
  Darrick J. Wong <darrick.wong@oracle.com>
  Dave Chinner <dchinner@redhat.com>
  David Howells <dhowells@redhat.com>
  David Kozub <zub@linux.fjfi.cvut.cz>
  David Rientjes <rientjes@google.com>
  David S. Miller <davem@davemloft.net>
  Dennis Dalessandro <dennis.dalessandro@intel.com>
  Dexuan Cui <decui@microsoft.com>
  Dmitry Torokhov <dmitry.torokhov@gmail.com>
  Dmitry V. Levin <ldv@altlinux.org>
  Doug Ledford <dledford@redhat.com>
  Douglas Gilbert <dgilbert@interlog.com>
  Easwar Hariharan <easwar.hariharan@intel.com>
  Emmanuel Grumbach <emmanuel.grumbach@intel.com>
  Eric Biggers <ebiggers@google.com>
  Eric Dumazet <edumazet@google.com>
  Eric Ren <zren@suse.com>
  Eric Sandeen <sandeen@redhat.com>
  Eric Sandeen <sandeen@sandeen.net>
  Eric Sesterhenn <eric.sesterhenn@x41-dsec.de>
  Eryu Guan <eguan@redhat.com>
  Felipe Balbi <felipe.balbi@linux.intel.com>
  Filipe Manana <fdmanana@suse.com>
  Florian Fainelli <f.fainelli@gmail.com>
  Franck Demathieu <fdemathieu@gmail.com>
  Gerhard Bertelsmann <info@gerhard-bertelsmann.de>
  Greg Kroah-Hartman <gregkh@linuxfoundation.org>
  Greg Kroah-Hartman gregkh@linuxfoundation.org
  Greg Kurz <groug@kaod.org>
  Gregory CLEMENT <gregory.clement@free-electrons.com>
  Grygorii Maistrenko <grygoriimkd@gmail.com>
  Guenter Roeck <linux@roeck-us.net>
  Guillaume Tucker <guillaume.tucker@collabora.com>
  Hans de Goede <hdegoede@redhat.com>
  Helge Deller <deller@gmx.de>
  Herbert Xu <herbert@gondor.apana.org.au>
  Hui Wang <hui.wang@canonical.com>
  Ilia Mirkin <imirkin@alum.mit.edu>
  Ilya Dryomov <idryomov@gmail.com>
  Ingo Molnar <mingo@kernel.org>
  J. Bruce Fields <bfields@redhat.com>
  Jack Pham <jackp@codeaurora.org>
  Jaegeuk Kim <jaegeuk@kernel.org>
  Jan Luebbe <jlu@pengutronix.de>
  Jarno Rajahalme <jarno@ovn.org>
  Javier Martinez Canillas <javier@osg.samsung.com>
  Jeff Layton <jlayton@redhat.com>
  Jeffy Chen <jeffy.chen@rock-chips.com>
  Jimmy Assarsson <jimmyassarsson@gmail.com>
  Joe Stringer <joe@ovn.org>
  Johan Hovold <johan@kernel.org>
  Johannes Berg <johannes.berg@intel.com>
  John David Anglin <dave.anglin@bell.net>
  John Starks <jon.Starks@microsoft.com>
  Jonathan Cameron <jic23@kernel.org>
  Jonathan Cameron <Jonathan.Cameron@huawei.com>
  Jonathan Liu <net147@gmail.com>
  Juergen Gross <jgross@suse.com>
  Jussi Laako <jussi@sonarnerd.net>
  Kai-Heng Feng <kai.heng.feng@canonical.com>
  Kailang Yang <kailang@realtek.com>
  Kalle Valo <kvalo@codeaurora.org>
  Kevin Cernekee <cernekee@chromium.org>
  Kinglong Mee <kinglongmee@gmail.com>
  Ladislav Dobrovsky <ladislav.dobrovsky@gmail.com>
  Larry Finger <Larry.Finger@lwfinger.net>
  Lars-Peter Clausen <lars@metafoo.de>
  Linus Torvalds <torvalds@linux-foundation.org>
  Lokesh Vutla <lokeshvutla@ti.com>
  Ludovic Desroches <ludovic.desroches@microchip.com>
  Madhavan Srinivasan <maddy@linux.vnet.ibm.com>
  Majd Dibbiny <majd@mellanox.com>
  Maksim Salau <msalau@iotecha.com>
  Manu Gautam <mgautam@codeaurora.org>
  Marc Kleine-Budde <mkl@pengutronix.de>
  Marc Zyngier <marc.zyngier@arm.com>
  Marcel Holtmann <marcel@holtmann.org>
  Marios Titas <redneb@gmx.com>
  Mark Brown <broonie@kernel.org>
  Martin K. Petersen <martin.petersen@oracle.com>
  Mathias Nyman <mathias.nyman@linux.intel.com>
  Matt Redfearn <matt.redfearn@imgtec.com>
  Mayank Rana <mrana@codeaurora.org>
  Michael Ellerman <mpe@ellerman.id.au>
  Michael Zoran <mzoran@crowfest.net>
  Miklos Szeredi <mszeredi@redhat.com>
  Milan Broz <gmazyland@gmail.com>
  Mintz, Yuval <Yuval.Mintz@cavium.com>
  Nicholas Bellinger <nab@linux-iscsi.org>
  Nicolai Hähnle <nicolai.haehnle@amd.com>
  Oliver Neukum <oneukum@suse.com>
  Pablo Neira Ayuso <pablo@netfilter.org>
  Paul Mackerras <paulus@ozlabs.org>
  Peter Zijlstra (Intel) <peterz@infradead.org>
  Peter Zijlstra <peterz@infradead.org>
  Pontus Andersson <epontan@gmail.com>
  Rafael J. Wysocki <rafael.j.wysocki@intel.com>
  Ralf Baechle <ralf@linux-mips.org>
  Ram Amrani <Ram.Amrani@cavium.com>
  Rex Zhu <Rex.Zhu@amd.com>
  Robbie Ko <robbieko@synology.com>
  Russell King <rmk+kernel@armlinux.org.uk>
  Sasha Levin <alexander.levin@verizon.com>
  Sebastian Sanchez <sebastian.sanchez@intel.com>
  Senthilnathan Veppur <senthilnathanx.veppur@intel.com>
  Shaohua Li <shli@fb.com>
  Stefan Mätje <stefan.maetje@esd.eu>
  Stefan Wahren <stefan.wahren@i2se.com>
  Steffen Klassert <steffen.klassert@secunet.com>
  Steffen Maier <maier@linux.vnet.ibm.com>
  Stephen Douthit <stephend@adiengineering.com>
  Stephen Hemminger <sthemmin@microsoft.com>
  Sudarsana Reddy Kalluru <Sudarsana.Kalluru@cavium.com>
  Takashi Iwai <tiwai@suse.de>
  Tariq Toukan <tariqt@mellanox.com>
  Tejun Heo <tj@kernel.org>
  Tetsuo Handa <penguin-kernel@I-love.SAKURA.ne.jp>
  Thomas Gleixner <tglx@linutronix.de>
  Thomas Petazzoni <thomas.petazzoni@free-electrons.com>
  Tony Luck <tony.luck@intel.com>
  Varun Prakash <varun@chelsio.com>
  Vijay Kumar <vijay.ac.kumar@oracle.com>
  Vinod Koul <vinod.koul@intel.com>
  Viresh Kumar <viresh.kumar@linaro.org>
  Wanpeng Li <wanpeng.li@hotmail.com>
  Wolfgang Grandegger <wg@grandegger.com>
  Wolfram Sang <wsa@the-dreams.de>
  Yasuaki Ishimatsu <isimatu.yasuaki@jp.fujitsu.com>
  Yasuaki Ishimatsu <yasu.isimatu@gmail.com>
  Yazen Ghannam <Yazen.Ghannam@amd.com>
  Yunlong Song <yunlong.song@huawei.com>
  Yuval Mintz <Yuval.Mintz@cavium.com>

jobs:
 build-amd64-xsm                                              pass    
 build-armhf-xsm                                              pass    
 build-i386-xsm                                               pass    
 build-amd64                                                  pass    
 build-armhf                                                  pass    
 build-i386                                                   pass    
 build-amd64-libvirt                                          pass    
 build-armhf-libvirt                                          pass    
 build-i386-libvirt                                           pass    
 build-amd64-pvops                                            pass    
 build-armhf-pvops                                            pass    
 build-i386-pvops                                             pass    
 build-amd64-rumprun                                          pass    
 build-i386-rumprun                                           pass    
 test-amd64-amd64-xl                                          pass    
 test-armhf-armhf-xl                                          pass    
 test-amd64-i386-xl                                           pass    
 test-amd64-amd64-xl-qemut-debianhvm-amd64-xsm                pass    
 test-amd64-i386-xl-qemut-debianhvm-amd64-xsm                 pass    
 test-amd64-amd64-libvirt-qemuu-debianhvm-amd64-xsm           pass    
 test-amd64-i386-libvirt-qemuu-debianhvm-amd64-xsm            pass    
 test-amd64-amd64-xl-qemuu-debianhvm-amd64-xsm                pass    
 test-amd64-i386-xl-qemuu-debianhvm-amd64-xsm                 pass    
 test-amd64-amd64-xl-qemut-stubdom-debianhvm-amd64-xsm        pass    
 test-amd64-i386-xl-qemut-stubdom-debianhvm-amd64-xsm         pass    
 test-amd64-amd64-libvirt-xsm                                 pass    
 test-armhf-armhf-libvirt-xsm                                 pass    
 test-amd64-i386-libvirt-xsm                                  pass    
 test-amd64-amd64-xl-xsm                                      pass    
 test-armhf-armhf-xl-xsm                                      pass    
 test-amd64-i386-xl-xsm                                       pass    
 test-amd64-amd64-qemuu-nested-amd                            fail    
 test-amd64-amd64-xl-pvhv2-amd                                fail    
 test-amd64-i386-qemut-rhel6hvm-amd                           pass    
 test-amd64-i386-qemuu-rhel6hvm-amd                           pass    
 test-amd64-amd64-xl-qemut-debianhvm-amd64                    pass    
 test-amd64-i386-xl-qemut-debianhvm-amd64                     pass    
 test-amd64-amd64-xl-qemuu-debianhvm-amd64                    pass    
 test-amd64-i386-xl-qemuu-debianhvm-amd64                     pass    
 test-amd64-i386-freebsd10-amd64                              pass    
 test-amd64-amd64-xl-qemuu-ovmf-amd64                         pass    
 test-amd64-i386-xl-qemuu-ovmf-amd64                          pass    
 test-amd64-amd64-rumprun-amd64                               pass    
 test-amd64-amd64-xl-qemut-win7-amd64                         fail    
 test-amd64-i386-xl-qemut-win7-amd64                          fail    
 test-amd64-amd64-xl-qemuu-win7-amd64                         fail    
 test-amd64-i386-xl-qemuu-win7-amd64                          fail    
 test-amd64-amd64-xl-qemut-ws16-amd64                         fail    
 test-amd64-i386-xl-qemut-ws16-amd64                          fail    
 test-amd64-amd64-xl-qemuu-ws16-amd64                         fail    
 test-amd64-i386-xl-qemuu-ws16-amd64                          fail    
 test-armhf-armhf-xl-arndale                                  pass    
 test-amd64-amd64-xl-credit2                                  pass    
 test-armhf-armhf-xl-credit2                                  pass    
 test-armhf-armhf-xl-cubietruck                               pass    
 test-amd64-amd64-examine                                     pass    
 test-armhf-armhf-examine                                     pass    
 test-amd64-i386-examine                                      pass    
 test-amd64-i386-freebsd10-i386                               pass    
 test-amd64-i386-rumprun-i386                                 pass    
 test-amd64-amd64-xl-qemut-win10-i386                         fail    
 test-amd64-i386-xl-qemut-win10-i386                          fail    
 test-amd64-amd64-xl-qemuu-win10-i386                         fail    
 test-amd64-i386-xl-qemuu-win10-i386                          fail    
 test-amd64-amd64-qemuu-nested-intel                          pass    
 test-amd64-amd64-xl-pvhv2-intel                              fail    
 test-amd64-i386-qemut-rhel6hvm-intel                         pass    
 test-amd64-i386-qemuu-rhel6hvm-intel                         pass    
 test-amd64-amd64-libvirt                                     pass    
 test-armhf-armhf-libvirt                                     pass    
 test-amd64-i386-libvirt                                      pass    
 test-amd64-amd64-xl-multivcpu                                pass    
 test-armhf-armhf-xl-multivcpu                                pass    
 test-amd64-amd64-pair                                        pass    
 test-amd64-i386-pair                                         pass    
 test-amd64-amd64-libvirt-pair                                pass    
 test-amd64-i386-libvirt-pair                                 pass    
 test-amd64-amd64-amd64-pvgrub                                pass    
 test-amd64-amd64-i386-pvgrub                                 pass    
 test-amd64-amd64-pygrub                                      pass    
 test-amd64-i386-libvirt-qcow2                                fail    
 test-amd64-amd64-xl-qcow2                                    fail    
 test-armhf-armhf-libvirt-raw                                 pass    
 test-amd64-i386-xl-raw                                       pass    
 test-amd64-amd64-xl-rtds                                     pass    
 test-armhf-armhf-xl-rtds                                     pass    
 test-amd64-amd64-libvirt-vhd                                 fail    
 test-armhf-armhf-xl-vhd                                      fail    


------------------------------------------------------------
sg-report-flight on osstest.test-lab.xenproject.org
logs: /home/logs/logs
images: /home/logs/images

Logs, config files, etc. are available at
    http://logs.test-lab.xenproject.org/osstest/logs

Explanation of these reports, and of osstest in general, is at
    http://xenbits.xen.org/gitweb/?p=osstest.git;a=blob;f=README.email;hb=master
    http://xenbits.xen.org/gitweb/?p=osstest.git;a=blob;f=README;hb=master

Test harness code can be found at
    http://xenbits.xen.org/gitweb?p=osstest.git;a=summary


Not pushing.

(No revision log; it would be 3672 lines long.)


[-- Attachment #2: Type: text/plain, Size: 127 bytes --]

_______________________________________________
Xen-devel mailing list
Xen-devel@lists.xen.org
https://lists.xen.org/xen-devel

                 reply	other threads:[~2017-11-05 16:51 UTC|newest]

Thread overview: [no followups] expand[flat|nested]  mbox.gz  Atom feed

Reply instructions:

You may reply publicly to this message via plain-text email
using any one of the following methods:

* Save the following mbox file, import it into your mail client,
  and reply-to-all from there: mbox

  Avoid top-posting and favor interleaved quoting:
  https://en.wikipedia.org/wiki/Posting_style#Interleaved_style

* Reply using the --to, --cc, and --in-reply-to
  switches of git-send-email(1):

  git send-email \
    --in-reply-to=osstest-115582-mainreport@xen.org \
    --to=osstest-admin@xenproject.org \
    --cc=xen-devel@lists.xensource.com \
    /path/to/YOUR_REPLY

  https://kernel.org/pub/software/scm/git/docs/git-send-email.html

* If your mail client supports setting the In-Reply-To header
  via mailto: links, try the mailto: link
Be sure your reply has a Subject: header at the top and a blank line before the message body.
This is a public inbox, see mirroring instructions
for how to clone and mirror all data and code used for this inbox;
as well as URLs for NNTP newsgroup(s).