xen-devel.lists.xenproject.org archive mirror
 help / color / mirror / Atom feed
* [linux-3.10 test] 115586: tolerable FAIL - PUSHED
@ 2017-11-05 18:36 osstest service owner
  0 siblings, 0 replies; only message in thread
From: osstest service owner @ 2017-11-05 18:36 UTC (permalink / raw)
  To: xen-devel, osstest-admin

[-- Attachment #1: Type: text/plain, Size: 19322 bytes --]

flight 115586 linux-3.10 real [real]
http://logs.test-lab.xenproject.org/osstest/logs/115586/

Failures :-/ but no regressions.

Regressions which are regarded as allowable (not blocking):
 test-amd64-amd64-xl-qemut-win7-amd64 17 guest-stop       fail REGR. vs. 111093

Tests which did not succeed, but are not blocking:
 test-amd64-i386-libvirt-qcow2 17 guest-start/debian.repeat fail baseline untested
 test-amd64-i386-xl-qemuu-win7-amd64 17 guest-stop       fail blocked in 111093
 test-amd64-i386-xl-qemut-win7-amd64 17 guest-stop       fail blocked in 111093
 test-amd64-amd64-xl-qemuu-win7-amd64 17 guest-stop            fail like 111093
 test-amd64-i386-libvirt-xsm  13 migrate-support-check        fail   never pass
 test-amd64-amd64-xl-pvhv2-amd 12 guest-start                  fail  never pass
 test-amd64-amd64-libvirt     13 migrate-support-check        fail   never pass
 test-amd64-amd64-xl-pvhv2-intel 12 guest-start                 fail never pass
 test-amd64-i386-libvirt      13 migrate-support-check        fail   never pass
 test-amd64-amd64-libvirt-xsm 13 migrate-support-check        fail   never pass
 test-amd64-amd64-libvirt-qemuu-debianhvm-amd64-xsm 11 migrate-support-check fail never pass
 test-amd64-i386-libvirt-qemuu-debianhvm-amd64-xsm 11 migrate-support-check fail never pass
 test-amd64-amd64-examine      4 memdisk-try-append           fail   never pass
 test-amd64-i386-libvirt-qcow2 12 migrate-support-check        fail  never pass
 test-amd64-amd64-libvirt-vhd 12 migrate-support-check        fail   never pass
 test-amd64-amd64-qemuu-nested-amd 17 debian-hvm-install/l1/l2  fail never pass
 test-amd64-i386-xl-qemuu-ws16-amd64 17 guest-stop              fail never pass
 test-amd64-amd64-xl-qemut-ws16-amd64 17 guest-stop             fail never pass
 test-amd64-amd64-xl-qemuu-ws16-amd64 17 guest-stop             fail never pass
 test-amd64-i386-xl-qemut-ws16-amd64 17 guest-stop              fail never pass
 test-amd64-i386-xl-qemut-win10-i386 10 windows-install         fail never pass
 test-amd64-amd64-xl-qemuu-win10-i386 10 windows-install        fail never pass
 test-amd64-amd64-xl-qemut-win10-i386 10 windows-install        fail never pass
 test-amd64-i386-xl-qemuu-win10-i386 10 windows-install         fail never pass

version targeted for testing:
 linux                e7a59c7f266809d17dcde20fd2055e23e7eb6895
baseline version:
 linux                0e3d5747a3ef9986d7617cec396850bf9d039309

Last test of basis   111093  2017-06-27 10:19:15 Z  131 days
Testing same since   115586  2017-11-05 07:25:00 Z    0 days    1 attempts

------------------------------------------------------------
People who touched revisions under test:
  "Eric W. Biederman" <ebiederm@xmission.com>
  Adam Borowski <kilobyte@angband.pl>
  Al Viro <viro@zeniv.linux.org.uk>
  Alexander Potapenko <glider@google.com>
  Andreas Gruenbacher <agruenba@redhat.com>
  Andrew Gabbasov <andrew_gabbasov@mentor.com>
  Andrew Morton <akpm@linux-foundation.org>
  Andrey Konovalov <andreyknvl@google.com>
  Anssi Hannula <anssi.hannula@bitwise.fi>
  Anton Blanchard <anton@samba.org>
  Arend van Spriel <arend.vanspriel@broadcom.com>
  Arnaldo Carvalho de Melo <acme@redhat.com>
  Arnd Bergmann <arnd@arndb.de>
  Baohong Liu <baohong.liu@intel.com>
  Benjamin Block <bblock@linux.vnet.ibm.com>
  Bo Yan <byan@nvidia.com>
  Cheah Kok Cheong <thrust73@gmail.com>
  Chris Brandt <chris.brandt@renesas.com>
  Christoph Paasch <cpaasch@apple.com>
  Christophe JAILLET <christophe.jaillet@wanadoo.fr>
  Cong Wang <xiyou.wangcong@gmail.com>
  Dan Carpenter <dan.carpenter@oracle.com>
  Darrick J. Wong <darrick.wong@oracle.com>
  David Ahern <dsahern@gmail.com>
  David Howells <dhowells@redhat.com>
  David S. Miller <davem@davemloft.net>
  David Sterba <dsterba@suse.com>
  Doug Ledford <dledford@redhat.com>
  Erez Shitrit <erezsh@mellanox.com>
  Eric Biggers <ebiggers@google.com>
  Eric Dumazet <edumazet@google.com>
  Felipe Balbi <balbi@ti.com>
  Felipe Balbi <felipe.balbi@linux.intel.com>
  Feras Daoud <ferasda@mellanox.com>
  Florian Fainelli <f.fainelli@gmail.com>
  Florian Westphal <fw@strlen.de>
  Gao Feng <gfree.wind@vip.163.com>
  Greg Kroah-Hartman <gregkh@linuxfoundation.org>
  Hans Verkuil <hans.verkuil@cisco.com>
  Haozhong Zhang <haozhong.zhang@intel.com>
  Helge Deller <deller@gmx.de>
  Herbert Xu <herbert@gondor.apana.org.au>
  Horia Geantă <horia.geanta@nxp.com>
  Ian Abbott <abbotti@mev.co.uk>
  Ilya Matveychikov <matvejchikov@gmail.com>
  Ilya V. Matveychikov <matvejchikov@gmail.com>
  Ingo Molnar <mingo@kernel.org>
  Ira Weiny <ira.weiny@intel.com>
  James Hogan <james.hogan@imgtec.com>
  James Morris <james.l.morris@oracle.com>
  James Morse <james.morse@arm.com>
  James Shen <jcs@datera.io>
  Jan Kara <jack@suse.cz>
  Jason Yan <yanaijie@huawei.com>
  Jerry Lee <jerrylee@qnap.com>
  Jin Yao <yao.jin@linux.intel.com>
  Jiri Pirko <jiri@mellanox.com>
  Joerg Roedel <jroedel@suse.de>
  Johan Hovold <johan@kernel.org>
  Johannes Berg <johannes.berg@intel.com>
  Johannes Thumshirn <jthumshirn@suse.de>
  Jonathan Cameron <Jonathan.Cameron@huawei.com>
  Josh Poimboeuf <jpoimboe@redhat.com>
  Jouni Malinen <jouni@qca.qualcomm.com>
  Julian Anastasov <ja@ssi.bg>
  Kazuya Mizuguchi <kazuya.mizuguchi.ks@renesas.com>
  Kees Cook <keescook@chromium.org>
  Konstantin Khlebnikov <khlebnikov@yandex-team.ru>
  Krzysztof Kozlowski <krzk@kernel.org>
  Lad, Prabhakar <prabhakar.csengg@gmail.com>
  Laura Abbott <labbott@redhat.com>
  Lee Jones <lee.jones@linaro.org>
  Leon Romanovsky <leon@kernel.org>
  Leon Romanovsky <leonro@mellanox.com>
  Linus Torvalds <torvalds@linux-foundation.org>
  Liping Zhang <zlpnobody@gmail.com>
  Lorenzo Colitti <lorenzo@google.com>
  Maciej W. Rozycki <macro@imgtec.com>
  Mahesh Bandewar <maheshb@google.com>
  Majd Dibbiny <majd@mellanox.com>
  Marc Kleine-Budde <mkl@pengutronix.de>
  Marcel Holtmann <marcel@holtmann.org>
  Marcelo Ricardo Leitner <marcelo.leitner@gmail.com>
  Marcin Nowakowski <marcin.nowakowski@imgtec.com>
  Martin Hicks <mort@bork.org>
  Martin K. Petersen <martin.petersen@oracle.com>
  Masami Hiramatsu <mhiramat@kernel.org>
  Mateusz Jurczyk <mjurczyk@google.com>
  Mauro Carvalho Chehab <mchehab@s-opensource.com>
  Michael Ellerman <mpe@ellerman.id.au>
  Michael Thalmeier <michael.thalmeier@hale.at>
  Michal Hocko <mhocko@suse.com>
  Miklos Szeredi <mszeredi@redhat.com>
  Mimi Zohar <zohar@linux.vnet.ibm.com>
  Nandita Dukkipati <nanditad@google.com>
  Naveen N. Rao <naveen.n.rao@linux.vnet.ibm.com>
  Neal Cardwell <ncardwell@google.com>
  Neil Horman <nhorman@tuxdriver.com>
  NeilBrown <neilb@suse.com>
  Nicholas Bellinger <nab@linux-iscsi.org>
  Oliver O'Halloran <oohall@gmail.com>
  Pablo Neira Ayuso <pablo@netfilter.org>
  Pan Bian <bianpan2016@163.com>
  Paolo Bonzini <pbonzini@redhat.com>
  Paul E. McKenney <paulmck@linux.vnet.ibm.com>
  Peter Chen <peter.chen@nxp.com>
  Prabhakar Lad <prabhakar.csengg@gmail.com>
  Radim Krčmář <rkrcmar@redhat.com>
  Rafael J. Wysocki <rafael.j.wysocki@intel.com>
  Ralf Baechle <ralf@linux-mips.org>
  Rik van Riel <riel@redhat.com>
  Rodolfo Giometti <giometti@linux.it>
  Roger Quadros <rogerq@ti.com>
  Russell King <rmk+kernel@armlinux.org.uk>
  Sabrina Dubroca <sd@queasysnail.net>
  Satoru Takeuchi <satoru.takeuchi@gmail.com>
  Shaohua Li <shli@fb.com>
  Soheil Hassas Yeganeh <soheil@google.com>
  Srinivas Dasari <dasaris@qti.qualcomm.com>
  Stefan Mätje <stefan.maetje@esd.eu>
  Steffen Klassert <steffen.klassert@secunet.com>
  Steffen Maier <maier@linux.vnet.ibm.com>
  Stephan Mueller <smueller@chronox.de>
  Steven Rostedt (VMware) <rostedt@goodmis.org>
  Takashi Iwai <tiwai@suse.de>
  Tariq Toukan <tariqt@mellanox.com>
  Tejun Heo <tj@kernel.org>
  Theodore Ts'o <tytso@mit.edu>
  Tomasz Wilczyński <twilczynski@naver.com>
  Tony Lindgren <tony@atomide.com>
  Ulf Hansson <ulf.hansson@linaro.org>
  Uwe Kleine-König <u.kleine-koenig@pengutronix.de>
  Viresh Kumar <viresh.kumar@linaro.org>
  Vladis Dronov <vdronov@redhat.com>
  WANG Cong <xiyou.wangcong@gmail.com>
  Wanpeng Li <wanpeng.li@hotmail.com>
  Wei Wang <weiwan@google.com>
  Willem de Bruijn <willemb@google.com>
  Willy Tarreau <w@1wt.eu>
  Xin Long <lucien.xin@gmail.com>
  Yao Jin <yao.jin@linux.intel.com>
  Yoshihiro Shimoda <yoshihiro.shimoda.uh@renesas.com>
  Yuchung Cheng <ycheng@google.com>

jobs:
 build-amd64-xsm                                              pass    
 build-i386-xsm                                               pass    
 build-amd64                                                  pass    
 build-i386                                                   pass    
 build-amd64-libvirt                                          pass    
 build-i386-libvirt                                           pass    
 build-amd64-pvops                                            pass    
 build-i386-pvops                                             pass    
 build-amd64-rumprun                                          pass    
 build-i386-rumprun                                           pass    
 test-amd64-amd64-xl                                          pass    
 test-amd64-i386-xl                                           pass    
 test-amd64-amd64-xl-qemut-debianhvm-amd64-xsm                pass    
 test-amd64-i386-xl-qemut-debianhvm-amd64-xsm                 pass    
 test-amd64-amd64-libvirt-qemuu-debianhvm-amd64-xsm           pass    
 test-amd64-i386-libvirt-qemuu-debianhvm-amd64-xsm            pass    
 test-amd64-amd64-xl-qemuu-debianhvm-amd64-xsm                pass    
 test-amd64-i386-xl-qemuu-debianhvm-amd64-xsm                 pass    
 test-amd64-amd64-xl-qemut-stubdom-debianhvm-amd64-xsm        pass    
 test-amd64-i386-xl-qemut-stubdom-debianhvm-amd64-xsm         pass    
 test-amd64-amd64-libvirt-xsm                                 pass    
 test-amd64-i386-libvirt-xsm                                  pass    
 test-amd64-amd64-xl-xsm                                      pass    
 test-amd64-i386-xl-xsm                                       pass    
 test-amd64-amd64-qemuu-nested-amd                            fail    
 test-amd64-amd64-xl-pvhv2-amd                                fail    
 test-amd64-i386-qemut-rhel6hvm-amd                           pass    
 test-amd64-i386-qemuu-rhel6hvm-amd                           pass    
 test-amd64-amd64-xl-qemut-debianhvm-amd64                    pass    
 test-amd64-i386-xl-qemut-debianhvm-amd64                     pass    
 test-amd64-amd64-xl-qemuu-debianhvm-amd64                    pass    
 test-amd64-i386-xl-qemuu-debianhvm-amd64                     pass    
 test-amd64-i386-freebsd10-amd64                              pass    
 test-amd64-amd64-xl-qemuu-ovmf-amd64                         pass    
 test-amd64-i386-xl-qemuu-ovmf-amd64                          pass    
 test-amd64-amd64-rumprun-amd64                               pass    
 test-amd64-amd64-xl-qemut-win7-amd64                         fail    
 test-amd64-i386-xl-qemut-win7-amd64                          fail    
 test-amd64-amd64-xl-qemuu-win7-amd64                         fail    
 test-amd64-i386-xl-qemuu-win7-amd64                          fail    
 test-amd64-amd64-xl-qemut-ws16-amd64                         fail    
 test-amd64-i386-xl-qemut-ws16-amd64                          fail    
 test-amd64-amd64-xl-qemuu-ws16-amd64                         fail    
 test-amd64-i386-xl-qemuu-ws16-amd64                          fail    
 test-amd64-amd64-xl-credit2                                  pass    
 test-amd64-amd64-examine                                     pass    
 test-amd64-i386-examine                                      pass    
 test-amd64-i386-freebsd10-i386                               pass    
 test-amd64-i386-rumprun-i386                                 pass    
 test-amd64-amd64-xl-qemut-win10-i386                         fail    
 test-amd64-i386-xl-qemut-win10-i386                          fail    
 test-amd64-amd64-xl-qemuu-win10-i386                         fail    
 test-amd64-i386-xl-qemuu-win10-i386                          fail    
 test-amd64-amd64-qemuu-nested-intel                          pass    
 test-amd64-amd64-xl-pvhv2-intel                              fail    
 test-amd64-i386-qemut-rhel6hvm-intel                         pass    
 test-amd64-i386-qemuu-rhel6hvm-intel                         pass    
 test-amd64-amd64-libvirt                                     pass    
 test-amd64-i386-libvirt                                      pass    
 test-amd64-amd64-xl-multivcpu                                pass    
 test-amd64-amd64-pair                                        pass    
 test-amd64-i386-pair                                         pass    
 test-amd64-amd64-libvirt-pair                                pass    
 test-amd64-i386-libvirt-pair                                 pass    
 test-amd64-amd64-amd64-pvgrub                                pass    
 test-amd64-amd64-i386-pvgrub                                 pass    
 test-amd64-amd64-pygrub                                      pass    
 test-amd64-i386-libvirt-qcow2                                fail    
 test-amd64-amd64-xl-qcow2                                    pass    
 test-amd64-i386-xl-raw                                       pass    
 test-amd64-amd64-xl-rtds                                     pass    
 test-amd64-amd64-libvirt-vhd                                 pass    


------------------------------------------------------------
sg-report-flight on osstest.test-lab.xenproject.org
logs: /home/logs/logs
images: /home/logs/images

Logs, config files, etc. are available at
    http://logs.test-lab.xenproject.org/osstest/logs

Explanation of these reports, and of osstest in general, is at
    http://xenbits.xen.org/gitweb/?p=osstest.git;a=blob;f=README.email;hb=master
    http://xenbits.xen.org/gitweb/?p=osstest.git;a=blob;f=README;hb=master

Test harness code can be found at
    http://xenbits.xen.org/gitweb?p=osstest.git;a=summary


Pushing revision :

+ branch=linux-3.10
+ revision=e7a59c7f266809d17dcde20fd2055e23e7eb6895
+ . ./cri-lock-repos
++ . ./cri-common
+++ . ./cri-getconfig
++++ export PERLLIB=.:.
++++ PERLLIB=.:.
+++ umask 002
+++ getrepos
++++ getconfig Repos
++++ perl -e '
                use Osstest;
                readglobalconfig();
                print $c{"Repos"} or die $!;
        '
+++ local repos=/home/osstest/repos
+++ '[' -z /home/osstest/repos ']'
+++ '[' '!' -d /home/osstest/repos ']'
+++ echo /home/osstest/repos
++ repos=/home/osstest/repos
++ repos_lock=/home/osstest/repos/lock
++ '[' x '!=' x/home/osstest/repos/lock ']'
++ OSSTEST_REPOS_LOCK_LOCKED=/home/osstest/repos/lock
++ exec with-lock-ex -w /home/osstest/repos/lock ./ap-push linux-3.10 e7a59c7f266809d17dcde20fd2055e23e7eb6895
+ branch=linux-3.10
+ revision=e7a59c7f266809d17dcde20fd2055e23e7eb6895
+ . ./cri-lock-repos
++ . ./cri-common
+++ . ./cri-getconfig
++++ export PERLLIB=.:.:.
++++ PERLLIB=.:.:.
+++ umask 002
+++ getrepos
++++ getconfig Repos
++++ perl -e '
                use Osstest;
                readglobalconfig();
                print $c{"Repos"} or die $!;
        '
+++ local repos=/home/osstest/repos
+++ '[' -z /home/osstest/repos ']'
+++ '[' '!' -d /home/osstest/repos ']'
+++ echo /home/osstest/repos
++ repos=/home/osstest/repos
++ repos_lock=/home/osstest/repos/lock
++ '[' x/home/osstest/repos/lock '!=' x/home/osstest/repos/lock ']'
+ . ./cri-common
++ . ./cri-getconfig
+++ export PERLLIB=.:.:.:.
+++ PERLLIB=.:.:.:.
++ umask 002
+ select_xenbranch
+ case "$branch" in
+ tree=linux
+ xenbranch=xen-unstable
+ '[' xlinux = xlinux ']'
+ linuxbranch=linux-3.10
+ '[' x = x ']'
+ qemuubranch=qemu-upstream-unstable
+ select_prevxenbranch
++ ./cri-getprevxenbranch xen-unstable
+ prevxenbranch=xen-4.9-testing
+ '[' xe7a59c7f266809d17dcde20fd2055e23e7eb6895 = x ']'
+ : tested/2.6.39.x
+ . ./ap-common
++ : osstest@xenbits.xen.org
+++ getconfig OsstestUpstream
+++ perl -e '
                use Osstest;
                readglobalconfig();
                print $c{"OsstestUpstream"} or die $!;
        '
++ :
++ : git://xenbits.xen.org/xen.git
++ : osstest@xenbits.xen.org:/home/xen/git/xen.git
++ : git://xenbits.xen.org/qemu-xen-traditional.git
++ : git://git.kernel.org
++ : git://git.kernel.org/pub/scm/linux/kernel/git
++ : git
++ : git://xenbits.xen.org/xtf.git
++ : osstest@xenbits.xen.org:/home/xen/git/xtf.git
++ : git://xenbits.xen.org/xtf.git
++ : git://xenbits.xen.org/libvirt.git
++ : osstest@xenbits.xen.org:/home/xen/git/libvirt.git
++ : git://xenbits.xen.org/libvirt.git
++ : git://xenbits.xen.org/osstest/rumprun.git
++ : git
++ : git://xenbits.xen.org/osstest/rumprun.git
++ : osstest@xenbits.xen.org:/home/xen/git/osstest/rumprun.git
++ : git://git.seabios.org/seabios.git
++ : osstest@xenbits.xen.org:/home/xen/git/osstest/seabios.git
++ : git://xenbits.xen.org/osstest/seabios.git
++ : https://github.com/tianocore/edk2.git
++ : osstest@xenbits.xen.org:/home/xen/git/osstest/ovmf.git
++ : git://xenbits.xen.org/osstest/ovmf.git
++ : git://xenbits.xen.org/osstest/linux-firmware.git
++ : osstest@xenbits.xen.org:/home/osstest/ext/linux-firmware.git
++ : git://git.kernel.org/pub/scm/linux/kernel/git/firmware/linux-firmware.git
++ : osstest@xenbits.xen.org:/home/xen/git/linux-pvops.git
++ : git://xenbits.xen.org/linux-pvops.git
++ : tested/linux-4.9
++ : tested/linux-arm-xen
++ '[' xgit://git.kernel.org/pub/scm/linux/kernel/git/stable/linux-stable.git = x ']'
++ '[' xgit://git.kernel.org/pub/scm/linux/kernel/git/stable/linux-stable.git = x ']'
++ : git://git.kernel.org/pub/scm/linux/kernel/git/konrad/xen.git
++ : tested/2.6.39.x
++ : daily-cron.linux-3.10
++ : daily-cron.linux-3.10
++ : daily-cron.linux-3.10
++ : daily-cron.linux-3.10
++ : daily-cron.linux-3.10
++ : daily-cron.linux-3.10
++ : daily-cron.linux-3.10
++ : http://hg.uk.xensource.com/carbon/trunk/linux-2.6.27
++ : git://xenbits.xen.org/qemu-xen.git
++ : osstest@xenbits.xen.org:/home/xen/git/qemu-xen.git
++ : daily-cron.linux-3.10
++ : git://xenbits.xen.org/qemu-xen.git
++ : git://git.qemu.org/qemu.git
+ TREE_LINUX=osstest@xenbits.xen.org:/home/xen/git/linux-pvops.git
+ TREE_QEMU_UPSTREAM=osstest@xenbits.xen.org:/home/xen/git/qemu-xen.git
+ TREE_XEN=osstest@xenbits.xen.org:/home/xen/git/xen.git
+ TREE_LIBVIRT=osstest@xenbits.xen.org:/home/xen/git/libvirt.git
+ TREE_RUMPRUN=osstest@xenbits.xen.org:/home/xen/git/osstest/rumprun.git
+ TREE_SEABIOS=osstest@xenbits.xen.org:/home/xen/git/osstest/seabios.git
+ TREE_OVMF=osstest@xenbits.xen.org:/home/xen/git/osstest/ovmf.git
+ TREE_XTF=osstest@xenbits.xen.org:/home/xen/git/xtf.git
+ info_linux_tree linux-3.10
+ case $1 in
+ : git://git.kernel.org/pub/scm/linux/kernel/git/stable/linux-stable.git
+ : linux-3.10.y
+ : linux-3.10.y
+ : git
+ : git
+ : git://xenbits.xen.org/linux-pvops.git
+ : osstest@xenbits.xen.org:/home/xen/git/linux-pvops.git
+ : tested/linux-3.10
+ : refs/heads/tested/linux-3.10
+ return 0
+ cd /home/osstest/repos/linux
+ git push osstest@xenbits.xen.org:/home/xen/git/linux-pvops.git e7a59c7f266809d17dcde20fd2055e23e7eb6895:refs/heads/tested/linux-3.10
To osstest@xenbits.xen.org:/home/xen/git/linux-pvops.git
   0e3d574..e7a59c7  e7a59c7f266809d17dcde20fd2055e23e7eb6895 -> tested/linux-3.10
+ exit 0


[-- Attachment #2: Type: text/plain, Size: 127 bytes --]

_______________________________________________
Xen-devel mailing list
Xen-devel@lists.xen.org
https://lists.xen.org/xen-devel

^ permalink raw reply	[flat|nested] only message in thread

only message in thread, other threads:[~2017-11-05 18:36 UTC | newest]

Thread overview: (only message) (download: mbox.gz follow: Atom feed
-- links below jump to the message on this page --
2017-11-05 18:36 [linux-3.10 test] 115586: tolerable FAIL - PUSHED osstest service owner

This is a public inbox, see mirroring instructions
for how to clone and mirror all data and code used for this inbox;
as well as URLs for NNTP newsgroup(s).