xen-devel.lists.xenproject.org archive mirror
 help / color / mirror / Atom feed
* [qemu-mainline test] 115657: regressions - FAIL
@ 2017-11-08  8:14 osstest service owner
  0 siblings, 0 replies; only message in thread
From: osstest service owner @ 2017-11-08  8:14 UTC (permalink / raw)
  To: xen-devel, osstest-admin

[-- Attachment #1: Type: text/plain, Size: 13390 bytes --]

flight 115657 qemu-mainline real [real]
http://logs.test-lab.xenproject.org/osstest/logs/115657/

Regressions :-(

Tests which did not succeed and are blocking,
including tests which could not be run:
 test-amd64-i386-libvirt-qcow2 17 guest-start/debian.repeat fail REGR. vs. 114507
 test-amd64-amd64-libvirt-vhd 17 guest-start/debian.repeat fail REGR. vs. 114507
 test-amd64-amd64-xl-qemuu-win7-amd64 16 guest-localmigrate/x10 fail REGR. vs. 114507

Tests which did not succeed, but are not blocking:
 test-amd64-amd64-xl-qemuu-ws16-amd64 17 guest-stop      fail blocked in 114507
 test-armhf-armhf-libvirt-xsm 14 saverestore-support-check    fail  like 114507
 test-armhf-armhf-libvirt     14 saverestore-support-check    fail  like 114507
 test-amd64-i386-xl-qemuu-win7-amd64 17 guest-stop             fail like 114507
 test-armhf-armhf-libvirt-raw 13 saverestore-support-check    fail  like 114507
 test-amd64-amd64-xl-pvhv2-intel 12 guest-start                 fail never pass
 test-amd64-i386-libvirt-xsm  13 migrate-support-check        fail   never pass
 test-amd64-amd64-xl-pvhv2-amd 12 guest-start                  fail  never pass
 test-amd64-i386-libvirt      13 migrate-support-check        fail   never pass
 test-amd64-amd64-libvirt     13 migrate-support-check        fail   never pass
 test-amd64-amd64-libvirt-xsm 13 migrate-support-check        fail   never pass
 test-amd64-amd64-libvirt-qemuu-debianhvm-amd64-xsm 11 migrate-support-check fail never pass
 test-amd64-i386-libvirt-qemuu-debianhvm-amd64-xsm 11 migrate-support-check fail never pass
 test-amd64-i386-libvirt-qcow2 12 migrate-support-check        fail  never pass
 test-armhf-armhf-xl-arndale  13 migrate-support-check        fail   never pass
 test-armhf-armhf-xl-arndale  14 saverestore-support-check    fail   never pass
 test-amd64-amd64-libvirt-vhd 12 migrate-support-check        fail   never pass
 test-amd64-amd64-qemuu-nested-amd 17 debian-hvm-install/l1/l2  fail never pass
 test-armhf-armhf-xl-xsm      13 migrate-support-check        fail   never pass
 test-armhf-armhf-xl-xsm      14 saverestore-support-check    fail   never pass
 test-armhf-armhf-xl-multivcpu 13 migrate-support-check        fail  never pass
 test-armhf-armhf-xl-multivcpu 14 saverestore-support-check    fail  never pass
 test-armhf-armhf-xl          13 migrate-support-check        fail   never pass
 test-armhf-armhf-xl          14 saverestore-support-check    fail   never pass
 test-armhf-armhf-xl-credit2  13 migrate-support-check        fail   never pass
 test-armhf-armhf-xl-credit2  14 saverestore-support-check    fail   never pass
 test-armhf-armhf-libvirt-xsm 13 migrate-support-check        fail   never pass
 test-armhf-armhf-xl-rtds     13 migrate-support-check        fail   never pass
 test-armhf-armhf-xl-rtds     14 saverestore-support-check    fail   never pass
 test-armhf-armhf-libvirt     13 migrate-support-check        fail   never pass
 test-armhf-armhf-libvirt-raw 12 migrate-support-check        fail   never pass
 test-armhf-armhf-xl-vhd      12 migrate-support-check        fail   never pass
 test-armhf-armhf-xl-vhd      13 saverestore-support-check    fail   never pass
 test-armhf-armhf-xl-cubietruck 13 migrate-support-check        fail never pass
 test-armhf-armhf-xl-cubietruck 14 saverestore-support-check    fail never pass
 test-amd64-i386-xl-qemuu-ws16-amd64 17 guest-stop              fail never pass
 test-amd64-i386-xl-qemuu-win10-i386 10 windows-install         fail never pass
 test-amd64-amd64-xl-qemuu-win10-i386 10 windows-install        fail never pass

version targeted for testing:
 qemuu                b0fbe46ad82982b289a44ee2495b59b0bad8a842
baseline version:
 qemuu                f90ea7ba7c5ae7010ee0ce062207ae42530f57d6

Last test of basis   114507  2017-10-15 01:03:38 Z   24 days
Failing since        114546  2017-10-16 12:16:28 Z   22 days   60 attempts
Testing same since   115657  2017-11-08 01:28:35 Z    0 days    1 attempts

------------------------------------------------------------
People who touched revisions under test:
  Aaron Lindsay <alindsay@codeaurora.org>
  Alberto Garcia <berto@igalia.com>
  Aleksandr Bezzubikov <zuban32s@gmail.com>
  Alex Bennée <alex.bennee@linaro.org>
  Alexey Kardashevskiy <aik@ozlabs.ru>
  Alexey Perevalov <a.perevalov@samsung.com>
  Alistair Francis <alistair.francis@xilinx.com>
  Amarnath Valluri <amarnath.valluri@intel.com>
  Andreas Färber <afaerber@suse.de>
  Andrew Baumann <Andrew.Baumann@microsoft.com>
  Anthoine Bourgeois <anthoine.bourgeois@blade-group.com>
  Anthony PERARD <anthony.perard@citrix.com>
  Artyom Tarasenko <atar4qemu@gmail.com>
  Bishara AbuHattoum <bishara@daynix.com>
  Carlo Marcelo Arenas Belón <carenas@gmail.com>
  Chen Hanxiao <chenhanxiao@gmail.com>
  Christian Borntraeger <borntraeger@de.ibm.com>
  Collin L. Walling <walling@linux.vnet.ibm.com>
  Cornelia Huck <cohuck@redhat.com>
  Cornelia Huck <Cornelia Huck <cohuck@redhat.com>
  Cornelia Huck <cornelia.huck@de.ibm.com>
  Daniel Henrique Barboza <danielhb@linux.vnet.ibm.com>
  Daniel P. Berrange <berrange@redhat.com>
  David Gibson <david@gibson.dropbear.id.au>
  David Hildenbrand <david@redhat.com>
  Dong Jia Shi <bjsdjshi@linux.vnet.ibm.com>
  Dr. David Alan Gilbert <dgilbert@redhat.com>
  Eduardo Habkost <ehabkost@redhat.com>
  Eduardo Otubo <otubo@redhat.com>
  Emilio G. Cota <cota@braap.org>
  Eric Auger <eric.auger@redhat.com>
  Eric Blake <eblake@redhat.com>
  Fam Zheng <famz@redhat.com>
  Farhan Ali <alifm@linux.vnet.ibm.com>
  Felipe Franciosi <felipe@nutanix.com>
  Gerd Hoffmann <kraxel@redhat.com>
  Greg Kurz <groug@kaod.org>
  Halil Pasic <pasic@linux.vnet.ibm.com>
  Igor Mammedov <imammedo@redhat.com>
  James Hogan <james.hogan@imgtec.com>
  Jason J. Herne <jjherne@linux.vnet.ibm.com>
  Jason Wang <jasowang@redhat.com>
  Joe Clifford <joeclifford@gmail.com>
  John Arbuckle <programmingkidx@gmail.com>
  John Snow <jsnow@redhat.com>
  Juan Quintela <quintela@redhat.com>
  Juergen Gross <jgross@suse.com>
  Kamil Rytarowski <n54@gmx.com>
  Kevin Wolf <kwolf@redhat.com>
  Knut Omang <knut.omang@oracle.com>
  Lan Tianyu <tianyu.lan@intel.com>
  Laszlo Ersek <lersek@redhat.com>
  Laurent Desnogues <laurent.desnogues@gmail.com>
  Laurent Vivier <laurent@vivier.eu>
  Laurent Vivier <lvivier@redhat.com>
  Manos Pitsidianakis <el13635@mail.ntua.gr>
  Mao Zhongyi <maozy.fnst@cn.fujitsu.com>
  Marc-André Lureau <marcandre.lureau@redhat.com>
  Marcel Apfelbaum <marcel@redhat.com>
  Marco A L Barbosa <malbarbo@gmail.com>
  Mark Cave-Ayland <mark.cave-ayland@ilande.co.uk>
  Mark Kanda <mark.kanda@oracle.com>
  Markus Armbruster <armbru@redhat.com>
  Matt Redfearn <matt.redfearn@imgtec.com>
  Max Reitz <mreitz@redhat.com>
  Maxime Coquelin <maxime.coquelin@redhat.com>
  Michael Roth <mdroth@linux.vnet.ibm.com>
  Michael S. Tsirkin <mst@redhat.com>
  Michael Tokarev <mjt@tls.msk.ru>
  Michael Walle <michael@walle.cc>
  Paolo Bonzini <pbonzini@redhat.com>
  Paul Burton <paul.burton@imgtec.com>
  Peter Krempa <pkrempa@redhat.com>
  Peter Maydell <peter.maydell@linaro.org>
  Peter Xu <peterx@redhat.com>
  Philippe Mathieu-Daudé <f4bug@amsat.org>
  Prasad J Pandit <pjp@fedoraproject.org>
  Richard Henderson <richard.henderson@linaro.org>
  Richard Henderson <rth@twiddle.net>
  Richard W.M. Jones <rjones@redhat.com>
  Riku Voipio <riku.voipio@linaro.org>
  Ross Lagerwall <ross.lagerwall@citrix.com>
  Sandipan Das <sandipan@linux.vnet.ibm.com>
  Shanker Donthineni <shankerd@codeaurora.org>
  Stafford Horne <shorne@gmail.com>
  Stefan Berger <stefanb@linux.vnet.ibm.com>
  Stefan Hajnoczi <stefanha@redhat.com>
  Stefan Weil <sw@weilnetz.de>
  Stefano Stabellini <sstabellini@kernel.org>
  Subbaraya Sundeep <sundeep.lkml@gmail.com>
  Thomas Huth <huth@tuxfamily.org>
  Thomas Huth <thuth@redhat.com>
  Vladimir Sementsov-Ogievskiy <vsementsov@virtuozzo.com>
  Wolfgang Bumiller <w.bumiller@proxmox.com>
  Yongbok Kim <yongbok.kim@imgtec.com>
  ZhiPeng Lu <lu.zhipeng@zte.com.cn>

jobs:
 build-amd64-xsm                                              pass    
 build-armhf-xsm                                              pass    
 build-i386-xsm                                               pass    
 build-amd64                                                  pass    
 build-armhf                                                  pass    
 build-i386                                                   pass    
 build-amd64-libvirt                                          pass    
 build-armhf-libvirt                                          pass    
 build-i386-libvirt                                           pass    
 build-amd64-pvops                                            pass    
 build-armhf-pvops                                            pass    
 build-i386-pvops                                             pass    
 test-amd64-amd64-xl                                          pass    
 test-armhf-armhf-xl                                          pass    
 test-amd64-i386-xl                                           pass    
 test-amd64-amd64-libvirt-qemuu-debianhvm-amd64-xsm           pass    
 test-amd64-i386-libvirt-qemuu-debianhvm-amd64-xsm            pass    
 test-amd64-amd64-xl-qemuu-debianhvm-amd64-xsm                pass    
 test-amd64-i386-xl-qemuu-debianhvm-amd64-xsm                 pass    
 test-amd64-amd64-libvirt-xsm                                 pass    
 test-armhf-armhf-libvirt-xsm                                 pass    
 test-amd64-i386-libvirt-xsm                                  pass    
 test-amd64-amd64-xl-xsm                                      pass    
 test-armhf-armhf-xl-xsm                                      pass    
 test-amd64-i386-xl-xsm                                       pass    
 test-amd64-amd64-qemuu-nested-amd                            fail    
 test-amd64-amd64-xl-pvhv2-amd                                fail    
 test-amd64-i386-qemuu-rhel6hvm-amd                           pass    
 test-amd64-amd64-xl-qemuu-debianhvm-amd64                    pass    
 test-amd64-i386-xl-qemuu-debianhvm-amd64                     pass    
 test-amd64-i386-freebsd10-amd64                              pass    
 test-amd64-amd64-xl-qemuu-ovmf-amd64                         pass    
 test-amd64-i386-xl-qemuu-ovmf-amd64                          pass    
 test-amd64-amd64-xl-qemuu-win7-amd64                         fail    
 test-amd64-i386-xl-qemuu-win7-amd64                          fail    
 test-amd64-amd64-xl-qemuu-ws16-amd64                         fail    
 test-amd64-i386-xl-qemuu-ws16-amd64                          fail    
 test-armhf-armhf-xl-arndale                                  pass    
 test-amd64-amd64-xl-credit2                                  pass    
 test-armhf-armhf-xl-credit2                                  pass    
 test-armhf-armhf-xl-cubietruck                               pass    
 test-amd64-i386-freebsd10-i386                               pass    
 test-amd64-amd64-xl-qemuu-win10-i386                         fail    
 test-amd64-i386-xl-qemuu-win10-i386                          fail    
 test-amd64-amd64-qemuu-nested-intel                          pass    
 test-amd64-amd64-xl-pvhv2-intel                              fail    
 test-amd64-i386-qemuu-rhel6hvm-intel                         pass    
 test-amd64-amd64-libvirt                                     pass    
 test-armhf-armhf-libvirt                                     pass    
 test-amd64-i386-libvirt                                      pass    
 test-amd64-amd64-xl-multivcpu                                pass    
 test-armhf-armhf-xl-multivcpu                                pass    
 test-amd64-amd64-pair                                        pass    
 test-amd64-i386-pair                                         pass    
 test-amd64-amd64-libvirt-pair                                pass    
 test-amd64-i386-libvirt-pair                                 pass    
 test-amd64-amd64-amd64-pvgrub                                pass    
 test-amd64-amd64-i386-pvgrub                                 pass    
 test-amd64-amd64-pygrub                                      pass    
 test-amd64-i386-libvirt-qcow2                                fail    
 test-amd64-amd64-xl-qcow2                                    pass    
 test-armhf-armhf-libvirt-raw                                 pass    
 test-amd64-i386-xl-raw                                       pass    
 test-amd64-amd64-xl-rtds                                     pass    
 test-armhf-armhf-xl-rtds                                     pass    
 test-amd64-amd64-libvirt-vhd                                 fail    
 test-armhf-armhf-xl-vhd                                      pass    


------------------------------------------------------------
sg-report-flight on osstest.test-lab.xenproject.org
logs: /home/logs/logs
images: /home/logs/images

Logs, config files, etc. are available at
    http://logs.test-lab.xenproject.org/osstest/logs

Explanation of these reports, and of osstest in general, is at
    http://xenbits.xen.org/gitweb/?p=osstest.git;a=blob;f=README.email;hb=master
    http://xenbits.xen.org/gitweb/?p=osstest.git;a=blob;f=README;hb=master

Test harness code can be found at
    http://xenbits.xen.org/gitweb?p=osstest.git;a=summary


Not pushing.

(No revision log; it would be 10840 lines long.)


[-- Attachment #2: Type: text/plain, Size: 127 bytes --]

_______________________________________________
Xen-devel mailing list
Xen-devel@lists.xen.org
https://lists.xen.org/xen-devel

^ permalink raw reply	[flat|nested] only message in thread

only message in thread, other threads:[~2017-11-08  8:14 UTC | newest]

Thread overview: (only message) (download: mbox.gz follow: Atom feed
-- links below jump to the message on this page --
2017-11-08  8:14 [qemu-mainline test] 115657: regressions - FAIL osstest service owner

This is a public inbox, see mirroring instructions
for how to clone and mirror all data and code used for this inbox;
as well as URLs for NNTP newsgroup(s).