From mboxrd@z Thu Jan 1 00:00:00 1970 From: osstest service owner Subject: [qemu-mainline test] 115663: regressions - FAIL Date: Wed, 08 Nov 2017 15:45:02 +0000 Message-ID: Mime-Version: 1.0 Content-Type: multipart/mixed; boundary="===============9130335451281811174==" Return-path: List-Unsubscribe: , List-Post: List-Help: List-Subscribe: , Errors-To: xen-devel-bounces@lists.xen.org Sender: "Xen-devel" To: xen-devel@lists.xensource.com, osstest-admin@xenproject.org List-Id: xen-devel@lists.xenproject.org --===============9130335451281811174== Content-Type: text/plain flight 115663 qemu-mainline real [real] http://logs.test-lab.xenproject.org/osstest/logs/115663/ Regressions :-( Tests which did not succeed and are blocking, including tests which could not be run: test-amd64-i386-libvirt-qcow2 17 guest-start/debian.repeat fail REGR. vs. 114507 Tests which are failing intermittently (not blocking): test-amd64-amd64-libvirt-vhd 17 guest-start/debian.repeat fail in 115657 pass in 115663 test-amd64-amd64-xl-qemuu-win7-amd64 16 guest-localmigrate/x10 fail in 115657 pass in 115663 test-armhf-armhf-xl-cubietruck 16 guest-start/debian.repeat fail pass in 115657 Tests which did not succeed, but are not blocking: test-amd64-amd64-xl-qemuu-ws16-amd64 17 guest-stop fail blocked in 114507 test-armhf-armhf-libvirt-xsm 14 saverestore-support-check fail like 114507 test-armhf-armhf-libvirt 14 saverestore-support-check fail like 114507 test-amd64-i386-xl-qemuu-win7-amd64 17 guest-stop fail like 114507 test-amd64-amd64-xl-qemuu-win7-amd64 17 guest-stop fail like 114507 test-armhf-armhf-libvirt-raw 13 saverestore-support-check fail like 114507 test-amd64-amd64-xl-pvhv2-intel 12 guest-start fail never pass test-amd64-amd64-xl-pvhv2-amd 12 guest-start fail never pass test-amd64-i386-libvirt 13 migrate-support-check fail never pass test-amd64-amd64-libvirt 13 migrate-support-check fail never pass test-amd64-i386-libvirt-xsm 13 migrate-support-check fail never pass test-amd64-amd64-libvirt-xsm 13 migrate-support-check fail never pass test-amd64-amd64-libvirt-qemuu-debianhvm-amd64-xsm 11 migrate-support-check fail never pass test-amd64-i386-libvirt-qemuu-debianhvm-amd64-xsm 11 migrate-support-check fail never pass test-amd64-i386-libvirt-qcow2 12 migrate-support-check fail never pass test-armhf-armhf-xl-arndale 13 migrate-support-check fail never pass test-armhf-armhf-xl-arndale 14 saverestore-support-check fail never pass test-amd64-amd64-libvirt-vhd 12 migrate-support-check fail never pass test-amd64-amd64-qemuu-nested-amd 17 debian-hvm-install/l1/l2 fail never pass test-armhf-armhf-xl-xsm 13 migrate-support-check fail never pass test-armhf-armhf-xl-xsm 14 saverestore-support-check fail never pass test-armhf-armhf-xl-multivcpu 13 migrate-support-check fail never pass test-armhf-armhf-xl-multivcpu 14 saverestore-support-check fail never pass test-armhf-armhf-xl 13 migrate-support-check fail never pass test-armhf-armhf-xl 14 saverestore-support-check fail never pass test-armhf-armhf-xl-credit2 13 migrate-support-check fail never pass test-armhf-armhf-xl-credit2 14 saverestore-support-check fail never pass test-armhf-armhf-libvirt-xsm 13 migrate-support-check fail never pass test-armhf-armhf-xl-rtds 13 migrate-support-check fail never pass test-armhf-armhf-xl-rtds 14 saverestore-support-check fail never pass test-armhf-armhf-libvirt 13 migrate-support-check fail never pass test-armhf-armhf-libvirt-raw 12 migrate-support-check fail never pass test-armhf-armhf-xl-vhd 12 migrate-support-check fail never pass test-armhf-armhf-xl-vhd 13 saverestore-support-check fail never pass test-armhf-armhf-xl-cubietruck 13 migrate-support-check fail never pass test-armhf-armhf-xl-cubietruck 14 saverestore-support-check fail never pass test-amd64-i386-xl-qemuu-ws16-amd64 17 guest-stop fail never pass test-amd64-i386-xl-qemuu-win10-i386 10 windows-install fail never pass test-amd64-amd64-xl-qemuu-win10-i386 10 windows-install fail never pass version targeted for testing: qemuu b0fbe46ad82982b289a44ee2495b59b0bad8a842 baseline version: qemuu f90ea7ba7c5ae7010ee0ce062207ae42530f57d6 Last test of basis 114507 2017-10-15 01:03:38 Z 24 days Failing since 114546 2017-10-16 12:16:28 Z 23 days 61 attempts Testing same since 115657 2017-11-08 01:28:35 Z 0 days 2 attempts ------------------------------------------------------------ People who touched revisions under test: Aaron Lindsay Alberto Garcia Aleksandr Bezzubikov Alex Bennée Alexey Kardashevskiy Alexey Perevalov Alistair Francis Amarnath Valluri Andreas Färber Andrew Baumann Anthoine Bourgeois Anthony PERARD Artyom Tarasenko Bishara AbuHattoum Carlo Marcelo Arenas Belón Chen Hanxiao Christian Borntraeger Collin L. Walling Cornelia Huck Cornelia Huck Cornelia Huck Daniel Henrique Barboza Daniel P. Berrange David Gibson David Hildenbrand Dong Jia Shi Dr. David Alan Gilbert Eduardo Habkost Eduardo Otubo Emilio G. Cota Eric Auger Eric Blake Fam Zheng Farhan Ali Felipe Franciosi Gerd Hoffmann Greg Kurz Halil Pasic Igor Mammedov James Hogan Jason J. Herne Jason Wang Joe Clifford John Arbuckle John Snow Juan Quintela Juergen Gross Kamil Rytarowski Kevin Wolf Knut Omang Lan Tianyu Laszlo Ersek Laurent Desnogues Laurent Vivier Laurent Vivier Manos Pitsidianakis Mao Zhongyi Marc-André Lureau Marcel Apfelbaum Marco A L Barbosa Mark Cave-Ayland Mark Kanda Markus Armbruster Matt Redfearn Max Reitz Maxime Coquelin Michael Roth Michael S. Tsirkin Michael Tokarev Michael Walle Paolo Bonzini Paul Burton Peter Krempa Peter Maydell Peter Xu Philippe Mathieu-Daudé Prasad J Pandit Richard Henderson Richard Henderson Richard W.M. Jones Riku Voipio Ross Lagerwall Sandipan Das Shanker Donthineni Stafford Horne Stefan Berger Stefan Hajnoczi Stefan Weil Stefano Stabellini Subbaraya Sundeep Thomas Huth Thomas Huth Vladimir Sementsov-Ogievskiy Wolfgang Bumiller Yongbok Kim ZhiPeng Lu jobs: build-amd64-xsm pass build-armhf-xsm pass build-i386-xsm pass build-amd64 pass build-armhf pass build-i386 pass build-amd64-libvirt pass build-armhf-libvirt pass build-i386-libvirt pass build-amd64-pvops pass build-armhf-pvops pass build-i386-pvops pass test-amd64-amd64-xl pass test-armhf-armhf-xl pass test-amd64-i386-xl pass test-amd64-amd64-libvirt-qemuu-debianhvm-amd64-xsm pass test-amd64-i386-libvirt-qemuu-debianhvm-amd64-xsm pass test-amd64-amd64-xl-qemuu-debianhvm-amd64-xsm pass test-amd64-i386-xl-qemuu-debianhvm-amd64-xsm pass test-amd64-amd64-libvirt-xsm pass test-armhf-armhf-libvirt-xsm pass test-amd64-i386-libvirt-xsm pass test-amd64-amd64-xl-xsm pass test-armhf-armhf-xl-xsm pass test-amd64-i386-xl-xsm pass test-amd64-amd64-qemuu-nested-amd fail test-amd64-amd64-xl-pvhv2-amd fail test-amd64-i386-qemuu-rhel6hvm-amd pass test-amd64-amd64-xl-qemuu-debianhvm-amd64 pass test-amd64-i386-xl-qemuu-debianhvm-amd64 pass test-amd64-i386-freebsd10-amd64 pass test-amd64-amd64-xl-qemuu-ovmf-amd64 pass test-amd64-i386-xl-qemuu-ovmf-amd64 pass test-amd64-amd64-xl-qemuu-win7-amd64 fail test-amd64-i386-xl-qemuu-win7-amd64 fail test-amd64-amd64-xl-qemuu-ws16-amd64 fail test-amd64-i386-xl-qemuu-ws16-amd64 fail test-armhf-armhf-xl-arndale pass test-amd64-amd64-xl-credit2 pass test-armhf-armhf-xl-credit2 pass test-armhf-armhf-xl-cubietruck fail test-amd64-i386-freebsd10-i386 pass test-amd64-amd64-xl-qemuu-win10-i386 fail test-amd64-i386-xl-qemuu-win10-i386 fail test-amd64-amd64-qemuu-nested-intel pass test-amd64-amd64-xl-pvhv2-intel fail test-amd64-i386-qemuu-rhel6hvm-intel pass test-amd64-amd64-libvirt pass test-armhf-armhf-libvirt pass test-amd64-i386-libvirt pass test-amd64-amd64-xl-multivcpu pass test-armhf-armhf-xl-multivcpu pass test-amd64-amd64-pair pass test-amd64-i386-pair pass test-amd64-amd64-libvirt-pair pass test-amd64-i386-libvirt-pair pass test-amd64-amd64-amd64-pvgrub pass test-amd64-amd64-i386-pvgrub pass test-amd64-amd64-pygrub pass test-amd64-i386-libvirt-qcow2 fail test-amd64-amd64-xl-qcow2 pass test-armhf-armhf-libvirt-raw pass test-amd64-i386-xl-raw pass test-amd64-amd64-xl-rtds pass test-armhf-armhf-xl-rtds pass test-amd64-amd64-libvirt-vhd pass test-armhf-armhf-xl-vhd pass ------------------------------------------------------------ sg-report-flight on osstest.test-lab.xenproject.org logs: /home/logs/logs images: /home/logs/images Logs, config files, etc. are available at http://logs.test-lab.xenproject.org/osstest/logs Explanation of these reports, and of osstest in general, is at http://xenbits.xen.org/gitweb/?p=osstest.git;a=blob;f=README.email;hb=master http://xenbits.xen.org/gitweb/?p=osstest.git;a=blob;f=README;hb=master Test harness code can be found at http://xenbits.xen.org/gitweb?p=osstest.git;a=summary Not pushing. (No revision log; it would be 10840 lines long.) --===============9130335451281811174== Content-Type: text/plain; charset="utf-8" MIME-Version: 1.0 Content-Transfer-Encoding: base64 Content-Disposition: inline X19fX19fX19fX19fX19fX19fX19fX19fX19fX19fX19fX19fX19fX19fX19fX18KWGVuLWRldmVs IG1haWxpbmcgbGlzdApYZW4tZGV2ZWxAbGlzdHMueGVuLm9yZwpodHRwczovL2xpc3RzLnhlbi5v cmcveGVuLWRldmVsCg== --===============9130335451281811174==--