From: osstest service owner <osstest-admin@xenproject.org>
To: xen-devel@lists.xensource.com, osstest-admin@xenproject.org
Subject: [linux-4.9 test] 115671: regressions - FAIL
Date: Wed, 08 Nov 2017 21:12:11 +0000 [thread overview]
Message-ID: <osstest-115671-mainreport@xen.org> (raw)
[-- Attachment #1: Type: text/plain, Size: 16829 bytes --]
flight 115671 linux-4.9 real [real]
http://logs.test-lab.xenproject.org/osstest/logs/115671/
Regressions :-(
Tests which did not succeed and are blocking,
including tests which could not be run:
test-amd64-amd64-xl-qemuu-win7-amd64 16 guest-localmigrate/x10 fail REGR. vs. 115613
Regressions which are regarded as allowable (not blocking):
test-armhf-armhf-xl-rtds 16 guest-start/debian.repeat fail REGR. vs. 115613
Tests which did not succeed, but are not blocking:
test-amd64-amd64-xl-qemut-win7-amd64 17 guest-stop fail like 115566
test-amd64-amd64-libvirt-vhd 17 guest-start/debian.repeat fail like 115582
test-amd64-amd64-xl-qcow2 19 guest-start/debian.repeat fail like 115597
test-amd64-i386-libvirt-qcow2 17 guest-start/debian.repeat fail like 115613
test-amd64-amd64-xl-qemuu-ws16-amd64 17 guest-stop fail like 115613
test-amd64-i386-xl-qemuu-win7-amd64 17 guest-stop fail like 115613
test-amd64-i386-xl-qemut-win7-amd64 17 guest-stop fail like 115613
test-armhf-armhf-xl-vhd 15 guest-start/debian.repeat fail like 115613
test-amd64-amd64-xl-pvhv2-intel 12 guest-start fail never pass
test-amd64-amd64-xl-pvhv2-amd 12 guest-start fail never pass
test-amd64-i386-libvirt 13 migrate-support-check fail never pass
test-amd64-amd64-libvirt 13 migrate-support-check fail never pass
test-amd64-i386-libvirt-xsm 13 migrate-support-check fail never pass
test-amd64-i386-libvirt-qemuu-debianhvm-amd64-xsm 11 migrate-support-check fail never pass
test-amd64-amd64-libvirt-qemuu-debianhvm-amd64-xsm 11 migrate-support-check fail never pass
test-amd64-i386-libvirt-qcow2 12 migrate-support-check fail never pass
test-amd64-amd64-qemuu-nested-amd 17 debian-hvm-install/l1/l2 fail never pass
test-amd64-amd64-libvirt-vhd 12 migrate-support-check fail never pass
test-armhf-armhf-libvirt 13 migrate-support-check fail never pass
test-armhf-armhf-libvirt 14 saverestore-support-check fail never pass
test-armhf-armhf-xl-cubietruck 13 migrate-support-check fail never pass
test-armhf-armhf-xl-cubietruck 14 saverestore-support-check fail never pass
test-armhf-armhf-xl-rtds 13 migrate-support-check fail never pass
test-armhf-armhf-xl-rtds 14 saverestore-support-check fail never pass
test-armhf-armhf-xl-multivcpu 13 migrate-support-check fail never pass
test-armhf-armhf-xl-multivcpu 14 saverestore-support-check fail never pass
test-armhf-armhf-libvirt-xsm 13 migrate-support-check fail never pass
test-armhf-armhf-libvirt-xsm 14 saverestore-support-check fail never pass
test-armhf-armhf-xl-credit2 13 migrate-support-check fail never pass
test-armhf-armhf-xl-credit2 14 saverestore-support-check fail never pass
test-armhf-armhf-xl-xsm 13 migrate-support-check fail never pass
test-armhf-armhf-xl-xsm 14 saverestore-support-check fail never pass
test-amd64-amd64-libvirt-xsm 13 migrate-support-check fail never pass
test-armhf-armhf-xl-arndale 13 migrate-support-check fail never pass
test-armhf-armhf-xl-arndale 14 saverestore-support-check fail never pass
test-armhf-armhf-libvirt-raw 12 migrate-support-check fail never pass
test-armhf-armhf-libvirt-raw 13 saverestore-support-check fail never pass
test-amd64-i386-xl-qemuu-ws16-amd64 17 guest-stop fail never pass
test-armhf-armhf-xl 13 migrate-support-check fail never pass
test-armhf-armhf-xl 14 saverestore-support-check fail never pass
test-armhf-armhf-xl-vhd 12 migrate-support-check fail never pass
test-armhf-armhf-xl-vhd 13 saverestore-support-check fail never pass
test-amd64-amd64-xl-qemut-ws16-amd64 17 guest-stop fail never pass
test-amd64-i386-xl-qemut-ws16-amd64 17 guest-stop fail never pass
test-amd64-i386-xl-qemut-win10-i386 10 windows-install fail never pass
test-amd64-amd64-xl-qemut-win10-i386 10 windows-install fail never pass
test-amd64-amd64-xl-qemuu-win10-i386 10 windows-install fail never pass
test-amd64-i386-xl-qemuu-win10-i386 10 windows-install fail never pass
version targeted for testing:
linux 5caae9d1419914177994363218616b869659e871
baseline version:
linux 06b639e5a1a665ba6c959398ea0e6171c162028b
Last test of basis 115613 2017-11-06 11:54:23 Z 2 days
Testing same since 115671 2017-11-08 09:38:13 Z 0 days 1 attempts
------------------------------------------------------------
People who touched revisions under test:
"Eric W. Biederman" <ebiederm@xmission.com>
Aditya Pandit <panditadityashreesh@yahoo.com>
Alex Deucher <alexander.deucher@amd.com>
Alexander Boyko <alexander.boyko@seagate.com>
Alexander Usyskin <alexander.usyskin@intel.com>
Andrew Morton <akpm@linux-foundation.org>
Andy Shevchenko <andriy.shevchenko@linux.intel.com>
Arend van Spriel <arend.vanspriel@broadcom.com>
Arnaldo Carvalho de Melo <acme@redhat.com>
Arnd Bergmann <arnd@arndb.de>
Arvind Yadav <arvind.yadav.cs@gmail.com>
Ashish Samant <ashish.samant@oracle.com>
Ashok Raj Nagarajan <arnagara@qti.qualcomm.com>
Axel Lin <axel.lin@ingics.com>
Bjorn Helgaas <bhelgaas@google.com>
Bogdan Purcareata <bogdan.purcareata@gmail.com>
Boris Brezillon <boris.brezillon@free-electrons.com>
Boris Ostrovsky <boris.ostrovsky@oracle.com>
Catalin Marinas <catalin.marinas@arm.com>
Chen-Yu Tsai <wens@csie.org>
Chris Brandt <chris.brandt@renesas.com>
Christian König <christian.koenig@amd.com>
Christoffer Dall <cdall@linaro.org>
Christoffer Dall <christoffer.dall@linaro.org>
Christophe JAILLET <christophe.jaillet@wanadoo.fr>
Dan Carpenter <dan.carpenter@oracle.com>
Daniel Lezcano <daniel.lezcano@linaro.org>
Dave Carroll <David.Carroll@microsemi.com>
David Howells <dhowells@redhat.com>
David S. Miller <davem@davemloft.net>
Deepak Khungar <deepak.khungar@broadcom.com>
Ding Tianhong <dingtianhong@huawei.com>
Dongjiu Geng <gengdongjiu@huawei.com>
Doug Ledford <dledford@redhat.com>
Emmanuel Grumbach <emmanuel.grumbach@intel.com>
Eric Biggers <ebiggers@google.com>
Fabio Estevam <fabio.estevam@nxp.com>
frank zago <fzago@cray.com>
Gary R Hook <gary.hook@amd.com>
Greg Kroah-Hartman <gregkh@linuxfoundation.org>
Gregory CLEMENT <gregory.clement@free-electrons.com>
Grygorii Strashko <grygorii.strashko@ti.com>
Haibin Zhang <zhanghaibin7@huawei.com>
Hans de Goede <hdegoede@redhat.com>
Hans Verkuil <hans.verkuil@cisco.com>
Harald Freudenberger <freude@linux.vnet.ibm.com>
Herbert Xu <herbert@gondor.apana.org.au>
Igal Liberman <igall@marvell.com>
Inki Dae <inki.dae@samsung.com>
James Morris <james.l.morris@oracle.com>
James Simmons <jsimmons@infradead.org>
Jan Beulich <jbeulich@suse.com>
Jan Kara <jack@suse.cz>
Jani Nikula <jani.nikula@intel.com>
Javier Martinez Canillas <javier@osg.samsung.com>
Joonyoung Shim <jy0922.shim@samsung.com>
Jordan Crouse <jcrouse@codeaurora.org>
Juergen Gross <jgross@suse.com>
Julien Thierry <julien.thierry@arm.com>
Kalle Valo <kvalo@codeaurora.org>
Kalle Valo <kvalo@qca.qualcomm.com>
Kashyap Desai <kashyap.desai@broadcom.com>
Kasin Li <donglil@codeaurora.org>
Keerthy <j-keerthy@ti.com>
Larry Finger <Larry.Finger@lwfinger.net>
Lee Jones <lee.jones@linaro.org>
Leo Liu <leo.liu@amd.com>
Leon Romanovsky <leon@kernel.org>
Linus Torvalds <torvalds@linux-foundation.org>
Linus Walleij <linus.walleij@linaro.org>
Luca Coelho <luciano.coelho@intel.com>
Lukasz Majewski <lukma@denx.de>
Majd Dibbiny <majd@mellanox.com>
Marc Zyngier <marc.zyngier@arm.com>
Mark Brown <broonie@kernel.org>
Mark Rutland <mark.rutland@arm.com>
Martin K. Petersen <martin.petersen@oracle.com>
Martin Schwidefsky <schwidefsky@de.ibm.com>
Mauro Carvalho Chehab <mchehab@s-opensource.com>
Maxime Ripard <maxime.ripard@free-electrons.com>
Michael Chan <michael.chan@broadcom.com>
Michael Ellerman <mpe@ellerman.id.au>
Nadav Haklai <nadavh@marvell.com>
Netanel Belgazal <netanel@annapurnalabs.com>
Oleh Kravchenko <oleg@kaa.org.ua>
Paul Mackerras <paulus@ozlabs.org>
Pierre-Louis Bossart <pierre-louis.bossart@linux.intel.com>
Rafael J. Wysocki <rafael.j.wysocki@intel.com>
RafaÅ MiÅecki <rafal@milecki.pl>
Raghava Aditya Renukunta <RaghavaAditya.Renukunta@microsemi.com>
Rex Zhu <Rex.Zhu@amd.com>
Ricard Wanderlof <ricard.wanderlof@axis.com>
Ricard Wanderlof <ricardw@axis.com>
Rob Clark <robdclark@gmail.com>
Rob Herring <robh@kernel.org>
Rodrigo Vivi <rodrigo.vivi@intel.com>
Ronnie Sahlberg <lsahlber@redhat.com>
Russell King <rmk+kernel@armlinux.org.uk>
Sasha Levin <alexander.levin@verizon.com>
Sebastian Reichel <sre@kernel.org>
Seth Forshee <seth.forshee@canonical.com>
Shivasharan S <shivasharan.srikanteshwara@broadcom.com>
Stefan Agner <stefan@agner.ch>
Stefan Haberland <sth@linux.vnet.ibm.com>
Stephen Boyd <sboyd@codeaurora.org>
Steve French <smfrench@gmail.com>
Steven Rostedt (VMware) <rostedt@goodmis.org>
Sudip Mukherjee <sudip.mukherjee@codethink.co.uk>
Sudip Mukherjee <sudipm.mukherjee@gmail.com>
Sylwester Nawrocki <s.nawrocki@samsung.com>
Taeung Song <treeze.taeung@gmail.com>
Takashi Iwai <tiwai@suse.de>
Theodore Ts'o <tytso@mit.edu>
Thomas Petazzoni <thomas.petazzoni@free-electrons.com>
Tobias Jakobi <tjakobi@math.uni-bielefeld.de>
Tomas Winkler <tomas.winkler@intel.com>
Tony Lindgren <tony@atomide.com>
Ulf Hansson <ulf.hansson@linaro.org>
Ulka Vaze <ulka.vaze@yahoo.in>
Viresh Kumar <viresh.kumar@linaro.org>
Will Deacon <will.deacon@arm.com>
Wolfram Sang <wsa@the-dreams.de>
Yan Markman <ymarkman@marvell.com>
Yang Sheng <yang.sheng@intel.com>
jobs:
build-amd64-xsm pass
build-armhf-xsm pass
build-i386-xsm pass
build-amd64 pass
build-armhf pass
build-i386 pass
build-amd64-libvirt pass
build-armhf-libvirt pass
build-i386-libvirt pass
build-amd64-pvops pass
build-armhf-pvops pass
build-i386-pvops pass
build-amd64-rumprun pass
build-i386-rumprun pass
test-amd64-amd64-xl pass
test-armhf-armhf-xl pass
test-amd64-i386-xl pass
test-amd64-amd64-xl-qemut-debianhvm-amd64-xsm pass
test-amd64-i386-xl-qemut-debianhvm-amd64-xsm pass
test-amd64-amd64-libvirt-qemuu-debianhvm-amd64-xsm pass
test-amd64-i386-libvirt-qemuu-debianhvm-amd64-xsm pass
test-amd64-amd64-xl-qemuu-debianhvm-amd64-xsm pass
test-amd64-i386-xl-qemuu-debianhvm-amd64-xsm pass
test-amd64-amd64-xl-qemut-stubdom-debianhvm-amd64-xsm pass
test-amd64-i386-xl-qemut-stubdom-debianhvm-amd64-xsm pass
test-amd64-amd64-libvirt-xsm pass
test-armhf-armhf-libvirt-xsm pass
test-amd64-i386-libvirt-xsm pass
test-amd64-amd64-xl-xsm pass
test-armhf-armhf-xl-xsm pass
test-amd64-i386-xl-xsm pass
test-amd64-amd64-qemuu-nested-amd fail
test-amd64-amd64-xl-pvhv2-amd fail
test-amd64-i386-qemut-rhel6hvm-amd pass
test-amd64-i386-qemuu-rhel6hvm-amd pass
test-amd64-amd64-xl-qemut-debianhvm-amd64 pass
test-amd64-i386-xl-qemut-debianhvm-amd64 pass
test-amd64-amd64-xl-qemuu-debianhvm-amd64 pass
test-amd64-i386-xl-qemuu-debianhvm-amd64 pass
test-amd64-i386-freebsd10-amd64 pass
test-amd64-amd64-xl-qemuu-ovmf-amd64 pass
test-amd64-i386-xl-qemuu-ovmf-amd64 pass
test-amd64-amd64-rumprun-amd64 pass
test-amd64-amd64-xl-qemut-win7-amd64 fail
test-amd64-i386-xl-qemut-win7-amd64 fail
test-amd64-amd64-xl-qemuu-win7-amd64 fail
test-amd64-i386-xl-qemuu-win7-amd64 fail
test-amd64-amd64-xl-qemut-ws16-amd64 fail
test-amd64-i386-xl-qemut-ws16-amd64 fail
test-amd64-amd64-xl-qemuu-ws16-amd64 fail
test-amd64-i386-xl-qemuu-ws16-amd64 fail
test-armhf-armhf-xl-arndale pass
test-amd64-amd64-xl-credit2 pass
test-armhf-armhf-xl-credit2 pass
test-armhf-armhf-xl-cubietruck pass
test-amd64-amd64-examine pass
test-armhf-armhf-examine pass
test-amd64-i386-examine pass
test-amd64-i386-freebsd10-i386 pass
test-amd64-i386-rumprun-i386 pass
test-amd64-amd64-xl-qemut-win10-i386 fail
test-amd64-i386-xl-qemut-win10-i386 fail
test-amd64-amd64-xl-qemuu-win10-i386 fail
test-amd64-i386-xl-qemuu-win10-i386 fail
test-amd64-amd64-qemuu-nested-intel pass
test-amd64-amd64-xl-pvhv2-intel fail
test-amd64-i386-qemut-rhel6hvm-intel pass
test-amd64-i386-qemuu-rhel6hvm-intel pass
test-amd64-amd64-libvirt pass
test-armhf-armhf-libvirt pass
test-amd64-i386-libvirt pass
test-amd64-amd64-xl-multivcpu pass
test-armhf-armhf-xl-multivcpu pass
test-amd64-amd64-pair pass
test-amd64-i386-pair pass
test-amd64-amd64-libvirt-pair pass
test-amd64-i386-libvirt-pair pass
test-amd64-amd64-amd64-pvgrub pass
test-amd64-amd64-i386-pvgrub pass
test-amd64-amd64-pygrub pass
test-amd64-i386-libvirt-qcow2 fail
test-amd64-amd64-xl-qcow2 fail
test-armhf-armhf-libvirt-raw pass
test-amd64-i386-xl-raw pass
test-amd64-amd64-xl-rtds pass
test-armhf-armhf-xl-rtds fail
test-amd64-amd64-libvirt-vhd fail
test-armhf-armhf-xl-vhd fail
------------------------------------------------------------
sg-report-flight on osstest.test-lab.xenproject.org
logs: /home/logs/logs
images: /home/logs/images
Logs, config files, etc. are available at
http://logs.test-lab.xenproject.org/osstest/logs
Explanation of these reports, and of osstest in general, is at
http://xenbits.xen.org/gitweb/?p=osstest.git;a=blob;f=README.email;hb=master
http://xenbits.xen.org/gitweb/?p=osstest.git;a=blob;f=README;hb=master
Test harness code can be found at
http://xenbits.xen.org/gitweb?p=osstest.git;a=summary
Not pushing.
(No revision log; it would be 1616 lines long.)
[-- Attachment #2: Type: text/plain, Size: 127 bytes --]
_______________________________________________
Xen-devel mailing list
Xen-devel@lists.xen.org
https://lists.xen.org/xen-devel
reply other threads:[~2017-11-08 21:12 UTC|newest]
Thread overview: [no followups] expand[flat|nested] mbox.gz Atom feed
Reply instructions:
You may reply publicly to this message via plain-text email
using any one of the following methods:
* Save the following mbox file, import it into your mail client,
and reply-to-all from there: mbox
Avoid top-posting and favor interleaved quoting:
https://en.wikipedia.org/wiki/Posting_style#Interleaved_style
* Reply using the --to, --cc, and --in-reply-to
switches of git-send-email(1):
git send-email \
--in-reply-to=osstest-115671-mainreport@xen.org \
--to=osstest-admin@xenproject.org \
--cc=xen-devel@lists.xensource.com \
/path/to/YOUR_REPLY
https://kernel.org/pub/software/scm/git/docs/git-send-email.html
* If your mail client supports setting the In-Reply-To header
via mailto: links, try the mailto: link
Be sure your reply has a Subject: header at the top and a blank line
before the message body.
This is a public inbox, see mirroring instructions
for how to clone and mirror all data and code used for this inbox;
as well as URLs for NNTP newsgroup(s).