* [linux-3.18 test] 115673: regressions - FAIL
@ 2017-11-08 23:59 osstest service owner
0 siblings, 0 replies; only message in thread
From: osstest service owner @ 2017-11-08 23:59 UTC (permalink / raw)
To: xen-devel, osstest-admin
flight 115673 linux-3.18 real [real]
http://logs.test-lab.xenproject.org/osstest/logs/115673/
Regressions :-(
Tests which did not succeed and are blocking,
including tests which could not be run:
test-amd64-amd64-libvirt-vhd 17 guest-start/debian.repeat fail REGR. vs. 115495
Tests which did not succeed, but are not blocking:
test-amd64-i386-libvirt-qcow2 17 guest-start/debian.repeat fail like 115495
test-armhf-armhf-libvirt-raw 13 saverestore-support-check fail like 115495
test-armhf-armhf-libvirt 14 saverestore-support-check fail like 115495
test-armhf-armhf-libvirt-xsm 14 saverestore-support-check fail like 115495
test-amd64-amd64-xl-qemuu-win7-amd64 17 guest-stop fail like 115495
test-amd64-i386-xl-qemuu-win7-amd64 17 guest-stop fail like 115495
test-amd64-i386-xl-qemut-win7-amd64 17 guest-stop fail like 115495
test-amd64-amd64-xl-qemut-win7-amd64 17 guest-stop fail like 115495
test-armhf-armhf-xl-vhd 15 guest-start/debian.repeat fail like 115495
test-amd64-amd64-xl-pvhv2-intel 12 guest-start fail never pass
test-amd64-amd64-xl-pvhv2-amd 12 guest-start fail never pass
test-amd64-amd64-libvirt 13 migrate-support-check fail never pass
test-amd64-amd64-libvirt-xsm 13 migrate-support-check fail never pass
test-amd64-i386-libvirt-xsm 13 migrate-support-check fail never pass
test-amd64-i386-libvirt 13 migrate-support-check fail never pass
test-amd64-i386-libvirt-qcow2 12 migrate-support-check fail never pass
test-amd64-amd64-libvirt-qemuu-debianhvm-amd64-xsm 11 migrate-support-check fail never pass
test-amd64-i386-libvirt-qemuu-debianhvm-amd64-xsm 11 migrate-support-check fail never pass
test-armhf-armhf-xl-arndale 13 migrate-support-check fail never pass
test-armhf-armhf-xl-arndale 14 saverestore-support-check fail never pass
test-amd64-amd64-libvirt-vhd 12 migrate-support-check fail never pass
test-amd64-amd64-qemuu-nested-amd 17 debian-hvm-install/l1/l2 fail never pass
test-armhf-armhf-libvirt-raw 12 migrate-support-check fail never pass
test-armhf-armhf-xl 13 migrate-support-check fail never pass
test-armhf-armhf-xl 14 saverestore-support-check fail never pass
test-armhf-armhf-xl-multivcpu 13 migrate-support-check fail never pass
test-armhf-armhf-xl-multivcpu 14 saverestore-support-check fail never pass
test-armhf-armhf-libvirt 13 migrate-support-check fail never pass
test-armhf-armhf-xl-cubietruck 13 migrate-support-check fail never pass
test-armhf-armhf-xl-cubietruck 14 saverestore-support-check fail never pass
test-armhf-armhf-libvirt-xsm 13 migrate-support-check fail never pass
test-armhf-armhf-xl-credit2 13 migrate-support-check fail never pass
test-armhf-armhf-xl-credit2 14 saverestore-support-check fail never pass
test-armhf-armhf-xl-rtds 13 migrate-support-check fail never pass
test-armhf-armhf-xl-rtds 14 saverestore-support-check fail never pass
test-amd64-i386-xl-qemuu-ws16-amd64 17 guest-stop fail never pass
test-amd64-i386-xl-qemut-ws16-amd64 17 guest-stop fail never pass
test-armhf-armhf-xl-vhd 12 migrate-support-check fail never pass
test-armhf-armhf-xl-vhd 13 saverestore-support-check fail never pass
test-amd64-amd64-xl-qemuu-ws16-amd64 17 guest-stop fail never pass
test-armhf-armhf-xl-xsm 13 migrate-support-check fail never pass
test-armhf-armhf-xl-xsm 14 saverestore-support-check fail never pass
test-amd64-amd64-xl-qemut-ws16-amd64 17 guest-stop fail never pass
test-amd64-i386-xl-qemuu-win10-i386 10 windows-install fail never pass
test-amd64-amd64-xl-qemut-win10-i386 10 windows-install fail never pass
test-amd64-amd64-xl-qemuu-win10-i386 10 windows-install fail never pass
test-amd64-i386-xl-qemut-win10-i386 10 windows-install fail never pass
version targeted for testing:
linux 943dc0b3ef9f0168494d6dca305cd0cf53a0b3d4
baseline version:
linux 4f823316dac3de3463dfbea2be3812102a76e246
Last test of basis 115495 2017-11-02 19:35:18 Z 6 days
Testing same since 115673 2017-11-08 09:43:38 Z 0 days 1 attempts
------------------------------------------------------------
People who touched revisions under test:
Alexander Boyko <alexander.boyko@seagate.com>
Andrew Morton <akpm@linux-foundation.org>
Andy Shevchenko <andriy.shevchenko@linux.intel.com>
Arnd Bergmann <arnd@arndb.de>
Ashish Samant <ashish.samant@oracle.com>
Boris Ostrovsky <boris.ostrovsky@oracle.com>
Borislav Petkov <bp@suse.de>
Catalin Marinas <catalin.marinas@arm.com>
Chris Brandt <chris.brandt@renesas.com>
Dan Carpenter <dan.carpenter@oracle.com>
David Howells <dhowells@redhat.com>
Dmitry Shmidt <dimitrysh@google.com>
Eric Biggers <ebiggers@google.com>
frank zago <fzago@cray.com>
Greg Kroah-Hartman <gregkh@linuxfoundation.org>
Hans Verkuil <hans.verkuil@cisco.com>
Ingo Molnar <mingo@kernel.org>
James Morris <james.l.morris@oracle.com>
James Simmons <jsimmons@infradead.org>
Jan Beulich <jbeulich@suse.com>
Jan Kara <jack@suse.cz>
Javier Martinez Canillas <javier@osg.samsung.com>
Jens Axboe <axboe@fb.com>
Jordan Crouse <jcrouse@codeaurora.org>
Juergen Gross <jgross@suse.com>
Kasin Li <donglil@codeaurora.org>
Larry Finger <Larry.Finger@lwfinger.net>
Linus Torvalds <torvalds@linux-foundation.org>
Mark Brown <broonie@kernel.org>
Mark Rutland <mark.rutland@arm.com>
Martin Schwidefsky <schwidefsky@de.ibm.com>
Mauro Carvalho Chehab <mchehab@s-opensource.com>
Ming Lei <ming.lei@canonical.com>
Oleh Kravchenko <oleg@kaa.org.ua>
Ricard Wanderlof <ricard.wanderlof@axis.com>
Ricard Wanderlof <ricardw@axis.com>
Rob Clark <robdclark@gmail.com>
Ronnie Sahlberg <lsahlber@redhat.com>
Russell King <rmk+kernel@armlinux.org.uk>
Sasha Levin <alexander.levin@verizon.com>
Stefan Haberland <sth@linux.vnet.ibm.com>
Steve French <smfrench@gmail.com>
Sudip Mukherjee <sudip.mukherjee@codethink.co.uk>
Sudip Mukherjee <sudipm.mukherjee@gmail.com>
Takashi Iwai <tiwai@suse.de>
Theodore Ts'o <tytso@mit.edu>
Tony Luck <tony.luck@intel.com>
Ulf Hansson <ulf.hansson@linaro.org>
Will Deacon <will.deacon@arm.com>
Wolfram Sang <wsa@the-dreams.de>
jobs:
build-amd64-xsm pass
build-armhf-xsm pass
build-i386-xsm pass
build-amd64 pass
build-armhf pass
build-i386 pass
build-amd64-libvirt pass
build-armhf-libvirt pass
build-i386-libvirt pass
build-amd64-pvops pass
build-armhf-pvops pass
build-i386-pvops pass
build-amd64-rumprun pass
build-i386-rumprun pass
test-amd64-amd64-xl pass
test-armhf-armhf-xl pass
test-amd64-i386-xl pass
test-amd64-amd64-xl-qemut-debianhvm-amd64-xsm pass
test-amd64-i386-xl-qemut-debianhvm-amd64-xsm pass
test-amd64-amd64-libvirt-qemuu-debianhvm-amd64-xsm pass
test-amd64-i386-libvirt-qemuu-debianhvm-amd64-xsm pass
test-amd64-amd64-xl-qemuu-debianhvm-amd64-xsm pass
test-amd64-i386-xl-qemuu-debianhvm-amd64-xsm pass
test-amd64-amd64-xl-qemut-stubdom-debianhvm-amd64-xsm pass
test-amd64-i386-xl-qemut-stubdom-debianhvm-amd64-xsm pass
test-amd64-amd64-libvirt-xsm pass
test-armhf-armhf-libvirt-xsm pass
test-amd64-i386-libvirt-xsm pass
test-amd64-amd64-xl-xsm pass
test-armhf-armhf-xl-xsm pass
test-amd64-i386-xl-xsm pass
test-amd64-amd64-qemuu-nested-amd fail
test-amd64-amd64-xl-pvhv2-amd fail
test-amd64-i386-qemut-rhel6hvm-amd pass
test-amd64-i386-qemuu-rhel6hvm-amd pass
test-amd64-amd64-xl-qemut-debianhvm-amd64 pass
test-amd64-i386-xl-qemut-debianhvm-amd64 pass
test-amd64-amd64-xl-qemuu-debianhvm-amd64 pass
test-amd64-i386-xl-qemuu-debianhvm-amd64 pass
test-amd64-i386-freebsd10-amd64 pass
test-amd64-amd64-xl-qemuu-ovmf-amd64 pass
test-amd64-i386-xl-qemuu-ovmf-amd64 pass
test-amd64-amd64-rumprun-amd64 pass
test-amd64-amd64-xl-qemut-win7-amd64 fail
test-amd64-i386-xl-qemut-win7-amd64 fail
test-amd64-amd64-xl-qemuu-win7-amd64 fail
test-amd64-i386-xl-qemuu-win7-amd64 fail
test-amd64-amd64-xl-qemut-ws16-amd64 fail
test-amd64-i386-xl-qemut-ws16-amd64 fail
test-amd64-amd64-xl-qemuu-ws16-amd64 fail
test-amd64-i386-xl-qemuu-ws16-amd64 fail
test-armhf-armhf-xl-arndale pass
test-amd64-amd64-xl-credit2 pass
test-armhf-armhf-xl-credit2 pass
test-armhf-armhf-xl-cubietruck pass
test-amd64-amd64-examine pass
test-armhf-armhf-examine pass
test-amd64-i386-examine pass
test-amd64-i386-freebsd10-i386 pass
test-amd64-i386-rumprun-i386 pass
test-amd64-amd64-xl-qemut-win10-i386 fail
test-amd64-i386-xl-qemut-win10-i386 fail
test-amd64-amd64-xl-qemuu-win10-i386 fail
test-amd64-i386-xl-qemuu-win10-i386 fail
test-amd64-amd64-qemuu-nested-intel pass
test-amd64-amd64-xl-pvhv2-intel fail
test-amd64-i386-qemut-rhel6hvm-intel pass
test-amd64-i386-qemuu-rhel6hvm-intel pass
test-amd64-amd64-libvirt pass
test-armhf-armhf-libvirt pass
test-amd64-i386-libvirt pass
test-amd64-amd64-xl-multivcpu pass
test-armhf-armhf-xl-multivcpu pass
test-amd64-amd64-pair pass
test-amd64-i386-pair pass
test-amd64-amd64-libvirt-pair pass
test-amd64-i386-libvirt-pair pass
test-amd64-amd64-amd64-pvgrub pass
test-amd64-amd64-i386-pvgrub pass
test-amd64-amd64-pygrub pass
test-amd64-i386-libvirt-qcow2 fail
test-amd64-amd64-xl-qcow2 pass
test-armhf-armhf-libvirt-raw pass
test-amd64-i386-xl-raw pass
test-amd64-amd64-xl-rtds pass
test-armhf-armhf-xl-rtds pass
test-amd64-amd64-libvirt-vhd fail
test-armhf-armhf-xl-vhd fail
------------------------------------------------------------
sg-report-flight on osstest.test-lab.xenproject.org
logs: /home/logs/logs
images: /home/logs/images
Logs, config files, etc. are available at
http://logs.test-lab.xenproject.org/osstest/logs
Explanation of these reports, and of osstest in general, is at
http://xenbits.xen.org/gitweb/?p=osstest.git;a=blob;f=README.email;hb=master
http://xenbits.xen.org/gitweb/?p=osstest.git;a=blob;f=README;hb=master
Test harness code can be found at
http://xenbits.xen.org/gitweb?p=osstest.git;a=summary
Not pushing.
(No revision log; it would be 762 lines long.)
_______________________________________________
Xen-devel mailing list
Xen-devel@lists.xen.org
https://lists.xen.org/xen-devel
^ permalink raw reply [flat|nested] only message in thread
only message in thread, other threads:[~2017-11-08 23:59 UTC | newest]
Thread overview: (only message) (download: mbox.gz follow: Atom feed
-- links below jump to the message on this page --
2017-11-08 23:59 [linux-3.18 test] 115673: regressions - FAIL osstest service owner
This is a public inbox, see mirroring instructions
for how to clone and mirror all data and code used for this inbox;
as well as URLs for NNTP newsgroup(s).