* [xen-unstable-smoke test] 115676: tolerable all pass - PUSHED
@ 2017-11-08 14:46 osstest service owner
0 siblings, 0 replies; only message in thread
From: osstest service owner @ 2017-11-08 14:46 UTC (permalink / raw)
To: xen-devel, osstest-admin
[-- Attachment #1: Type: text/plain, Size: 2143 bytes --]
flight 115676 xen-unstable-smoke real [real]
http://logs.test-lab.xenproject.org/osstest/logs/115676/
Failures :-/ but no regressions.
Tests which did not succeed, but are not blocking:
test-amd64-amd64-libvirt 13 migrate-support-check fail never pass
test-armhf-armhf-xl 13 migrate-support-check fail never pass
test-armhf-armhf-xl 14 saverestore-support-check fail never pass
version targeted for testing:
xen 9862926902ba035a3741afdf03da40a4d4b57a6f
baseline version:
xen 92f0d4392e73727819c5a83fcce447515efaf2f5
Last test of basis 115645 2017-11-07 13:03:54 Z 1 days
Testing same since 115676 2017-11-08 13:09:40 Z 0 days 1 attempts
------------------------------------------------------------
People who touched revisions under test:
Andrew Cooper <andrew.cooper3@citrix.com>
Jan Beulich <jbeulich@suse.com>
Roger Pau Monné <roger.pau@citrix.com>
Wei Liu <wei.liu2@citrix.com>
jobs:
build-amd64 pass
build-armhf pass
build-amd64-libvirt pass
test-armhf-armhf-xl pass
test-amd64-amd64-xl-qemuu-debianhvm-i386 pass
test-amd64-amd64-libvirt pass
------------------------------------------------------------
sg-report-flight on osstest.test-lab.xenproject.org
logs: /home/logs/logs
images: /home/logs/images
Logs, config files, etc. are available at
http://logs.test-lab.xenproject.org/osstest/logs
Explanation of these reports, and of osstest in general, is at
http://xenbits.xen.org/gitweb/?p=osstest.git;a=blob;f=README.email;hb=master
http://xenbits.xen.org/gitweb/?p=osstest.git;a=blob;f=README;hb=master
Test harness code can be found at
http://xenbits.xen.org/gitweb?p=osstest.git;a=summary
Pushing revision :
To osstest@xenbits.xen.org:/home/xen/git/xen.git
92f0d43..9862926 9862926902ba035a3741afdf03da40a4d4b57a6f -> smoke
[-- Attachment #2: Type: text/plain, Size: 127 bytes --]
_______________________________________________
Xen-devel mailing list
Xen-devel@lists.xen.org
https://lists.xen.org/xen-devel
^ permalink raw reply [flat|nested] only message in thread
only message in thread, other threads:[~2017-11-08 14:46 UTC | newest]
Thread overview: (only message) (download: mbox.gz follow: Atom feed
-- links below jump to the message on this page --
2017-11-08 14:46 [xen-unstable-smoke test] 115676: tolerable all pass - PUSHED osstest service owner
This is a public inbox, see mirroring instructions
for how to clone and mirror all data and code used for this inbox;
as well as URLs for NNTP newsgroup(s).