From mboxrd@z Thu Jan 1 00:00:00 1970 From: osstest service owner Subject: [xen-unstable-smoke test] 115676: tolerable all pass - PUSHED Date: Wed, 08 Nov 2017 14:46:50 +0000 Message-ID: Mime-Version: 1.0 Content-Type: multipart/mixed; boundary="===============5210106440205513968==" Return-path: List-Unsubscribe: , List-Post: List-Help: List-Subscribe: , Errors-To: xen-devel-bounces@lists.xen.org Sender: "Xen-devel" To: xen-devel@lists.xensource.com, osstest-admin@xenproject.org List-Id: xen-devel@lists.xenproject.org --===============5210106440205513968== Content-Type: text/plain flight 115676 xen-unstable-smoke real [real] http://logs.test-lab.xenproject.org/osstest/logs/115676/ Failures :-/ but no regressions. Tests which did not succeed, but are not blocking: test-amd64-amd64-libvirt 13 migrate-support-check fail never pass test-armhf-armhf-xl 13 migrate-support-check fail never pass test-armhf-armhf-xl 14 saverestore-support-check fail never pass version targeted for testing: xen 9862926902ba035a3741afdf03da40a4d4b57a6f baseline version: xen 92f0d4392e73727819c5a83fcce447515efaf2f5 Last test of basis 115645 2017-11-07 13:03:54 Z 1 days Testing same since 115676 2017-11-08 13:09:40 Z 0 days 1 attempts ------------------------------------------------------------ People who touched revisions under test: Andrew Cooper Jan Beulich Roger Pau Monné Wei Liu jobs: build-amd64 pass build-armhf pass build-amd64-libvirt pass test-armhf-armhf-xl pass test-amd64-amd64-xl-qemuu-debianhvm-i386 pass test-amd64-amd64-libvirt pass ------------------------------------------------------------ sg-report-flight on osstest.test-lab.xenproject.org logs: /home/logs/logs images: /home/logs/images Logs, config files, etc. are available at http://logs.test-lab.xenproject.org/osstest/logs Explanation of these reports, and of osstest in general, is at http://xenbits.xen.org/gitweb/?p=osstest.git;a=blob;f=README.email;hb=master http://xenbits.xen.org/gitweb/?p=osstest.git;a=blob;f=README;hb=master Test harness code can be found at http://xenbits.xen.org/gitweb?p=osstest.git;a=summary Pushing revision : To osstest@xenbits.xen.org:/home/xen/git/xen.git 92f0d43..9862926 9862926902ba035a3741afdf03da40a4d4b57a6f -> smoke --===============5210106440205513968== Content-Type: text/plain; charset="utf-8" MIME-Version: 1.0 Content-Transfer-Encoding: base64 Content-Disposition: inline X19fX19fX19fX19fX19fX19fX19fX19fX19fX19fX19fX19fX19fX19fX19fX18KWGVuLWRldmVs IG1haWxpbmcgbGlzdApYZW4tZGV2ZWxAbGlzdHMueGVuLm9yZwpodHRwczovL2xpc3RzLnhlbi5v cmcveGVuLWRldmVsCg== --===============5210106440205513968==--