From mboxrd@z Thu Jan 1 00:00:00 1970 From: osstest service owner Subject: [linux-4.1 test] 115693: regressions - FAIL Date: Thu, 09 Nov 2017 20:04:04 +0000 Message-ID: Mime-Version: 1.0 Content-Type: multipart/mixed; boundary="===============6652387742358059565==" Return-path: List-Unsubscribe: , List-Post: List-Help: List-Subscribe: , Errors-To: xen-devel-bounces@lists.xen.org Sender: "Xen-devel" To: xen-devel@lists.xensource.com, osstest-admin@xenproject.org List-Id: xen-devel@lists.xenproject.org --===============6652387742358059565== Content-Type: text/plain flight 115693 linux-4.1 real [real] http://logs.test-lab.xenproject.org/osstest/logs/115693/ Regressions :-( Tests which did not succeed and are blocking, including tests which could not be run: test-amd64-amd64-libvirt-vhd 17 guest-start/debian.repeat fail REGR. vs. 114665 test-amd64-i386-libvirt-qcow2 18 guest-start.2 fail REGR. vs. 114665 Tests which did not succeed, but are not blocking: test-amd64-i386-xl-qemut-ws16-amd64 17 guest-stop fail like 114646 test-armhf-armhf-libvirt-xsm 14 saverestore-support-check fail like 114665 test-armhf-armhf-libvirt 14 saverestore-support-check fail like 114665 test-amd64-amd64-xl-qemuu-win7-amd64 17 guest-stop fail like 114665 test-amd64-i386-xl-qemuu-win7-amd64 17 guest-stop fail like 114665 test-amd64-i386-xl-qemut-win7-amd64 17 guest-stop fail like 114665 test-amd64-amd64-xl-qemut-win7-amd64 17 guest-stop fail like 114665 test-amd64-amd64-libvirt 13 migrate-support-check fail never pass test-amd64-amd64-xl-pvhv2-intel 12 guest-start fail never pass test-amd64-amd64-xl-pvhv2-amd 12 guest-start fail never pass test-amd64-i386-libvirt-xsm 13 migrate-support-check fail never pass test-amd64-i386-libvirt 13 migrate-support-check fail never pass test-amd64-amd64-libvirt-xsm 13 migrate-support-check fail never pass test-amd64-amd64-libvirt-qemuu-debianhvm-amd64-xsm 11 migrate-support-check fail never pass test-amd64-i386-libvirt-qcow2 12 migrate-support-check fail never pass test-amd64-i386-libvirt-qemuu-debianhvm-amd64-xsm 11 migrate-support-check fail never pass test-armhf-armhf-xl-arndale 13 migrate-support-check fail never pass test-armhf-armhf-xl-arndale 14 saverestore-support-check fail never pass test-armhf-armhf-xl 13 migrate-support-check fail never pass test-armhf-armhf-xl 14 saverestore-support-check fail never pass test-armhf-armhf-xl-multivcpu 13 migrate-support-check fail never pass test-armhf-armhf-xl-rtds 13 migrate-support-check fail never pass test-armhf-armhf-xl-multivcpu 14 saverestore-support-check fail never pass test-armhf-armhf-xl-rtds 14 saverestore-support-check fail never pass test-armhf-armhf-libvirt-xsm 13 migrate-support-check fail never pass test-armhf-armhf-libvirt 13 migrate-support-check fail never pass test-amd64-amd64-libvirt-vhd 12 migrate-support-check fail never pass test-armhf-armhf-xl-xsm 13 migrate-support-check fail never pass test-armhf-armhf-xl-xsm 14 saverestore-support-check fail never pass test-amd64-amd64-qemuu-nested-amd 17 debian-hvm-install/l1/l2 fail never pass test-armhf-armhf-libvirt-raw 12 migrate-support-check fail never pass test-armhf-armhf-libvirt-raw 13 saverestore-support-check fail never pass test-armhf-armhf-xl-cubietruck 13 migrate-support-check fail never pass test-armhf-armhf-xl-credit2 13 migrate-support-check fail never pass test-armhf-armhf-xl-cubietruck 14 saverestore-support-check fail never pass test-armhf-armhf-xl-credit2 14 saverestore-support-check fail never pass test-amd64-i386-xl-qemuu-ws16-amd64 17 guest-stop fail never pass test-amd64-amd64-xl-qemuu-ws16-amd64 17 guest-stop fail never pass test-armhf-armhf-xl-vhd 12 migrate-support-check fail never pass test-armhf-armhf-xl-vhd 13 saverestore-support-check fail never pass test-amd64-amd64-xl-qemut-ws16-amd64 17 guest-stop fail never pass test-amd64-amd64-xl-qemuu-win10-i386 10 windows-install fail never pass test-amd64-i386-xl-qemuu-win10-i386 10 windows-install fail never pass test-amd64-amd64-xl-qemut-win10-i386 10 windows-install fail never pass test-amd64-i386-xl-qemut-win10-i386 10 windows-install fail never pass version targeted for testing: linux 200d858d94b4d8ed7a287e3a3c2b860ae9e17e83 baseline version: linux b8342068e3011832d723aa379a3180d37a4d59df Last test of basis 114665 2017-10-17 22:46:39 Z 22 days Testing same since 115693 2017-11-09 08:22:41 Z 0 days 1 attempts ------------------------------------------------------------ People who touched revisions under test: Adrian Salido Afzal Mohammed Al Viro Alan Stern Alden Tondettar Alexander Potapenko Alexandre Belloni Alexei Starovoitov Alexey Kodanev Andreas Engel Andreas Gruenbacher Andreas Klinger Andrew Gabbasov Andrew Morton Andrey Konovalov Archit Taneja Ard Biesheuvel Arend van Spriel Arnaldo Carvalho de Melo Arnd Bergmann Arvind Yadav Avraham Stern Bart Van Assche Bartlomiej Zolnierkiewicz Bartosz Golaszewski Baruch Siach Ben Hutchings Bin Liu Bjorn Helgaas Bo Yan Boris Ostrovsky Borislav Petkov Casey Schaufler Catalin Marinas Chen-Yu Tsai Chris Leech Christian Lamparter Christoph Biedl Christoph Hellwig Christoph Lameter Christoph Paasch Christophe JAILLET Christophe Leroy Dan Carpenter Daniel Borkmann Daniel Drake Daniel Vetter Darrick J. Wong David Eccher David Howells David Rientjes David S. Miller David Sterba Dennis Yang Dmitry Fleytman Dmitry Torokhov Dmitry V. Levin Doug Ledford Douglas Gilbert Dragos Bogdan Edward Cree Erez Shitrit Eric Biggers Eric Dumazet Eric Ren Felipe Balbi Felipe Balbi Feras Daoud Filipe Manana Florian Fainelli Franck Demathieu Greg Kroah-Hartman Gregory CLEMENT Grygorii Maistrenko Guenter Roeck Guenter Roeck Guillaume Nault Guneshwor Singh Gwendal Grignou Hans de Goede Haozhong Zhang Harry Wentland Heiner Kallweit Helge Deller Helmut Klein Henryk Heisig Herbert Xu Hui Wang Ilya Dryomov Ingo Molnar Ira Weiny Jack Pham Jaegeuk Kim Jaejoong Kim James Morris Jan Kara Jan Luebbe Jani Nikula Jarno Rajahalme Javier Martinez Canillas Jeff Layton Jens Axboe Jens Axboe Jerome Brunet Jim Dickerson Jim Mattson Jimmy Assarsson Jiri Kosina Jiri Pirko Joe Stringer Joerg Roedel Johan Hovold Johannes Berg John David Anglin Jonathan Cameron Jonathan Cameron Jonathan Liu Juergen Gross Jussi Laako Kalle Valo Kazuya Mizuguchi Kristian H. Kristensen Kristian H. Kristensen Ladislav Dobrovsky Lars-Peter Clausen Leon Romanovsky LEROY Christophe Li Jun Linus Torvalds Liping Zhang Luca Coelho Ludovic Desroches Lukas Wunner Majd Dibbiny Maksim Salau Marc Kleine-Budde Marc Zyngier Marios Titas Mark Brown Mark Rutland Martin K. Petersen Mathias Krause Mathias Nyman Matt Fornero Matthew Whitehead Mauro Carvalho Chehab Mayank Rana Meng Xu Michael Ellerman Michael Hennerich Michal Nazarewicz Miklos Szeredi Milan Broz Myungho Jung Namhyung Kim Nicholas Bellinger Nicolai Stange Niklas Söderlund Oliver Neukum Pablo Neira Ayuso Pan Bian Paolo Bonzini Parthasarathy Bhuvaragan Paul Burton Paul Mackerras Paul Moore Peter Zijlstra (Intel) Peter Zijlstra Pontus Andersson Ralf Baechle Richard Guy Briggs Ridge Kennedy Rob Herring Robbie Ko Robert Jarzmik Rodrigo Vivi Roman Spychała Russell King Sabrina Dubroca Santosh Shilimkar Sasha Levin Satoru Takeuchi Shaohua Li Shrirang Bagul Shu Wang Stefan Metzmacher Stefan Mätje Stefan Popa Stephan Müller Stephen Douthit Steve French Steven Rostedt (VMware) Subash Abhinov Kasiviswanathan Sylwester Nawrocki Tahsin Erdogan Takashi Iwai Tariq Toukan Tejun Heo Theodore Ts'o Thibault Saunier Thomas Gleixner Tony Luck Tyrel Datwyler Ulf Hansson Varun Prakash Vijay Kumar Vitaly Mayatskikh Vladis Dronov Will Deacon Willem de Bruijn Wolfgang Grandegger Wolfram Sang Xin Long Yoshihiro Shimoda Zhu Yanjun jobs: build-amd64-xsm pass build-armhf-xsm pass build-i386-xsm pass build-amd64 pass build-armhf pass build-i386 pass build-amd64-libvirt pass build-armhf-libvirt pass build-i386-libvirt pass build-amd64-pvops pass build-armhf-pvops pass build-i386-pvops pass build-amd64-rumprun pass build-i386-rumprun pass test-amd64-amd64-xl pass test-armhf-armhf-xl pass test-amd64-i386-xl pass test-amd64-amd64-xl-qemut-debianhvm-amd64-xsm pass test-amd64-i386-xl-qemut-debianhvm-amd64-xsm pass test-amd64-amd64-libvirt-qemuu-debianhvm-amd64-xsm pass test-amd64-i386-libvirt-qemuu-debianhvm-amd64-xsm pass test-amd64-amd64-xl-qemuu-debianhvm-amd64-xsm pass test-amd64-i386-xl-qemuu-debianhvm-amd64-xsm pass test-amd64-amd64-xl-qemut-stubdom-debianhvm-amd64-xsm pass test-amd64-i386-xl-qemut-stubdom-debianhvm-amd64-xsm pass test-amd64-amd64-libvirt-xsm pass test-armhf-armhf-libvirt-xsm pass test-amd64-i386-libvirt-xsm pass test-amd64-amd64-xl-xsm pass test-armhf-armhf-xl-xsm pass test-amd64-i386-xl-xsm pass test-amd64-amd64-qemuu-nested-amd fail test-amd64-amd64-xl-pvhv2-amd fail test-amd64-i386-qemut-rhel6hvm-amd pass test-amd64-i386-qemuu-rhel6hvm-amd pass test-amd64-amd64-xl-qemut-debianhvm-amd64 pass test-amd64-i386-xl-qemut-debianhvm-amd64 pass test-amd64-amd64-xl-qemuu-debianhvm-amd64 pass test-amd64-i386-xl-qemuu-debianhvm-amd64 pass test-amd64-i386-freebsd10-amd64 pass test-amd64-amd64-xl-qemuu-ovmf-amd64 pass test-amd64-i386-xl-qemuu-ovmf-amd64 pass test-amd64-amd64-rumprun-amd64 pass test-amd64-amd64-xl-qemut-win7-amd64 fail test-amd64-i386-xl-qemut-win7-amd64 fail test-amd64-amd64-xl-qemuu-win7-amd64 fail test-amd64-i386-xl-qemuu-win7-amd64 fail test-amd64-amd64-xl-qemut-ws16-amd64 fail test-amd64-i386-xl-qemut-ws16-amd64 fail test-amd64-amd64-xl-qemuu-ws16-amd64 fail test-amd64-i386-xl-qemuu-ws16-amd64 fail test-armhf-armhf-xl-arndale pass test-amd64-amd64-xl-credit2 pass test-armhf-armhf-xl-credit2 pass test-armhf-armhf-xl-cubietruck pass test-amd64-amd64-examine pass test-armhf-armhf-examine pass test-amd64-i386-examine pass test-amd64-i386-freebsd10-i386 pass test-amd64-i386-rumprun-i386 pass test-amd64-amd64-xl-qemut-win10-i386 fail test-amd64-i386-xl-qemut-win10-i386 fail test-amd64-amd64-xl-qemuu-win10-i386 fail test-amd64-i386-xl-qemuu-win10-i386 fail test-amd64-amd64-qemuu-nested-intel pass test-amd64-amd64-xl-pvhv2-intel fail test-amd64-i386-qemut-rhel6hvm-intel pass test-amd64-i386-qemuu-rhel6hvm-intel pass test-amd64-amd64-libvirt pass test-armhf-armhf-libvirt pass test-amd64-i386-libvirt pass test-amd64-amd64-xl-multivcpu pass test-armhf-armhf-xl-multivcpu pass test-amd64-amd64-pair pass test-amd64-i386-pair pass test-amd64-amd64-libvirt-pair pass test-amd64-i386-libvirt-pair pass test-amd64-amd64-amd64-pvgrub pass test-amd64-amd64-i386-pvgrub pass test-amd64-amd64-pygrub pass test-amd64-i386-libvirt-qcow2 fail test-amd64-amd64-xl-qcow2 pass test-armhf-armhf-libvirt-raw pass test-amd64-i386-xl-raw pass test-amd64-amd64-xl-rtds pass test-armhf-armhf-xl-rtds pass test-amd64-amd64-libvirt-vhd fail test-armhf-armhf-xl-vhd pass ------------------------------------------------------------ sg-report-flight on osstest.test-lab.xenproject.org logs: /home/logs/logs images: /home/logs/images Logs, config files, etc. are available at http://logs.test-lab.xenproject.org/osstest/logs Explanation of these reports, and of osstest in general, is at http://xenbits.xen.org/gitweb/?p=osstest.git;a=blob;f=README.email;hb=master http://xenbits.xen.org/gitweb/?p=osstest.git;a=blob;f=README;hb=master Test harness code can be found at http://xenbits.xen.org/gitweb?p=osstest.git;a=summary Not pushing. (No revision log; it would be 5567 lines long.) --===============6652387742358059565== Content-Type: text/plain; charset="utf-8" MIME-Version: 1.0 Content-Transfer-Encoding: base64 Content-Disposition: inline X19fX19fX19fX19fX19fX19fX19fX19fX19fX19fX19fX19fX19fX19fX19fX18KWGVuLWRldmVs IG1haWxpbmcgbGlzdApYZW4tZGV2ZWxAbGlzdHMueGVuLm9yZwpodHRwczovL2xpc3RzLnhlbi5v cmcveGVuLWRldmVsCg== --===============6652387742358059565==--