xen-devel.lists.xenproject.org archive mirror
 help / color / mirror / Atom feed
* [linux-4.1 test] 115693: regressions - FAIL
@ 2017-11-09 20:04 osstest service owner
  0 siblings, 0 replies; only message in thread
From: osstest service owner @ 2017-11-09 20:04 UTC (permalink / raw)
  To: xen-devel, osstest-admin

[-- Attachment #1: Type: text/plain, Size: 19967 bytes --]

flight 115693 linux-4.1 real [real]
http://logs.test-lab.xenproject.org/osstest/logs/115693/

Regressions :-(

Tests which did not succeed and are blocking,
including tests which could not be run:
 test-amd64-amd64-libvirt-vhd 17 guest-start/debian.repeat fail REGR. vs. 114665
 test-amd64-i386-libvirt-qcow2 18 guest-start.2           fail REGR. vs. 114665

Tests which did not succeed, but are not blocking:
 test-amd64-i386-xl-qemut-ws16-amd64 17 guest-stop             fail like 114646
 test-armhf-armhf-libvirt-xsm 14 saverestore-support-check    fail  like 114665
 test-armhf-armhf-libvirt     14 saverestore-support-check    fail  like 114665
 test-amd64-amd64-xl-qemuu-win7-amd64 17 guest-stop            fail like 114665
 test-amd64-i386-xl-qemuu-win7-amd64 17 guest-stop             fail like 114665
 test-amd64-i386-xl-qemut-win7-amd64 17 guest-stop             fail like 114665
 test-amd64-amd64-xl-qemut-win7-amd64 17 guest-stop            fail like 114665
 test-amd64-amd64-libvirt     13 migrate-support-check        fail   never pass
 test-amd64-amd64-xl-pvhv2-intel 12 guest-start                 fail never pass
 test-amd64-amd64-xl-pvhv2-amd 12 guest-start                  fail  never pass
 test-amd64-i386-libvirt-xsm  13 migrate-support-check        fail   never pass
 test-amd64-i386-libvirt      13 migrate-support-check        fail   never pass
 test-amd64-amd64-libvirt-xsm 13 migrate-support-check        fail   never pass
 test-amd64-amd64-libvirt-qemuu-debianhvm-amd64-xsm 11 migrate-support-check fail never pass
 test-amd64-i386-libvirt-qcow2 12 migrate-support-check        fail  never pass
 test-amd64-i386-libvirt-qemuu-debianhvm-amd64-xsm 11 migrate-support-check fail never pass
 test-armhf-armhf-xl-arndale  13 migrate-support-check        fail   never pass
 test-armhf-armhf-xl-arndale  14 saverestore-support-check    fail   never pass
 test-armhf-armhf-xl          13 migrate-support-check        fail   never pass
 test-armhf-armhf-xl          14 saverestore-support-check    fail   never pass
 test-armhf-armhf-xl-multivcpu 13 migrate-support-check        fail  never pass
 test-armhf-armhf-xl-rtds     13 migrate-support-check        fail   never pass
 test-armhf-armhf-xl-multivcpu 14 saverestore-support-check    fail  never pass
 test-armhf-armhf-xl-rtds     14 saverestore-support-check    fail   never pass
 test-armhf-armhf-libvirt-xsm 13 migrate-support-check        fail   never pass
 test-armhf-armhf-libvirt     13 migrate-support-check        fail   never pass
 test-amd64-amd64-libvirt-vhd 12 migrate-support-check        fail   never pass
 test-armhf-armhf-xl-xsm      13 migrate-support-check        fail   never pass
 test-armhf-armhf-xl-xsm      14 saverestore-support-check    fail   never pass
 test-amd64-amd64-qemuu-nested-amd 17 debian-hvm-install/l1/l2  fail never pass
 test-armhf-armhf-libvirt-raw 12 migrate-support-check        fail   never pass
 test-armhf-armhf-libvirt-raw 13 saverestore-support-check    fail   never pass
 test-armhf-armhf-xl-cubietruck 13 migrate-support-check        fail never pass
 test-armhf-armhf-xl-credit2  13 migrate-support-check        fail   never pass
 test-armhf-armhf-xl-cubietruck 14 saverestore-support-check    fail never pass
 test-armhf-armhf-xl-credit2  14 saverestore-support-check    fail   never pass
 test-amd64-i386-xl-qemuu-ws16-amd64 17 guest-stop              fail never pass
 test-amd64-amd64-xl-qemuu-ws16-amd64 17 guest-stop             fail never pass
 test-armhf-armhf-xl-vhd      12 migrate-support-check        fail   never pass
 test-armhf-armhf-xl-vhd      13 saverestore-support-check    fail   never pass
 test-amd64-amd64-xl-qemut-ws16-amd64 17 guest-stop             fail never pass
 test-amd64-amd64-xl-qemuu-win10-i386 10 windows-install        fail never pass
 test-amd64-i386-xl-qemuu-win10-i386 10 windows-install         fail never pass
 test-amd64-amd64-xl-qemut-win10-i386 10 windows-install        fail never pass
 test-amd64-i386-xl-qemut-win10-i386 10 windows-install         fail never pass

version targeted for testing:
 linux                200d858d94b4d8ed7a287e3a3c2b860ae9e17e83
baseline version:
 linux                b8342068e3011832d723aa379a3180d37a4d59df

Last test of basis   114665  2017-10-17 22:46:39 Z   22 days
Testing same since   115693  2017-11-09 08:22:41 Z    0 days    1 attempts

------------------------------------------------------------
People who touched revisions under test:
  Adrian Salido <salidoa@google.com>
  Afzal Mohammed <afzal.mohd.ma@gmail.com>
  Al Viro <viro@zeniv.linux.org.uk>
  Alan Stern <stern@rowland.harvard.edu>
  Alden Tondettar <alden.tondettar@gmail.com>
  Alexander Potapenko <glider@google.com>
  Alexandre Belloni <alexandre.belloni@free-electrons.com>
  Alexei Starovoitov <ast@kernel.org>
  Alexey Kodanev <alexey.kodanev@oracle.com>
  Andreas Engel <anen-nospam@gmx.net>
  Andreas Gruenbacher <agruenba@redhat.com>
  Andreas Klinger <ak@it-klinger.de>
  Andrew Gabbasov <andrew_gabbasov@mentor.com>
  Andrew Morton <akpm@linux-foundation.org>
  Andrey Konovalov <andreyknvl@google.com>
  Archit Taneja <architt@codeaurora.org>
  Ard Biesheuvel <ard.biesheuvel@linaro.org>
  Arend van Spriel <arend.vanspriel@broadcom.com>
  Arnaldo Carvalho de Melo <acme@redhat.com>
  Arnd Bergmann <arnd@arndb.de>
  Arvind Yadav <arvind.yadav.cs@gmail.com>
  Avraham Stern <avraham.stern@intel.com>
  Bart Van Assche <bart.vanassche@sandisk.com>
  Bartlomiej Zolnierkiewicz <b.zolnierkie@samsung.com>
  Bartosz Golaszewski <bgolaszewski@baylibre.com>
  Baruch Siach <baruch@tkos.co.il>
  Ben Hutchings <ben.hutchings@codethink.co.uk>
  Bin Liu <b-liu@ti.com>
  Bjorn Helgaas <bhelgaas@google.com>
  Bo Yan <byan@nvidia.com>
  Boris Ostrovsky <boris.ostrovsky@oracle.com>
  Borislav Petkov <bp@suse.de>
  Casey Schaufler <casey@schaufler-ca.com>
  Catalin Marinas <catalin.marinas@arm.com>
  Chen-Yu Tsai <wens@csie.org>
  Chris Leech <cleech@redhat.com>
  Christian Lamparter <chunkeey@googlemail.com>
  Christoph Biedl <debian.axhn@manchmal.in-ulm.de>
  Christoph Hellwig <hch@lst.de>
  Christoph Lameter <cl@linux.com>
  Christoph Paasch <cpaasch@apple.com>
  Christophe JAILLET <christophe.jaillet@wanadoo.fr>
  Christophe Leroy <christophe.leroy@c-s.fr>
  Dan Carpenter <dan.carpenter@oracle.com>
  Daniel Borkmann <daniel@iogearbox.net>
  Daniel Drake <dan@reactivated.net>
  Daniel Vetter <daniel.vetter@ffwll.ch>
  Darrick J. Wong <darrick.wong@oracle.com>
  David Eccher <d.eccher@gmail.com>
  David Howells <dhowells@redhat.com>
  David Rientjes <rientjes@google.com>
  David S. Miller <davem@davemloft.net>
  David Sterba <dsterba@suse.com>
  Dennis Yang <dennisyang@qnap.com>
  Dmitry Fleytman <dmitry@daynix.com>
  Dmitry Torokhov <dmitry.torokhov@gmail.com>
  Dmitry V. Levin <ldv@altlinux.org>
  Doug Ledford <dledford@redhat.com>
  Douglas Gilbert <dgilbert@interlog.com>
  Dragos Bogdan <dragos.bogdan@analog.com>
  Edward Cree <ecree@solarflare.com>
  Erez Shitrit <erezsh@mellanox.com>
  Eric Biggers <ebiggers@google.com>
  Eric Dumazet <edumazet@google.com>
  Eric Ren <zren@suse.com>
  Felipe Balbi <balbi@ti.com>
  Felipe Balbi <felipe.balbi@linux.intel.com>
  Feras Daoud <ferasda@mellanox.com>
  Filipe Manana <fdmanana@suse.com>
  Florian Fainelli <f.fainelli@gmail.com>
  Franck Demathieu <fdemathieu@gmail.com>
  Greg Kroah-Hartman <gregkh@linuxfoundation.org>
  Gregory CLEMENT <gregory.clement@free-electrons.com>
  Grygorii Maistrenko <grygoriimkd@gmail.com>
  Guenter Roeck <groeck@chromium.org>
  Guenter Roeck <linux@roeck-us.net>
  Guillaume Nault <g.nault@alphalink.fr>
  Guneshwor Singh <guneshwor.o.singh@intel.com>
  Gwendal Grignou <gwendal@chromium.org>
  Hans de Goede <hdegoede@redhat.com>
  Haozhong Zhang <haozhong.zhang@intel.com>
  Harry Wentland <harry.wentland@amd.com>
  Heiner Kallweit <hkallweit1@gmail.com>
  Helge Deller <deller@gmx.de>
  Helmut Klein <hgkr.klein@gmail.com>
  Henryk Heisig <hyniu@o2.pl>
  Herbert Xu <herbert@gondor.apana.org.au>
  Hui Wang <hui.wang@canonical.com>
  Ilya Dryomov <idryomov@gmail.com>
  Ingo Molnar <mingo@kernel.org>
  Ira Weiny <ira.weiny@intel.com>
  Jack Pham <jackp@codeaurora.org>
  Jaegeuk Kim <jaegeuk@kernel.org>
  Jaejoong Kim <climbbb.kim@gmail.com>
  James Morris <james.l.morris@oracle.com>
  Jan Kara <jack@suse.cz>
  Jan Luebbe <jlu@pengutronix.de>
  Jani Nikula <jani.nikula@intel.com>
  Jarno Rajahalme <jarno@ovn.org>
  Javier Martinez Canillas <javier@osg.samsung.com>
  Jeff Layton <jlayton@redhat.com>
  Jens Axboe <axboe@fb.com>
  Jens Axboe <axboe@kernel.dk>
  Jerome Brunet <jbrunet@baylibre.com>
  Jim Dickerson <jim.dickerson@hpe.com>
  Jim Mattson <jmattson@google.com>
  Jimmy Assarsson <jimmyassarsson@gmail.com>
  Jiri Kosina <jkosina@suse.cz>
  Jiri Pirko <jiri@mellanox.com>
  Joe Stringer <joe@ovn.org>
  Joerg Roedel <jroedel@suse.de>
  Johan Hovold <johan@kernel.org>
  Johannes Berg <johannes.berg@intel.com>
  John David Anglin <dave.anglin@bell.net>
  Jonathan Cameron <jic23@kernel.org>
  Jonathan Cameron <Jonathan.Cameron@huawei.com>
  Jonathan Liu <net147@gmail.com>
  Juergen Gross <jgross@suse.com>
  Jussi Laako <jussi@sonarnerd.net>
  Kalle Valo <kvalo@codeaurora.org>
  Kazuya Mizuguchi <kazuya.mizuguchi.ks@renesas.com>
  Kristian H. Kristensen <hoegsberg@gmail.com>
  Kristian H. Kristensen <hoegsberg@google.com>
  Ladislav Dobrovsky <ladislav.dobrovsky@gmail.com>
  Lars-Peter Clausen <lars@metafoo.de>
  Leon Romanovsky <leon@kernel.org>
  LEROY Christophe <christophe.leroy@c-s.fr>
  Li Jun <jun.li@nxp.com>
  Linus Torvalds <torvalds@linux-foundation.org>
  Liping Zhang <zlpnobody@gmail.com>
  Luca Coelho <luciano.coelho@intel.com>
  Ludovic Desroches <ludovic.desroches@microchip.com>
  Lukas Wunner <lukas@wunner.de>
  Majd Dibbiny <majd@mellanox.com>
  Maksim Salau <msalau@iotecha.com>
  Marc Kleine-Budde <mkl@pengutronix.de>
  Marc Zyngier <marc.zyngier@arm.com>
  Marios Titas <redneb@gmx.com>
  Mark Brown <broonie@kernel.org>
  Mark Rutland <mark.rutland@arm.com>
  Martin K. Petersen <martin.petersen@oracle.com>
  Mathias Krause <minipli@googlemail.com>
  Mathias Nyman <mathias.nyman@linux.intel.com>
  Matt Fornero <matt.fornero@mathworks.com>
  Matthew Whitehead <tedheadster@gmail.com>
  Mauro Carvalho Chehab <mchehab@s-opensource.com>
  Mayank Rana <mrana@codeaurora.org>
  Meng Xu <mengxu.gatech@gmail.com>
  Michael Ellerman <mpe@ellerman.id.au>
  Michael Hennerich <michael.hennerich@analog.com>
  Michal Nazarewicz <mina86@mina86.com>
  Miklos Szeredi <mszeredi@redhat.com>
  Milan Broz <gmazyland@gmail.com>
  Myungho Jung <mhjungk@gmail.com>
  Namhyung Kim <namhyung@kernel.org>
  Nicholas Bellinger <nab@linux-iscsi.org>
  Nicolai Stange <nstange@suse.de>
  Niklas Söderlund <niklas.soderlund+renesas@ragnatech.se>
  Oliver Neukum <oneukum@suse.com>
  Pablo Neira Ayuso <pablo@netfilter.org>
  Pan Bian <bianpan2016@163.com>
  Paolo Bonzini <pbonzini@redhat.com>
  Parthasarathy Bhuvaragan <parthasarathy.bhuvaragan@ericsson.com>
  Paul Burton <paul.burton@imgtec.com>
  Paul Mackerras <paulus@ozlabs.org>
  Paul Moore <paul@paul-moore.com>
  Peter Zijlstra (Intel) <peterz@infradead.org>
  Peter Zijlstra <peterz@infradead.org>
  Pontus Andersson <epontan@gmail.com>
  Ralf Baechle <ralf@linux-mips.org>
  Richard Guy Briggs <rgb@redhat.com>
  Ridge Kennedy <ridge.kennedy@alliedtelesis.co.nz>
  Rob Herring <robh@kernel.org>
  Robbie Ko <robbieko@synology.com>
  Robert Jarzmik <robert.jarzmik@free.fr>
  Rodrigo Vivi <rodrigo.vivi@intel.com>
  Roman Spychała <roed@onet.eu>
  Russell King <rmk+kernel@arm.linux.org.uk>
  Sabrina Dubroca <sd@queasysnail.net>
  Santosh Shilimkar <santosh.shilimkar@oracle.com>
  Sasha Levin <alexander.levin@verizon.com>
  Satoru Takeuchi <satoru.takeuchi@gmail.com>
  Shaohua Li <shli@fb.com>
  Shrirang Bagul <shrirang.bagul@canonical.com>
  Shu Wang <shuwang@redhat.com>
  Stefan Metzmacher <metze@samba.org>
  Stefan Mätje <stefan.maetje@esd.eu>
  Stefan Popa <stefan.popa@analog.com>
  Stephan Müller <smueller@chronox.de>
  Stephen Douthit <stephend@adiengineering.com>
  Steve French <smfrench@gmail.com>
  Steven Rostedt (VMware) <rostedt@goodmis.org>
  Subash Abhinov Kasiviswanathan <subashab@codeaurora.org>
  Sylwester Nawrocki <s.nawrocki@samsung.com>
  Tahsin Erdogan <tahsin@google.com>
  Takashi Iwai <tiwai@suse.de>
  Tariq Toukan <tariqt@mellanox.com>
  Tejun Heo <tj@kernel.org>
  Theodore Ts'o <tytso@mit.edu>
  Thibault Saunier <thibault.saunier@osg.samsung.com>
  Thomas Gleixner <tglx@linutronix.de>
  Tony Luck <tony.luck@intel.com>
  Tyrel Datwyler <tyreld@linux.vnet.ibm.com>
  Ulf Hansson <ulf.hansson@linaro.org>
  Varun Prakash <varun@chelsio.com>
  Vijay Kumar <vijay.ac.kumar@oracle.com>
  Vitaly Mayatskikh <v.mayatskih@gmail.com>
  Vladis Dronov <vdronov@redhat.com>
  Will Deacon <will.deacon@arm.com>
  Willem de Bruijn <willemb@google.com>
  Wolfgang Grandegger <wg@grandegger.com>
  Wolfram Sang <wsa@the-dreams.de>
  Xin Long <lucien.xin@gmail.com>
  Yoshihiro Shimoda <yoshihiro.shimoda.uh@renesas.com>
  Zhu Yanjun <yanjun.zhu@oracle.com>

jobs:
 build-amd64-xsm                                              pass    
 build-armhf-xsm                                              pass    
 build-i386-xsm                                               pass    
 build-amd64                                                  pass    
 build-armhf                                                  pass    
 build-i386                                                   pass    
 build-amd64-libvirt                                          pass    
 build-armhf-libvirt                                          pass    
 build-i386-libvirt                                           pass    
 build-amd64-pvops                                            pass    
 build-armhf-pvops                                            pass    
 build-i386-pvops                                             pass    
 build-amd64-rumprun                                          pass    
 build-i386-rumprun                                           pass    
 test-amd64-amd64-xl                                          pass    
 test-armhf-armhf-xl                                          pass    
 test-amd64-i386-xl                                           pass    
 test-amd64-amd64-xl-qemut-debianhvm-amd64-xsm                pass    
 test-amd64-i386-xl-qemut-debianhvm-amd64-xsm                 pass    
 test-amd64-amd64-libvirt-qemuu-debianhvm-amd64-xsm           pass    
 test-amd64-i386-libvirt-qemuu-debianhvm-amd64-xsm            pass    
 test-amd64-amd64-xl-qemuu-debianhvm-amd64-xsm                pass    
 test-amd64-i386-xl-qemuu-debianhvm-amd64-xsm                 pass    
 test-amd64-amd64-xl-qemut-stubdom-debianhvm-amd64-xsm        pass    
 test-amd64-i386-xl-qemut-stubdom-debianhvm-amd64-xsm         pass    
 test-amd64-amd64-libvirt-xsm                                 pass    
 test-armhf-armhf-libvirt-xsm                                 pass    
 test-amd64-i386-libvirt-xsm                                  pass    
 test-amd64-amd64-xl-xsm                                      pass    
 test-armhf-armhf-xl-xsm                                      pass    
 test-amd64-i386-xl-xsm                                       pass    
 test-amd64-amd64-qemuu-nested-amd                            fail    
 test-amd64-amd64-xl-pvhv2-amd                                fail    
 test-amd64-i386-qemut-rhel6hvm-amd                           pass    
 test-amd64-i386-qemuu-rhel6hvm-amd                           pass    
 test-amd64-amd64-xl-qemut-debianhvm-amd64                    pass    
 test-amd64-i386-xl-qemut-debianhvm-amd64                     pass    
 test-amd64-amd64-xl-qemuu-debianhvm-amd64                    pass    
 test-amd64-i386-xl-qemuu-debianhvm-amd64                     pass    
 test-amd64-i386-freebsd10-amd64                              pass    
 test-amd64-amd64-xl-qemuu-ovmf-amd64                         pass    
 test-amd64-i386-xl-qemuu-ovmf-amd64                          pass    
 test-amd64-amd64-rumprun-amd64                               pass    
 test-amd64-amd64-xl-qemut-win7-amd64                         fail    
 test-amd64-i386-xl-qemut-win7-amd64                          fail    
 test-amd64-amd64-xl-qemuu-win7-amd64                         fail    
 test-amd64-i386-xl-qemuu-win7-amd64                          fail    
 test-amd64-amd64-xl-qemut-ws16-amd64                         fail    
 test-amd64-i386-xl-qemut-ws16-amd64                          fail    
 test-amd64-amd64-xl-qemuu-ws16-amd64                         fail    
 test-amd64-i386-xl-qemuu-ws16-amd64                          fail    
 test-armhf-armhf-xl-arndale                                  pass    
 test-amd64-amd64-xl-credit2                                  pass    
 test-armhf-armhf-xl-credit2                                  pass    
 test-armhf-armhf-xl-cubietruck                               pass    
 test-amd64-amd64-examine                                     pass    
 test-armhf-armhf-examine                                     pass    
 test-amd64-i386-examine                                      pass    
 test-amd64-i386-freebsd10-i386                               pass    
 test-amd64-i386-rumprun-i386                                 pass    
 test-amd64-amd64-xl-qemut-win10-i386                         fail    
 test-amd64-i386-xl-qemut-win10-i386                          fail    
 test-amd64-amd64-xl-qemuu-win10-i386                         fail    
 test-amd64-i386-xl-qemuu-win10-i386                          fail    
 test-amd64-amd64-qemuu-nested-intel                          pass    
 test-amd64-amd64-xl-pvhv2-intel                              fail    
 test-amd64-i386-qemut-rhel6hvm-intel                         pass    
 test-amd64-i386-qemuu-rhel6hvm-intel                         pass    
 test-amd64-amd64-libvirt                                     pass    
 test-armhf-armhf-libvirt                                     pass    
 test-amd64-i386-libvirt                                      pass    
 test-amd64-amd64-xl-multivcpu                                pass    
 test-armhf-armhf-xl-multivcpu                                pass    
 test-amd64-amd64-pair                                        pass    
 test-amd64-i386-pair                                         pass    
 test-amd64-amd64-libvirt-pair                                pass    
 test-amd64-i386-libvirt-pair                                 pass    
 test-amd64-amd64-amd64-pvgrub                                pass    
 test-amd64-amd64-i386-pvgrub                                 pass    
 test-amd64-amd64-pygrub                                      pass    
 test-amd64-i386-libvirt-qcow2                                fail    
 test-amd64-amd64-xl-qcow2                                    pass    
 test-armhf-armhf-libvirt-raw                                 pass    
 test-amd64-i386-xl-raw                                       pass    
 test-amd64-amd64-xl-rtds                                     pass    
 test-armhf-armhf-xl-rtds                                     pass    
 test-amd64-amd64-libvirt-vhd                                 fail    
 test-armhf-armhf-xl-vhd                                      pass    


------------------------------------------------------------
sg-report-flight on osstest.test-lab.xenproject.org
logs: /home/logs/logs
images: /home/logs/images

Logs, config files, etc. are available at
    http://logs.test-lab.xenproject.org/osstest/logs

Explanation of these reports, and of osstest in general, is at
    http://xenbits.xen.org/gitweb/?p=osstest.git;a=blob;f=README.email;hb=master
    http://xenbits.xen.org/gitweb/?p=osstest.git;a=blob;f=README;hb=master

Test harness code can be found at
    http://xenbits.xen.org/gitweb?p=osstest.git;a=summary


Not pushing.

(No revision log; it would be 5567 lines long.)


[-- Attachment #2: Type: text/plain, Size: 127 bytes --]

_______________________________________________
Xen-devel mailing list
Xen-devel@lists.xen.org
https://lists.xen.org/xen-devel

^ permalink raw reply	[flat|nested] only message in thread

only message in thread, other threads:[~2017-11-09 20:04 UTC | newest]

Thread overview: (only message) (download: mbox.gz follow: Atom feed
-- links below jump to the message on this page --
2017-11-09 20:04 [linux-4.1 test] 115693: regressions - FAIL osstest service owner

This is a public inbox, see mirroring instructions
for how to clone and mirror all data and code used for this inbox;
as well as URLs for NNTP newsgroup(s).